{"id":1399,"date":"2018-05-24T15:49:42","date_gmt":"2018-05-24T18:49:42","guid":{"rendered":"http:\/\/www.ifbaiano.edu.br\/unidades\/alagoinhas\/?page_id=1399"},"modified":"2018-05-24T16:14:02","modified_gmt":"2018-05-24T19:14:02","slug":"mundo-do-trabalho","status":"publish","type":"page","link":"https:\/\/www.ifbaiano.edu.br\/unidades\/alagoinhas\/fic2018\/mundo-do-trabalho\/","title":{"rendered":"Mundo do Trabalho"},"content":{"rendered":"<p>O IF Baiano Campus Alagoinhas torna p\u00fablica a abertura de inscri\u00e7\u00f5es para o curso de Qualifica\u00e7\u00e3o Profissional, na modalidade de Forma\u00e7\u00e3o Continuada \u2013 FC <strong>\u00a0<\/strong>para o campus de Alagoinhas, no per\u00edodo de\u00a010 a 18 de mar\u00e7o de 2018, para provimento de vagas, via sorteio eletr\u00f4nico.<\/p>\n<p><strong>CURSO<\/strong>:\u00a0Desenvolvimento Pessoal para o Mundo do Trabalho &#8211; 80h<br \/>\n<strong>VAGAS<\/strong>: 40 | <strong>PER\u00cdODO DO CURSO<\/strong>: 11\/04 a 15\/08\/2018 &#8211; Quartas e sextas-feiras (13:00 \u00e0s 17:00)<br \/>\n<strong>PR\u00c9 REQUISITOS<\/strong>:\u00a0Ensino Fundamental completo; Idade m\u00ednima 15 anos;<br \/>\n* Per\u00edodo e hor\u00e1rio de realiza\u00e7\u00e3o pass\u00edveis de altera\u00e7\u00e3o e cancelamento.<\/p>\n<p><strong>PUBLICA\u00c7\u00d5ES<\/strong>:<\/p>\n<ul>\n<li><a href=\"http:\/\/www.ifbaiano.edu.br\/unidades\/alagoinhas\/files\/2018\/03\/Edital-FIC-extens\u00e3o-mundo-trab-2018-final.pdf\">Edital 12 &#8211; FIC &#8211; Extens\u00e3o Mundo Trabalho 2018<\/a><\/li>\n<li><a href=\"#\">Inscri\u00e7\u00e3o<\/a>\u00a0<a href=\"#\">(encerrada)<\/a><\/li>\n<li><a href=\"http:\/\/www.ifbaiano.edu.br\/unidades\/alagoinhas\/files\/2018\/03\/INSCRI\u00c7\u00d5ES-HOMOLOGADAS-FIC.pdf\">Inscri\u00e7\u00f5es Homologadas<\/a><\/li>\n<li><a href=\"http:\/\/www.ifbaiano.edu.br\/unidades\/alagoinhas\/files\/2018\/03\/INSCRI\u00c7\u00d5ES-HOMOLOGADAS-FIC-P\u00f3s-Recursos.pdf\">Inscri\u00e7\u00f5es Homologadas P\u00f3s Recursos<\/a><\/li>\n<li><a href=\"http:\/\/www.ifbaiano.edu.br\/unidades\/alagoinhas\/files\/2018\/03\/RESULTADO-FINAL-SORTEIO-FIC-2.pdf\">Resultado do Sorteio &#8211; Lista Classificat\u00f3ria<\/a><\/li>\n<li><a href=\"http:\/\/www.ifbaiano.edu.br\/unidades\/alagoinhas\/files\/2018\/03\/RETIFICA\u00c7\u00c3O-EDITAL.pdf\">Retifica\u00e7\u00e3o &#8211; Edital 12<\/a><\/li>\n<li><a href=\"http:\/\/www.ifbaiano.edu.br\/unidades\/alagoinhas\/files\/2018\/03\/2-Chamada-de-Matricula-Fc.pdf\">2\u00ba Chamada de Matr\u00edcula<\/a><\/li>\n<li><a href=\"http:\/\/www.ifbaiano.edu.br\/unidades\/alagoinhas\/files\/2018\/04\/3-Chamada-de-Matricula-Fc.pdf\">3\u00ba Chamada de Matr\u00edcula<\/a><\/li>\n<li><a href=\"http:\/\/www.ifbaiano.edu.br\/unidades\/alagoinhas\/files\/2018\/02\/4-Chamada-de-Matricula-Fc.pdf\">4\u00ba Chamada de Matricula Fc<\/a><\/li>\n<li><a href=\"http:\/\/www.ifbaiano.edu.br\/unidades\/alagoinhas\/files\/2018\/02\/5-Chamada-de-Matricula-Fc.pdf\">5 Chamada de Matricula Fc<\/a><\/li>\n<li><a href=\"http:\/\/www.ifbaiano.edu.br\/unidades\/alagoinhas\/files\/2018\/02\/6-Chamada-de-Matricula-Fc.pdf\">6 Chamada de Matricula Fc<\/a><\/li>\n<\/ul>\n","protected":false},"excerpt":{"rendered":"<p>O IF Baiano Campus Alagoinhas torna p\u00fablica a abertura de inscri\u00e7\u00f5es para o curso de Qualifica\u00e7\u00e3o Profissional, na modalidade de Forma\u00e7\u00e3o Continuada \u2013 FC \u00a0para o campus de Alagoinhas, no per\u00edodo de\u00a010 a 18 de mar\u00e7o de 2018, para provimento de vagas, via sorteio eletr\u00f4nico. CURSO:\u00a0Desenvolvimento Pessoal para o Mundo do Trabalho &#8211; 80h VAGAS: [&hellip;]<\/p>\n","protected":false},"author":76,"featured_media":0,"parent":1182,"menu_order":69,"comment_status":"closed","ping_status":"closed","template":"","meta":[],"_links":{"self":[{"href":"https:\/\/www.ifbaiano.edu.br\/unidades\/alagoinhas\/wp-json\/wp\/v2\/pages\/1399"}],"collection":[{"href":"https:\/\/www.ifbaiano.edu.br\/unidades\/alagoinhas\/wp-json\/wp\/v2\/pages"}],"about":[{"href":"https:\/\/www.ifbaiano.edu.br\/unidades\/alagoinhas\/wp-json\/wp\/v2\/types\/page"}],"author":[{"embeddable":true,"href":"https:\/\/www.ifbaiano.edu.br\/unidades\/alagoinhas\/wp-json\/wp\/v2\/users\/76"}],"replies":[{"embeddable":true,"href":"https:\/\/www.ifbaiano.edu.br\/unidades\/alagoinhas\/wp-json\/wp\/v2\/comments?post=1399"}],"version-history":[{"count":1,"href":"https:\/\/www.ifbaiano.edu.br\/unidades\/alagoinhas\/wp-json\/wp\/v2\/pages\/1399\/revisions"}],"predecessor-version":[{"id":1400,"href":"https:\/\/www.ifbaiano.edu.br\/unidades\/alagoinhas\/wp-json\/wp\/v2\/pages\/1399\/revisions\/1400"}],"up":[{"embeddable":true,"href":"https:\/\/www.ifbaiano.edu.br\/unidades\/alagoinhas\/wp-json\/wp\/v2\/pages\/1182"}],"wp:attachment":[{"href":"https:\/\/www.ifbaiano.edu.br\/unidades\/alagoinhas\/wp-json\/wp\/v2\/media?parent=1399"}],"curies":[{"name":"wp","href":"https:\/\/api.w.org\/{rel}","templated":true}]}}