{"id":2004,"date":"2019-04-12T18:22:53","date_gmt":"2019-04-12T21:22:53","guid":{"rendered":"http:\/\/www.ifbaiano.edu.br\/unidades\/alagoinhas\/?page_id=2004"},"modified":"2025-03-27T11:48:09","modified_gmt":"2025-03-27T14:48:09","slug":"historico","status":"publish","type":"page","link":"https:\/\/www.ifbaiano.edu.br\/unidades\/alagoinhas\/historico\/","title":{"rendered":"Quem Somos"},"content":{"rendered":"\n<p><strong><em>Nesta se\u00e7\u00e3o s\u00e3o divulgadas informa\u00e7\u00f5es institucionais e organizacionais do Campus Alagoinhas do Instituto Federal Baiano, compreendendo suas fun\u00e7\u00f5es, compet\u00eancias, estrutura organizacional, rela\u00e7\u00e3o de autoridades (quem \u00e9 quem), agenda de autoridades, hor\u00e1rios de atendimento e legisla\u00e7\u00e3o do \u00f3rg\u00e3o\/entidade.<\/em><\/strong><\/p>\n\n\n\n<p><strong>HIST\u00d3RICO<\/strong><br>O Instituto Federal Baiano foi criado pela <a rel=\"noreferrer noopener\" aria-label=\"Lei 11.892\/2008 (abre numa nova aba)\" href=\"http:\/\/www.planalto.gov.br\/ccivil_03\/_Ato2007-2010\/2008\/Lei\/L11892.htm\" target=\"_blank\">Lei 11.892\/2008<\/a>. Atualmente, o IF Baiano consolida-se como institui\u00e7\u00e3o multicampi no estado e garante a interioriza\u00e7\u00e3o da educa\u00e7\u00e3o profissional, sobretudo pela sua inser\u00e7\u00e3o em diversos territ\u00f3rios de identidade. O IF Baiano \u00e9 formado por 01 (uma) Reitoria, sediada em Salvador e 14 (quatorze) <em>Campi<\/em> em funcionamento.<\/p>\n\n\n\n<p>Autorizado a iniciar suas atividades na cidade de Alagoinhas pela <a rel=\"noreferrer noopener\" aria-label=\"Portaria n\u00ba 378 (abre numa nova aba)\" href=\"https:\/\/mail.ifbaiano.edu.br\/service\/home\/~\/?auth=co&amp;loc=pt_BR&amp;id=24016&amp;part=5\" target=\"_blank\">Portaria n\u00ba 378<\/a>, de 09 de Maio de 2016. O <em>Campus<\/em> fica localizado no territ\u00f3rio do Litoral Norte\/Agreste Baiano, e iniciou suas atividades com o curso de Forma\u00e7\u00e3o Inicial e Continuada \u2013 FIC, em Doces e Conservas. Posterior a isso, ap\u00f3s audi\u00eancia p\u00fablica, foram aprovados os cursos t\u00e9cnico subsequente em agroind\u00fastria para 2017\/1, e para 2018 os seguintes cursos: Licenciatura em F\u00edsica, Agroecologia \u2013 integrado, Pedagogia \u2013 especializa\u00e7\u00e3o. <\/p>\n\n\n\n<p>O IF Baiano atua na oferta de cursos profissionalizantes de n\u00edvel fundamental (qualifica\u00e7\u00e3o profissional), de n\u00edvel m\u00e9dio (integrado e subsequente, alguns na modalidade EJA \u2013 Educa\u00e7\u00e3o de Jovens e Adultos) e de n\u00edvel superior (gradua\u00e7\u00e3o e p\u00f3s-gradua\u00e7\u00e3o) em hor\u00e1rios diurnos e noturnos, alguns com metodologia presencial e outros, \u00e0 dist\u00e2ncia. Bem como, realiza estudos de demanda junto \u00e0 sociedade para cria\u00e7\u00e3o de novos cursos, al\u00e9m daqueles que j\u00e1 oferece. Aqui no <em>Campus<\/em>&nbsp;Alagoinhas, os cursos est\u00e3o sendo implantados em todas os n\u00edveis e modalidades. Consulte nossos cursos e suas formas de participa\u00e7\u00e3o!<\/p>\n\n\n\n<p>O IF Baiano \u2013 atua de forma adequada no ensino profissionalizante de n\u00edvel m\u00e9dio, t\u00e9cnico e superior, buscando ofertar uma educa\u00e7\u00e3o profissional e tecnol\u00f3gica dentro de uma vis\u00e3o hol\u00edstica e sist\u00eamica com vistas \u00e0 forma\u00e7\u00e3o de cidad\u00e3os preparados para o trabalho e para a vida. Com uma pol\u00edtica de expans\u00e3o cont\u00ednua, contempla o aprimoramento da qualifica\u00e7\u00e3o do seu quadro docente e t\u00e9cnico administrativo e a amplia\u00e7\u00e3o da infraestrutura f\u00edsica, de equipamentos, m\u00e1quinas e de acervo bibliogr\u00e1fico.<\/p>\n\n\n\n<p>Est\u00e1 sediados no Bairro de Alagoinhas Velha, pr\u00f3ximo \u00e0 Rodovi\u00e1ria, e conta com uma estrutura f\u00edsica, provida de pr\u00e9dio administrativo composto por 38 salas e um audit\u00f3rio com capacidade para 220 pessoas, pr\u00e9dio pedag\u00f3gico composto por 14 salas de aula e 14 laborat\u00f3rios, refeit\u00f3rio com capacidade para 1.200 estudantes e guarita.<\/p>\n\n\n\n<p><strong>Localiza\u00e7\u00e3o<\/strong>:\u00a0Rua Manoel Rom\u00e3o, 150, Alagoinhas Velha \u2013 Alagoinhas\/BA. CEP: 48030-530<br><strong>Hor\u00e1rio de Funcionamento<\/strong>: 7:30 &#8211; 11:40 e 13:00 &#8211; 17:10<br><strong>Contato<\/strong>: gabinete@alagoinhas.ifbaiano.edu.br<\/p>\n\n\n\n<p>Somente <strong>WhatsApp<\/strong>:<br>Coordena\u00e7\u00e3o de Assuntos Estudantis  &#8211; CAE:    (75) 98120 5776<br>Secretaria de Registros Acad\u00eamicos     &#8211; SRA:    (75) 998275721<br>Processo Seletivo dos cursos T\u00e9cnicos &#8211; ProSel: (75) 991010632<\/p>\n\n\n\n<p><\/p>\n","protected":false},"excerpt":{"rendered":"<p>Nesta se\u00e7\u00e3o s\u00e3o divulgadas informa\u00e7\u00f5es institucionais e organizacionais do Campus Alagoinhas do Instituto Federal Baiano, compreendendo suas fun\u00e7\u00f5es, compet\u00eancias, estrutura organizacional, rela\u00e7\u00e3o de autoridades (quem \u00e9 quem), agenda de autoridades, hor\u00e1rios de atendimento e legisla\u00e7\u00e3o do \u00f3rg\u00e3o\/entidade. HIST\u00d3RICOO Instituto Federal Baiano foi criado pela Lei 11.892\/2008. Atualmente, o IF Baiano consolida-se como institui\u00e7\u00e3o multicampi no [&hellip;]<\/p>\n","protected":false},"author":117,"featured_media":0,"parent":0,"menu_order":99,"comment_status":"closed","ping_status":"closed","template":"","meta":[],"_links":{"self":[{"href":"https:\/\/www.ifbaiano.edu.br\/unidades\/alagoinhas\/wp-json\/wp\/v2\/pages\/2004"}],"collection":[{"href":"https:\/\/www.ifbaiano.edu.br\/unidades\/alagoinhas\/wp-json\/wp\/v2\/pages"}],"about":[{"href":"https:\/\/www.ifbaiano.edu.br\/unidades\/alagoinhas\/wp-json\/wp\/v2\/types\/page"}],"author":[{"embeddable":true,"href":"https:\/\/www.ifbaiano.edu.br\/unidades\/alagoinhas\/wp-json\/wp\/v2\/users\/117"}],"replies":[{"embeddable":true,"href":"https:\/\/www.ifbaiano.edu.br\/unidades\/alagoinhas\/wp-json\/wp\/v2\/comments?post=2004"}],"version-history":[{"count":10,"href":"https:\/\/www.ifbaiano.edu.br\/unidades\/alagoinhas\/wp-json\/wp\/v2\/pages\/2004\/revisions"}],"predecessor-version":[{"id":6429,"href":"https:\/\/www.ifbaiano.edu.br\/unidades\/alagoinhas\/wp-json\/wp\/v2\/pages\/2004\/revisions\/6429"}],"wp:attachment":[{"href":"https:\/\/www.ifbaiano.edu.br\/unidades\/alagoinhas\/wp-json\/wp\/v2\/media?parent=2004"}],"curies":[{"name":"wp","href":"https:\/\/api.w.org\/{rel}","templated":true}]}}

<p><strong><em>Nesta seção são divulgadas informações institucionais e organizacionais do Campus Alagoinhas do Instituto Federal Baiano, compreendendo suas funções, competências, estrutura organizacional, relação de autoridades (quem é quem), agenda de autoridades, horários de atendimento e legislação do órgão/entidade.</em></strong></p>



<p><strong>HISTÓRICO</strong><br>O Instituto Federal Baiano foi criado pela <a rel="noreferrer noopener" aria-label="Lei 11.892/2008 (abre numa nova aba)" href="http://www.planalto.gov.br/ccivil_03/_Ato2007-2010/2008/Lei/L11892.htm" target="_blank">Lei 11.892/2008</a>. Atualmente, o IF Baiano consolida-se como instituição multicampi no estado e garante a interiorização da educação profissional, sobretudo pela sua inserção em diversos territórios de identidade. O IF Baiano é formado por 01 (uma) Reitoria, sediada em Salvador e 14 (quatorze) <em>Campi</em> em funcionamento.</p>



<p>Autorizado a iniciar suas atividades na cidade de Alagoinhas pela <a rel="noreferrer noopener" aria-label="Portaria nº 378 (abre numa nova aba)" href="https://mail.ifbaiano.edu.br/service/home/~/?auth=co&amp;loc=pt_BR&amp;id=24016&amp;part=5" target="_blank">Portaria nº 378</a>, de 09 de Maio de 2016. O <em>Campus</em> fica localizado no território do Litoral Norte/Agreste Baiano, e iniciou suas atividades com o curso de Formação Inicial e Continuada – FIC, em Doces e Conservas. Posterior a isso, após audiência pública, foram aprovados os cursos técnico subsequente em agroindústria para 2017/1, e para 2018 os seguintes cursos: Licenciatura em Física, Agroecologia – integrado, Pedagogia – especialização. </p>



<p>O IF Baiano atua na oferta de cursos profissionalizantes de nível fundamental (qualificação profissional), de nível médio (integrado e subsequente, alguns na modalidade EJA – Educação de Jovens e Adultos) e de nível superior (graduação e pós-graduação) em horários diurnos e noturnos, alguns com metodologia presencial e outros, à distância. Bem como, realiza estudos de demanda junto à sociedade para criação de novos cursos, além daqueles que já oferece. Aqui no <em>Campus</em>&nbsp;Alagoinhas, os cursos estão sendo implantados em todas os níveis e modalidades. Consulte nossos cursos e suas formas de participação!</p>



<p>O IF Baiano – atua de forma adequada no ensino profissionalizante de nível médio, técnico e superior, buscando ofertar uma educação profissional e tecnológica dentro de uma visão holística e sistêmica com vistas à formação de cidadãos preparados para o trabalho e para a vida. Com uma política de expansão contínua, contempla o aprimoramento da qualificação do seu quadro docente e técnico administrativo e a ampliação da infraestrutura física, de equipamentos, máquinas e de acervo bibliográfico.</p>



<p>Está sediados no Bairro de Alagoinhas Velha, próximo à Rodoviária, e conta com uma estrutura física, provida de prédio administrativo composto por 38 salas e um auditório com capacidade para 220 pessoas, prédio pedagógico composto por 14 salas de aula e 14 laboratórios, refeitório com capacidade para 1.200 estudantes e guarita.</p>



<p><strong>Localização</strong>: Rua Manoel Romão, 150, Alagoinhas Velha – Alagoinhas/BA. CEP: 48030-530<br><strong>Horário de Funcionamento</strong>: 7:30 &#8211; 11:40 e 13:00 &#8211; 17:10<br><strong>Contato</strong>: gabinete@alagoinhas.ifbaiano.edu.br</p>



<p>Somente <strong>WhatsApp</strong>:<br>Coordenação de Assuntos Estudantis  &#8211; CAE:    (75) 98120 5776<br>Secretaria de Registros Acadêmicos     &#8211; SRA:    (75) 998275721<br>Processo Seletivo dos cursos Técnicos &#8211; ProSel: (75) 991010632</p>



<p></p>

<p>Nesta seção são divulgadas informações institucionais e organizacionais do Campus Alagoinhas do Instituto Federal Baiano, compreendendo suas funções, competências, estrutura organizacional, relação de autoridades (quem é quem), agenda de autoridades, horários de atendimento e legislação do órgão/entidade. HISTÓRICOO Instituto Federal Baiano foi criado pela Lei 11.892/2008. Atualmente, o IF Baiano consolida-se como instituição multicampi no [&hellip;]</p>
