{"id":2099,"date":"2019-04-22T16:54:33","date_gmt":"2019-04-22T19:54:33","guid":{"rendered":"http:\/\/www.ifbaiano.edu.br\/unidades\/alagoinhas\/?page_id=2099"},"modified":"2025-06-30T11:53:13","modified_gmt":"2025-06-30T14:53:13","slug":"coordenacoes-nucleos-e-setores-administrativos","status":"publish","type":"page","link":"https:\/\/www.ifbaiano.edu.br\/unidades\/alagoinhas\/coordenacoes-nucleos-e-setores-administrativos\/","title":{"rendered":"Equipe Administrativa"},"content":{"rendered":"\n<p><em><strong>Nesta se\u00e7\u00e3o \u00e9 divulgada a rela\u00e7\u00e3o dos N\u00facleos e Setores que assessoram a Diretoria Administrativa e os(as) respectivos(as) servidores(as) p\u00fablicos(as) lotados(as) ou em exerc\u00edcio no referido \u00f3rg\u00e3o.<\/strong><\/em><\/p>\n\n\n\n<p class=\"has-text-align-center\"><b>DIRETORIA ADMINISTRATIVA &#8211; DADM<\/b><br><strong>Adilton Rubem Santos Gon\u00e7alves<br><\/strong><em>Assistente em Administra\u00e7\u00e3o<\/em><br>E-mail: dadm@alagoinhas.ifbaiano.edu.br <br><\/p>\n\n\n\n<p><strong>COORDENA\u00c7\u00c3O FINANCEIRA E CONT\u00c1BIL &#8211; CFC<br>Elidiane Santos Andrade<\/strong><br><em>T\u00e9cnica em Contabilidade<\/em><br>E-mail: cfc@alagoinhas.ifbaiano.edu.br <\/p>\n\n\n\n<p>Tel: (75) 99987-3190<br><\/p>\n\n\n\n<p><strong>N\u00facleo de Execu\u00e7\u00e3o Or\u00e7ament\u00e1ria e Financeira &#8211; NEOF<\/strong><br><strong>Emanoel Bitencourt Ara\u00fajo<\/strong>&nbsp;<br><em>Contador<\/em><br>E-mail: emanoel.araujo@ifbaiano.edu.br<br><\/p>\n\n\n\n<p><strong>N\u00facleo de Contratos<\/strong><br><strong>Scheila Concei\u00e7\u00e3o Sacramento Saldanha<\/strong><br><em>Assistente em Administra\u00e7\u00e3o<\/em><br>E-mail: contratos@alagoinhas.ifbaiano.edu.br <br><\/p>\n\n\n\n<p>Tel: (75) 99703-2962<br><\/p>\n\n\n\n<p><strong>N\u00facleo de <strong>Compras<\/strong> <\/strong><br><strong>Robson de Souza Santos<\/strong><br><em>Assistente em Administra\u00e7\u00e3o<\/em><br>E-mail: robson.santos@ifbaiano.edu.br<br><strong>N\u00facleo de Licita\u00e7\u00f5es<\/strong><br>&#8230;..<br><em>Assistente em Administra\u00e7\u00e3o<\/em> <br>E-mail: licitacoes@alagoinhas.ifbaiano.edu.br<\/p>\n\n\n\n<p>Tel: (75) 99703-2962<br><\/p>\n\n\n\n<hr class=\"wp-block-separator has-css-opacity is-style-wide\" \/>\n\n\n\n<p><strong>COORDENA\u00c7\u00c3O DE SUPRIMENTOS E LOG\u00cdSTICA &#8211; CSL<\/strong><br><strong>Natal\u00edcio Ramos da Silva Junior<\/strong> <br><em>Assistente em Administra\u00e7\u00e3o<\/em> <br>E-mail: csl@alagoinhas.ifbaiano.edu.br<br><strong>Juliana Roberto Cerqueira<\/strong> (substituta)<br><em>T\u00e9cnica em Seguran\u00e7a do Trabalho<\/em><br>E-mail: juliana.cerqueira@ifbaiano.edu.br<\/p>\n\n\n\n<p>Tel: (75) 99703-2962<br><\/p>\n\n\n\n<p><strong>Setor de Transporte &#8211; STT<\/strong><br><strong>Jorge Ten\u00f3rio<\/strong> <strong>Barreto Campos<\/strong><br><em>Assistente em Administra\u00e7\u00e3o<\/em> <br>E-mail: jorge.campos@ifbaiano.edu.br<\/p>\n\n\n\n<p><strong>Setor de Almoxarifado &#8211; STA<\/strong><br><strong><strong>Natal\u00edcio Ramos da Silva Junior<\/strong><\/strong><br>E-mail: natalicio.junior@ifbaiano.edu.br<strong> <\/strong><br><strong>Juliana Roberto Cerqueira<\/strong> <strong>(substituta)<\/strong><br><em>T\u00e9cnica em Seguran\u00e7a do Trabalho<\/em> <\/p>\n\n\n\n<p><strong>Setor de Patrim\u00f4nio &#8211; STP<\/strong><br><strong>Natal\u00edcio Ramos da Silva Junior<\/strong><br><em>Assistente em Administra\u00e7\u00e3o<strong><br><\/strong><\/em>E-mail: patrimonio@alagoinhas.ifbaiano.edu.br<br><strong>Juliana Roberto Cerqueira<\/strong> <strong>(substituta)<\/strong><br><em>T\u00e9cnica em Seguran\u00e7a do Trabalho<\/em>  <\/p>\n\n\n\n<p>Os setores que ainda n\u00e3o disp\u00f5em de servidores em suas respectivas coordena\u00e7\u00e3o e chefias est\u00e3o submetidos a seus superiores na hierarquia institucional. Consulte o <a href=\"http:\/\/www.ifbaiano.edu.br\/unidades\/alagoinhas\/organograma\/\" target=\"_blank\" rel=\"noreferrer noopener\" aria-label=\"Organograma Institucional (abre numa nova aba)\">Organograma Institucional<\/a>.<\/p>\n","protected":false},"excerpt":{"rendered":"<p>Nesta se\u00e7\u00e3o \u00e9 divulgada a rela\u00e7\u00e3o dos N\u00facleos e Setores que assessoram a Diretoria Administrativa e os(as) respectivos(as) servidores(as) p\u00fablicos(as) lotados(as) ou em exerc\u00edcio no referido \u00f3rg\u00e3o. DIRETORIA ADMINISTRATIVA &#8211; DADMAdilton Rubem Santos Gon\u00e7alvesAssistente em Administra\u00e7\u00e3oE-mail: dadm@alagoinhas.ifbaiano.edu.br COORDENA\u00c7\u00c3O FINANCEIRA E CONT\u00c1BIL &#8211; CFCElidiane Santos AndradeT\u00e9cnica em ContabilidadeE-mail: cfc@alagoinhas.ifbaiano.edu.br Tel: (75) 99987-3190 N\u00facleo de Execu\u00e7\u00e3o Or\u00e7ament\u00e1ria [&hellip;]<\/p>\n","protected":false},"author":117,"featured_media":0,"parent":0,"menu_order":51,"comment_status":"closed","ping_status":"closed","template":"","meta":[],"_links":{"self":[{"href":"https:\/\/www.ifbaiano.edu.br\/unidades\/alagoinhas\/wp-json\/wp\/v2\/pages\/2099"}],"collection":[{"href":"https:\/\/www.ifbaiano.edu.br\/unidades\/alagoinhas\/wp-json\/wp\/v2\/pages"}],"about":[{"href":"https:\/\/www.ifbaiano.edu.br\/unidades\/alagoinhas\/wp-json\/wp\/v2\/types\/page"}],"author":[{"embeddable":true,"href":"https:\/\/www.ifbaiano.edu.br\/unidades\/alagoinhas\/wp-json\/wp\/v2\/users\/117"}],"replies":[{"embeddable":true,"href":"https:\/\/www.ifbaiano.edu.br\/unidades\/alagoinhas\/wp-json\/wp\/v2\/comments?post=2099"}],"version-history":[{"count":16,"href":"https:\/\/www.ifbaiano.edu.br\/unidades\/alagoinhas\/wp-json\/wp\/v2\/pages\/2099\/revisions"}],"predecessor-version":[{"id":6711,"href":"https:\/\/www.ifbaiano.edu.br\/unidades\/alagoinhas\/wp-json\/wp\/v2\/pages\/2099\/revisions\/6711"}],"wp:attachment":[{"href":"https:\/\/www.ifbaiano.edu.br\/unidades\/alagoinhas\/wp-json\/wp\/v2\/media?parent=2099"}],"curies":[{"name":"wp","href":"https:\/\/api.w.org\/{rel}","templated":true}]}}

<p><em><strong>Nesta seção é divulgada a relação dos Núcleos e Setores que assessoram a Diretoria Administrativa e os(as) respectivos(as) servidores(as) públicos(as) lotados(as) ou em exercício no referido órgão.</strong></em></p>



<p class="has-text-align-center"><b>DIRETORIA ADMINISTRATIVA &#8211; DADM</b><br><strong>Adilton Rubem Santos Gonçalves<br></strong><em>Assistente em Administração</em><br>E-mail: dadm@alagoinhas.ifbaiano.edu.br <br></p>



<p><strong>COORDENAÇÃO FINANCEIRA E CONTÁBIL &#8211; CFC<br>Elidiane Santos Andrade</strong><br><em>Técnica em Contabilidade</em><br>E-mail: cfc@alagoinhas.ifbaiano.edu.br </p>



<p>Tel: (75) 99987-3190<br></p>



<p><strong>Núcleo de Execução Orçamentária e Financeira &#8211; NEOF</strong><br><strong>Emanoel Bitencourt Araújo</strong>&nbsp;<br><em>Contador</em><br>E-mail: emanoel.araujo@ifbaiano.edu.br<br></p>



<p><strong>Núcleo de Contratos</strong><br><strong>Scheila Conceição Sacramento Saldanha</strong><br><em>Assistente em Administração</em><br>E-mail: contratos@alagoinhas.ifbaiano.edu.br <br></p>



<p>Tel: (75) 99703-2962<br></p>



<p><strong>Núcleo de <strong>Compras</strong> </strong><br><strong>Robson de Souza Santos</strong><br><em>Assistente em Administração</em><br>E-mail: robson.santos@ifbaiano.edu.br<br><strong>Núcleo de Licitações</strong><br>&#8230;..<br><em>Assistente em Administração</em> <br>E-mail: licitacoes@alagoinhas.ifbaiano.edu.br</p>



<p>Tel: (75) 99703-2962<br></p>



<hr class="wp-block-separator has-css-opacity is-style-wide" />



<p><strong>COORDENAÇÃO DE SUPRIMENTOS E LOGÍSTICA &#8211; CSL</strong><br><strong>Natalício Ramos da Silva Junior</strong> <br><em>Assistente em Administração</em> <br>E-mail: csl@alagoinhas.ifbaiano.edu.br<br><strong>Juliana Roberto Cerqueira</strong> (substituta)<br><em>Técnica em Segurança do Trabalho</em><br>E-mail: juliana.cerqueira@ifbaiano.edu.br</p>



<p>Tel: (75) 99703-2962<br></p>



<p><strong>Setor de Transporte &#8211; STT</strong><br><strong>Jorge Tenório</strong> <strong>Barreto Campos</strong><br><em>Assistente em Administração</em> <br>E-mail: jorge.campos@ifbaiano.edu.br</p>



<p><strong>Setor de Almoxarifado &#8211; STA</strong><br><strong><strong>Natalício Ramos da Silva Junior</strong></strong><br>E-mail: natalicio.junior@ifbaiano.edu.br<strong> </strong><br><strong>Juliana Roberto Cerqueira</strong> <strong>(substituta)</strong><br><em>Técnica em Segurança do Trabalho</em> </p>



<p><strong>Setor de Patrimônio &#8211; STP</strong><br><strong>Natalício Ramos da Silva Junior</strong><br><em>Assistente em Administração<strong><br></strong></em>E-mail: patrimonio@alagoinhas.ifbaiano.edu.br<br><strong>Juliana Roberto Cerqueira</strong> <strong>(substituta)</strong><br><em>Técnica em Segurança do Trabalho</em>  </p>



<p>Os setores que ainda não dispõem de servidores em suas respectivas coordenação e chefias estão submetidos a seus superiores na hierarquia institucional. Consulte o <a href="http://www.ifbaiano.edu.br/unidades/alagoinhas/organograma/" target="_blank" rel="noreferrer noopener" aria-label="Organograma Institucional (abre numa nova aba)">Organograma Institucional</a>.</p>

<p>Nesta seção é divulgada a relação dos Núcleos e Setores que assessoram a Diretoria Administrativa e os(as) respectivos(as) servidores(as) públicos(as) lotados(as) ou em exercício no referido órgão. DIRETORIA ADMINISTRATIVA &#8211; DADMAdilton Rubem Santos GonçalvesAssistente em AdministraçãoE-mail: dadm@alagoinhas.ifbaiano.edu.br COORDENAÇÃO FINANCEIRA E CONTÁBIL &#8211; CFCElidiane Santos AndradeTécnica em ContabilidadeE-mail: cfc@alagoinhas.ifbaiano.edu.br Tel: (75) 99987-3190 Núcleo de Execução Orçamentária [&hellip;]</p>
