{"id":2109,"date":"2019-04-22T18:06:17","date_gmt":"2019-04-22T21:06:17","guid":{"rendered":"http:\/\/www.ifbaiano.edu.br\/unidades\/alagoinhas\/?page_id=2109"},"modified":"2025-06-30T11:16:46","modified_gmt":"2025-06-30T14:16:46","slug":"coordenacoes-nucleos-e-setores-academicos","status":"publish","type":"page","link":"https:\/\/www.ifbaiano.edu.br\/unidades\/alagoinhas\/coordenacoes-nucleos-e-setores-academicos\/","title":{"rendered":"Equipe Acad\u00eamica"},"content":{"rendered":"\n<p class=\"has-text-align-left\"><em><strong>Nesta se\u00e7\u00e3o \u00e9 divulgada a rela\u00e7\u00e3o dos N\u00facleos e Setores que assessoram a Diretoria Acad\u00eamica e os(as) respectivos(as) servidores(as) p\u00fablicos(as) lotados(as) ou em exerc\u00edcio no referido \u00f3rg\u00e3o.<\/strong><\/em><\/p>\n\n\n\n<p class=\"has-text-align-center\"><strong>DIRETORIA ACAD\u00caMICA &#8211; DA<\/strong><br><strong>Ingrid Silva Barberino do Nascimento<\/strong> <br><em>Docente<\/em><br>E-mail: da@alagoinhas.ifbaiano.edu.br<\/p>\n\n\n\n<p>COORDENA\u00c7\u00c3O DE ENSINO &#8211; CE<br><strong>Maria Arlinda de Assis Menezes<\/strong><br><em>Docente <\/em><br>E-mail: ce@alagoinhas.ifbaiano.edu.br<\/p>\n\n\n\n<p>Tel: (75) 99801-0993 <\/p>\n\n\n\n<p><strong>Coordena\u00e7\u00e3o de Curso Subsequente em Agroind\u00fastria<\/strong><br><strong>Mario Marcos de Santana Faria<\/strong><br><em>Docente<\/em><br>E-mail: agroindustria@alagoinhas.ifbaiano.edu.br<\/p>\n\n\n\n<p>Tel: (75) 99862-7668<\/p>\n\n\n\n<p><strong>Coordena\u00e7\u00e3o de Curso Integrado em Agroecologia<\/strong><br><strong>Carla da Silva Souza<br><\/strong><em>Docente<\/em><br>E-mail: agroecologia@alagoinhas.ifbaiano.edu.br <\/p>\n\n\n\n<p>Tel: (75) 99862-7668<\/p>\n\n\n\n<p><strong>Coordena\u00e7\u00e3o de Curso Integrado em Agroind\u00fastria<\/strong><br><strong><strong>Henrique Reis Sereno<\/strong><br><\/strong><em>Docente<\/em><br>E-mail: integrado.agroindustria@alagoinhas.ifbaiano.edu.br <\/p>\n\n\n\n<p>Tel: (75) 99862-7668<\/p>\n\n\n\n<p><strong>Coordena\u00e7\u00e3o de Curso Integrado em Inform\u00e1tica<\/strong><br><strong><strong><strong>Fabricio Santos de Faro<\/strong><\/strong><br><\/strong><em>Docente<\/em><br>E-mail: integrado.informatica@alagoinhas.ifbaiano.edu.br <\/p>\n\n\n\n<p>Tel: (75) 99862-7668<\/p>\n\n\n\n<p><strong>Secretaria de Registros Acad\u00eamicos SRA<\/strong><br>Juliana Schimidt<br>T\u00e9cnica em Educa\u00e7\u00e3o <br>E-mail: sra@alagoinhas.ifbaiano.edu.br <\/p>\n\n\n\n<p>Tel: (75) 99897-0469<\/p>\n\n\n\n<p><\/p>\n\n\n\n<p><strong>Setor de Biblioteca &#8211; STB<\/strong><br><strong>Marcos Santana de Araujo<\/strong><br><em>Auxiliar de Biblioteca<\/em> <br>E-mail: biblioteca@alagoinhas.ifbaiano.edu.br  <\/p>\n\n\n\n<p><br><\/p>\n\n\n\n<p><strong>N\u00facleo de Est\u00e1gio e Egressos- NEE<\/strong><br><strong><strong>Lerise dos Santos Z\u00f3ffoli <\/strong><\/strong><br>T\u00e9cnica em Educa\u00e7\u00e3o<br>E-mail: estagio@alagoinhas.ifbaiano.edu.br <\/p>\n\n\n\n<p>Tel: (75) 99891-8059<\/p>\n\n\n\n<p><strong>N\u00facleo de Apoio ao Ensino-Aprendizagem, Perman\u00eancia e \u00caxito do Educando &#8211; NUAPE<\/strong><br>&#8230;..<br><em>Pedagogas<\/em><br><strong>Jordana da Silva Costa<\/strong>\u00a0<br><em>T\u00e9cnica em Assuntos Educacionais<\/em> <br>E-mail: nuape@alagoinhas.ifbaiano.edu.br <\/p>\n\n\n\n<p>Tel: (75) 99891-5903<br><\/p>\n\n\n\n<p><strong>COORDENA\u00c7\u00c3O DE PESQUISA<br>Graziele Quintela de Carvalho<\/strong><br><em>Docente<\/em><br>E-mail: pesquisa@alagoinhas.ifbaiano.edu.br  <\/p>\n\n\n\n<p><strong>Coordena\u00e7\u00e3o do Curso de Especializa\u00e7\u00e3o em Ensino de Ci\u00eancias Naturais e Matem\u00e1tica<\/strong><br><strong>Roberto Souza Pereira<\/strong><br><em>Docente<\/em><br>E-mail: especializacao.ecnm@alagoinhas.ifbaiano.edu.br <\/p>\n\n\n\n<p><strong>COORDENA\u00c7\u00c3O DE EXTENS\u00c3O<\/strong><\/p>\n\n\n\n<p><strong>Jos\u00e9 Honorato Ferreira Nunes<\/strong><br><em>Docente<\/em><br>E-mail: extens\u00e3o@alagoinhas.ifbaiano.edu.br  <\/p>\n\n\n\n<p><strong>COORDENA\u00c7\u00c3O DE ASSUNTOS ESTUDANTIS &#8211; CAE<br>Ac\u00e1cia Ang\u00e9lica Monteiro<\/strong><br><em>Docente<\/em><br>E-mail: cae@alagoinhas.ifbaiano.edu.br <\/p>\n\n\n\n<p>Tel: (75) 99870-4928<br><\/p>\n\n\n\n<p><strong>N\u00facleo de Nutri\u00e7\u00e3o e Sa\u00fade &#8211; NNS<\/strong><br>&#8230;&#8230;<br><em>Nutricionista<\/em> <br>E-mail: <\/p>\n\n\n\n<p><strong>N\u00facleo de Apoio \u00e0s Pessoas com Necessidades Especiais &#8211; NAPNE<\/strong><br><strong>Rodrigo Teixeira da Silva Santos<\/strong><br><em>Int\u00e9rprete de LIBRAS<\/em><br>E-mail: napne@alagoinhas.ifbaiano.edu.br <br><\/p>\n\n\n\n<p><strong>N\u00facleo de Apoio Pedag\u00f3gico e Psicossocial &#8211; NAPSI<\/strong><br><br>E-mail: <\/p>\n\n\n\n<p><strong>N\u00facleo de Estudos Afrobrasileiros e Ind\u00edgenas &#8211; NEABI<\/strong><br><strong>Ronaldo Santana Chaves<\/strong><br><em>Docente<\/em><br>E-mail: neabi@alagoinhas.ifbaiano.edu.br <\/p>\n\n\n\n<p><strong>N\u00facleo de Laborat\u00f3rio<\/strong><br><strong>Gil C\u00e9sar Pereira Franco<\/strong><br>E-mail: laboratorios@alagoinhas.ifbaiano.edu.br<\/p>\n\n\n\n<p><strong>COORDENA\u00c7\u00c3O DA UNIDADE EDUCATIVA DO CAMPO &#8211; CUEC<br><strong>Bruno da Silva<\/strong><\/strong><br><em>T\u00e9cnico em Agropecu\u00e1ria <br><\/em>E-mail: cuec@alagoinhas.ifbaiano.edu.br<\/p>\n","protected":false},"excerpt":{"rendered":"<p>Nesta se\u00e7\u00e3o \u00e9 divulgada a rela\u00e7\u00e3o dos N\u00facleos e Setores que assessoram a Diretoria Acad\u00eamica e os(as) respectivos(as) servidores(as) p\u00fablicos(as) lotados(as) ou em exerc\u00edcio no referido \u00f3rg\u00e3o. DIRETORIA ACAD\u00caMICA &#8211; DAIngrid Silva Barberino do Nascimento DocenteE-mail: da@alagoinhas.ifbaiano.edu.br COORDENA\u00c7\u00c3O DE ENSINO &#8211; CEMaria Arlinda de Assis MenezesDocente E-mail: ce@alagoinhas.ifbaiano.edu.br Tel: (75) 99801-0993 Coordena\u00e7\u00e3o de Curso Subsequente [&hellip;]<\/p>\n","protected":false},"author":117,"featured_media":0,"parent":0,"menu_order":50,"comment_status":"closed","ping_status":"closed","template":"","meta":[],"_links":{"self":[{"href":"https:\/\/www.ifbaiano.edu.br\/unidades\/alagoinhas\/wp-json\/wp\/v2\/pages\/2109"}],"collection":[{"href":"https:\/\/www.ifbaiano.edu.br\/unidades\/alagoinhas\/wp-json\/wp\/v2\/pages"}],"about":[{"href":"https:\/\/www.ifbaiano.edu.br\/unidades\/alagoinhas\/wp-json\/wp\/v2\/types\/page"}],"author":[{"embeddable":true,"href":"https:\/\/www.ifbaiano.edu.br\/unidades\/alagoinhas\/wp-json\/wp\/v2\/users\/117"}],"replies":[{"embeddable":true,"href":"https:\/\/www.ifbaiano.edu.br\/unidades\/alagoinhas\/wp-json\/wp\/v2\/comments?post=2109"}],"version-history":[{"count":30,"href":"https:\/\/www.ifbaiano.edu.br\/unidades\/alagoinhas\/wp-json\/wp\/v2\/pages\/2109\/revisions"}],"predecessor-version":[{"id":6709,"href":"https:\/\/www.ifbaiano.edu.br\/unidades\/alagoinhas\/wp-json\/wp\/v2\/pages\/2109\/revisions\/6709"}],"wp:attachment":[{"href":"https:\/\/www.ifbaiano.edu.br\/unidades\/alagoinhas\/wp-json\/wp\/v2\/media?parent=2109"}],"curies":[{"name":"wp","href":"https:\/\/api.w.org\/{rel}","templated":true}]}}

Equipe Acadêmica

<p class="has-text-align-left"><em><strong>Nesta seção é divulgada a relação dos Núcleos e Setores que assessoram a Diretoria Acadêmica e os(as) respectivos(as) servidores(as) públicos(as) lotados(as) ou em exercício no referido órgão.</strong></em></p>



<p class="has-text-align-center"><strong>DIRETORIA ACADÊMICA &#8211; DA</strong><br><strong>Ingrid Silva Barberino do Nascimento</strong> <br><em>Docente</em><br>E-mail: da@alagoinhas.ifbaiano.edu.br</p>



<p>COORDENAÇÃO DE ENSINO &#8211; CE<br><strong>Maria Arlinda de Assis Menezes</strong><br><em>Docente </em><br>E-mail: ce@alagoinhas.ifbaiano.edu.br</p>



<p>Tel: (75) 99801-0993 </p>



<p><strong>Coordenação de Curso Subsequente em Agroindústria</strong><br><strong>Mario Marcos de Santana Faria</strong><br><em>Docente</em><br>E-mail: agroindustria@alagoinhas.ifbaiano.edu.br</p>



<p>Tel: (75) 99862-7668</p>



<p><strong>Coordenação de Curso Integrado em Agroecologia</strong><br><strong>Carla da Silva Souza<br></strong><em>Docente</em><br>E-mail: agroecologia@alagoinhas.ifbaiano.edu.br </p>



<p>Tel: (75) 99862-7668</p>



<p><strong>Coordenação de Curso Integrado em Agroindústria</strong><br><strong><strong>Henrique Reis Sereno</strong><br></strong><em>Docente</em><br>E-mail: integrado.agroindustria@alagoinhas.ifbaiano.edu.br </p>



<p>Tel: (75) 99862-7668</p>



<p><strong>Coordenação de Curso Integrado em Informática</strong><br><strong><strong><strong>Fabricio Santos de Faro</strong></strong><br></strong><em>Docente</em><br>E-mail: integrado.informatica@alagoinhas.ifbaiano.edu.br </p>



<p>Tel: (75) 99862-7668</p>



<p><strong>Secretaria de Registros Acadêmicos SRA</strong><br>Juliana Schimidt<br>Técnica em Educação <br>E-mail: sra@alagoinhas.ifbaiano.edu.br </p>



<p>Tel: (75) 99897-0469</p>



<p></p>



<p><strong>Setor de Biblioteca &#8211; STB</strong><br><strong>Marcos Santana de Araujo</strong><br><em>Auxiliar de Biblioteca</em> <br>E-mail: biblioteca@alagoinhas.ifbaiano.edu.br  </p>



<p><br></p>



<p><strong>Núcleo de Estágio e Egressos- NEE</strong><br><strong><strong>Lerise dos Santos Zóffoli </strong></strong><br>Técnica em Educação<br>E-mail: estagio@alagoinhas.ifbaiano.edu.br </p>



<p>Tel: (75) 99891-8059</p>



<p><strong>Núcleo de Apoio ao Ensino-Aprendizagem, Permanência e Êxito do Educando &#8211; NUAPE</strong><br>&#8230;..<br><em>Pedagogas</em><br><strong>Jordana da Silva Costa</strong> <br><em>Técnica em Assuntos Educacionais</em> <br>E-mail: nuape@alagoinhas.ifbaiano.edu.br </p>



<p>Tel: (75) 99891-5903<br></p>



<p><strong>COORDENAÇÃO DE PESQUISA<br>Graziele Quintela de Carvalho</strong><br><em>Docente</em><br>E-mail: pesquisa@alagoinhas.ifbaiano.edu.br  </p>



<p><strong>Coordenação do Curso de Especialização em Ensino de Ciências Naturais e Matemática</strong><br><strong>Roberto Souza Pereira</strong><br><em>Docente</em><br>E-mail: especializacao.ecnm@alagoinhas.ifbaiano.edu.br </p>



<p><strong>COORDENAÇÃO DE EXTENSÃO</strong></p>



<p><strong>José Honorato Ferreira Nunes</strong><br><em>Docente</em><br>E-mail: extensão@alagoinhas.ifbaiano.edu.br  </p>



<p><strong>COORDENAÇÃO DE ASSUNTOS ESTUDANTIS &#8211; CAE<br>Acácia Angélica Monteiro</strong><br><em>Docente</em><br>E-mail: cae@alagoinhas.ifbaiano.edu.br </p>



<p>Tel: (75) 99870-4928<br></p>



<p><strong>Núcleo de Nutrição e Saúde &#8211; NNS</strong><br>&#8230;&#8230;<br><em>Nutricionista</em> <br>E-mail: </p>



<p><strong>Núcleo de Apoio às Pessoas com Necessidades Especiais &#8211; NAPNE</strong><br><strong>Rodrigo Teixeira da Silva Santos</strong><br><em>Intérprete de LIBRAS</em><br>E-mail: napne@alagoinhas.ifbaiano.edu.br <br></p>



<p><strong>Núcleo de Apoio Pedagógico e Psicossocial &#8211; NAPSI</strong><br><br>E-mail: </p>



<p><strong>Núcleo de Estudos Afrobrasileiros e Indígenas &#8211; NEABI</strong><br><strong>Ronaldo Santana Chaves</strong><br><em>Docente</em><br>E-mail: neabi@alagoinhas.ifbaiano.edu.br </p>



<p><strong>Núcleo de Laboratório</strong><br><strong>Gil César Pereira Franco</strong><br>E-mail: laboratorios@alagoinhas.ifbaiano.edu.br</p>



<p><strong>COORDENAÇÃO DA UNIDADE EDUCATIVA DO CAMPO &#8211; CUEC<br><strong>Bruno da Silva</strong></strong><br><em>Técnico em Agropecuária <br></em>E-mail: cuec@alagoinhas.ifbaiano.edu.br</p>

<p>Nesta seção é divulgada a relação dos Núcleos e Setores que assessoram a Diretoria Acadêmica e os(as) respectivos(as) servidores(as) públicos(as) lotados(as) ou em exercício no referido órgão. DIRETORIA ACADÊMICA &#8211; DAIngrid Silva Barberino do Nascimento DocenteE-mail: da@alagoinhas.ifbaiano.edu.br COORDENAÇÃO DE ENSINO &#8211; CEMaria Arlinda de Assis MenezesDocente E-mail: ce@alagoinhas.ifbaiano.edu.br Tel: (75) 99801-0993 Coordenação de Curso Subsequente [&hellip;]</p>
