{"id":2114,"date":"2019-04-22T18:38:04","date_gmt":"2019-04-22T21:38:04","guid":{"rendered":"http:\/\/www.ifbaiano.edu.br\/unidades\/alagoinhas\/?page_id=2114"},"modified":"2025-07-01T12:41:41","modified_gmt":"2025-07-01T15:41:41","slug":"nucleos-e-setores","status":"publish","type":"page","link":"https:\/\/www.ifbaiano.edu.br\/unidades\/alagoinhas\/nucleos-e-setores\/","title":{"rendered":"N\u00facleos e Setores"},"content":{"rendered":"\n<p><em><strong>Nesta se\u00e7\u00e3o \u00e9 divulgada a rela\u00e7\u00e3o dos N\u00facleos e Setores que assessoram a Dire\u00e7\u00e3o Geral e os(as) respectivos(as) servidores(as) p\u00fablicos(as) lotados(as) ou em exerc\u00edcio no referido \u00f3rg\u00e3o.<\/strong><\/em><\/p>\n\n\n\n<p><strong>DIRE\u00c7\u00c3O GERAL &#8211; DG<\/strong><br><strong><strong>Francisco de Assis dos Santos Silva<\/strong><\/strong><br><em>Docente<\/em><br>E-mail: dg@alagoinhas.ifbaiano.edu.br<br>tel: (75) 99855 6540<\/p>\n\n\n\n<p>CHEFIA DE GABINETE &#8211; GAB<br><strong>Mariana Carneiro de Aguiar<\/strong><\/p>\n\n\n\n<p><em>Assistente em Administra\u00e7\u00e3o<\/em> <br>E-mail: gabinete@alagoinhas.ifbaiano.edu.br<br>Tel: (75) 99855-6540<\/p>\n\n\n\n<p><strong>Secretaria de Gabinete &#8211; SEC-GAB<\/strong><br>&#8211;<br>&#8211;<br>Email:<\/p>\n\n\n\n<p>N\u00daCLEO DE APOIO \u00c0 GEST\u00c3O DE PESSOAS &#8211; NAGP<br><strong>D\u00e9borah Santos Fernandes Schramm<br><\/strong><em>Assistente em Administra\u00e7\u00e3o<\/em> <br>Email: nagp@alagoinhas.ifbaiano.edu.br<\/p>\n\n\n\n<p>Tel: (75) 99868-5103<br><\/p>\n\n\n\n<p>N\u00daCLEO DE COMUNICA\u00c7\u00c3O E EVENTOS &#8211; NCE<br><strong><strong>Eligerlisson Souza de Almeida<\/strong><\/strong><br>Analista em Educa\u00e7\u00e3o<br>E-mail: comunicacao@alagoinhas.ifbaino.edu.br<br><\/p>\n\n\n\n<p>N\u00daCLEO DE GEST\u00c3O DA TECNOLOGIA DA INFORMA\u00c7\u00c3O &#8211; NGTI<br><strong>Admilson Santos de Santana<\/strong><br><em>T\u00e9cnicos em Tecnologia da Informa\u00e7\u00e3o<\/em><br>E-mail: utic@alagoinhas.ifbaiano.edu.br<\/p>\n\n\n\n<p>PROTOCOLO<br><strong>Adriana Santos de Souza<\/strong><br><em>Assistente em Administra\u00e7\u00e3o<\/em><br>E-mail: adriana.souza@ifbaiano.edu.br<\/p>\n\n\n\n<p>O setor que ainda n\u00e3o disp\u00f5e de servidor em sua respectiva chefia est\u00e1 submetido a seu superior na hierarquia institucional. Consulte o <a rel=\"noreferrer noopener\" href=\"http:\/\/www.ifbaiano.edu.br\/unidades\/alagoinhas\/organograma\/\" target=\"_blank\">Organograma Institucional<\/a>. <br><\/p>\n","protected":false},"excerpt":{"rendered":"<p>Nesta se\u00e7\u00e3o \u00e9 divulgada a rela\u00e7\u00e3o dos N\u00facleos e Setores que assessoram a Dire\u00e7\u00e3o Geral e os(as) respectivos(as) servidores(as) p\u00fablicos(as) lotados(as) ou em exerc\u00edcio no referido \u00f3rg\u00e3o. DIRE\u00c7\u00c3O GERAL &#8211; DGFrancisco de Assis dos Santos SilvaDocenteE-mail: dg@alagoinhas.ifbaiano.edu.brtel: (75) 99855 6540 CHEFIA DE GABINETE &#8211; GABMariana Carneiro de Aguiar Assistente em Administra\u00e7\u00e3o E-mail: gabinete@alagoinhas.ifbaiano.edu.brTel: (75) 99855-6540 [&hellip;]<\/p>\n","protected":false},"author":117,"featured_media":0,"parent":0,"menu_order":71,"comment_status":"closed","ping_status":"closed","template":"","meta":[],"_links":{"self":[{"href":"https:\/\/www.ifbaiano.edu.br\/unidades\/alagoinhas\/wp-json\/wp\/v2\/pages\/2114"}],"collection":[{"href":"https:\/\/www.ifbaiano.edu.br\/unidades\/alagoinhas\/wp-json\/wp\/v2\/pages"}],"about":[{"href":"https:\/\/www.ifbaiano.edu.br\/unidades\/alagoinhas\/wp-json\/wp\/v2\/types\/page"}],"author":[{"embeddable":true,"href":"https:\/\/www.ifbaiano.edu.br\/unidades\/alagoinhas\/wp-json\/wp\/v2\/users\/117"}],"replies":[{"embeddable":true,"href":"https:\/\/www.ifbaiano.edu.br\/unidades\/alagoinhas\/wp-json\/wp\/v2\/comments?post=2114"}],"version-history":[{"count":17,"href":"https:\/\/www.ifbaiano.edu.br\/unidades\/alagoinhas\/wp-json\/wp\/v2\/pages\/2114\/revisions"}],"predecessor-version":[{"id":6722,"href":"https:\/\/www.ifbaiano.edu.br\/unidades\/alagoinhas\/wp-json\/wp\/v2\/pages\/2114\/revisions\/6722"}],"wp:attachment":[{"href":"https:\/\/www.ifbaiano.edu.br\/unidades\/alagoinhas\/wp-json\/wp\/v2\/media?parent=2114"}],"curies":[{"name":"wp","href":"https:\/\/api.w.org\/{rel}","templated":true}]}}

Núcleos e Setores

<p><em><strong>Nesta seção é divulgada a relação dos Núcleos e Setores que assessoram a Direção Geral e os(as) respectivos(as) servidores(as) públicos(as) lotados(as) ou em exercício no referido órgão.</strong></em></p>



<p><strong>DIREÇÃO GERAL &#8211; DG</strong><br><strong><strong>Francisco de Assis dos Santos Silva</strong></strong><br><em>Docente</em><br>E-mail: dg@alagoinhas.ifbaiano.edu.br<br>tel: (75) 99855 6540</p>



<p>CHEFIA DE GABINETE &#8211; GAB<br><strong>Mariana Carneiro de Aguiar</strong></p>



<p><em>Assistente em Administração</em> <br>E-mail: gabinete@alagoinhas.ifbaiano.edu.br<br>Tel: (75) 99855-6540</p>



<p><strong>Secretaria de Gabinete &#8211; SEC-GAB</strong><br>&#8211;<br>&#8211;<br>Email:</p>



<p>NÚCLEO DE APOIO À GESTÃO DE PESSOAS &#8211; NAGP<br><strong>Déborah Santos Fernandes Schramm<br></strong><em>Assistente em Administração</em> <br>Email: nagp@alagoinhas.ifbaiano.edu.br</p>



<p>Tel: (75) 99868-5103<br></p>



<p>NÚCLEO DE COMUNICAÇÃO E EVENTOS &#8211; NCE<br><strong><strong>Eligerlisson Souza de Almeida</strong></strong><br>Analista em Educação<br>E-mail: comunicacao@alagoinhas.ifbaino.edu.br<br></p>



<p>NÚCLEO DE GESTÃO DA TECNOLOGIA DA INFORMAÇÃO &#8211; NGTI<br><strong>Admilson Santos de Santana</strong><br><em>Técnicos em Tecnologia da Informação</em><br>E-mail: utic@alagoinhas.ifbaiano.edu.br</p>



<p>PROTOCOLO<br><strong>Adriana Santos de Souza</strong><br><em>Assistente em Administração</em><br>E-mail: adriana.souza@ifbaiano.edu.br</p>



<p>O setor que ainda não dispõe de servidor em sua respectiva chefia está submetido a seu superior na hierarquia institucional. Consulte o <a rel="noreferrer noopener" href="http://www.ifbaiano.edu.br/unidades/alagoinhas/organograma/" target="_blank">Organograma Institucional</a>. <br></p>

<p>Nesta seção é divulgada a relação dos Núcleos e Setores que assessoram a Direção Geral e os(as) respectivos(as) servidores(as) públicos(as) lotados(as) ou em exercício no referido órgão. DIREÇÃO GERAL &#8211; DGFrancisco de Assis dos Santos SilvaDocenteE-mail: dg@alagoinhas.ifbaiano.edu.brtel: (75) 99855 6540 CHEFIA DE GABINETE &#8211; GABMariana Carneiro de Aguiar Assistente em Administração E-mail: gabinete@alagoinhas.ifbaiano.edu.brTel: (75) 99855-6540 [&hellip;]</p>
