{"id":2130,"date":"2019-04-22T19:35:21","date_gmt":"2019-04-22T22:35:21","guid":{"rendered":"http:\/\/www.ifbaiano.edu.br\/unidades\/alagoinhas\/?page_id=2130"},"modified":"2019-06-10T13:57:26","modified_gmt":"2019-06-10T16:57:26","slug":"documentos-discentes","status":"publish","type":"page","link":"https:\/\/www.ifbaiano.edu.br\/unidades\/alagoinhas\/documentos-discentes\/","title":{"rendered":"Regras de Conviv\u00eancia"},"content":{"rendered":"\n<p>O <a rel=\"noreferrer noopener\" aria-label=\"Regulamento Disciplinar Discente (abre numa nova aba)\" href=\"http:\/\/www.ifbaiano.edu.br\/unidades\/lapa\/files\/2012\/09\/resolucao_25-2015_aprovou_regulamento_disciplinar_discente_instituto_federal_educacao_ciencia_tecnologia_baiano.pdf\" target=\"_blank\">Regulamento Disciplinar Discente<\/a> estabelece direitos e deveres, bem como, regras de conviv\u00eancia e medidas disciplinares para todos os estudantes matriculados em cursos regulares, disciplinas isoladas ou inscritos em atividades de ensino, pesquisa e extens\u00e3o do IF Baiano, quaisquer que sejam suas formas e dura\u00e7\u00e3o, em todos os n\u00edveis e modalidades de ensino. Contribui com a forma\u00e7\u00e3o do educando, assegura o funcionamento das atividades pedag\u00f3gicas, o desenvolvimento dos servi\u00e7os associados, o cumprimento efetivo do Regimento Interno do Campus e a consecu\u00e7\u00e3o dos objetivos nele previstos.<br><\/p>\n","protected":false},"excerpt":{"rendered":"<p>O Regulamento Disciplinar Discente estabelece direitos e deveres, bem como, regras de conviv\u00eancia e medidas disciplinares para todos os estudantes matriculados em cursos regulares, disciplinas isoladas ou inscritos em atividades de ensino, pesquisa e extens\u00e3o do IF Baiano, quaisquer que sejam suas formas e dura\u00e7\u00e3o, em todos os n\u00edveis e modalidades de ensino. Contribui com [&hellip;]<\/p>\n","protected":false},"author":117,"featured_media":0,"parent":0,"menu_order":101,"comment_status":"closed","ping_status":"closed","template":"","meta":[],"_links":{"self":[{"href":"https:\/\/www.ifbaiano.edu.br\/unidades\/alagoinhas\/wp-json\/wp\/v2\/pages\/2130"}],"collection":[{"href":"https:\/\/www.ifbaiano.edu.br\/unidades\/alagoinhas\/wp-json\/wp\/v2\/pages"}],"about":[{"href":"https:\/\/www.ifbaiano.edu.br\/unidades\/alagoinhas\/wp-json\/wp\/v2\/types\/page"}],"author":[{"embeddable":true,"href":"https:\/\/www.ifbaiano.edu.br\/unidades\/alagoinhas\/wp-json\/wp\/v2\/users\/117"}],"replies":[{"embeddable":true,"href":"https:\/\/www.ifbaiano.edu.br\/unidades\/alagoinhas\/wp-json\/wp\/v2\/comments?post=2130"}],"version-history":[{"count":6,"href":"https:\/\/www.ifbaiano.edu.br\/unidades\/alagoinhas\/wp-json\/wp\/v2\/pages\/2130\/revisions"}],"predecessor-version":[{"id":2308,"href":"https:\/\/www.ifbaiano.edu.br\/unidades\/alagoinhas\/wp-json\/wp\/v2\/pages\/2130\/revisions\/2308"}],"wp:attachment":[{"href":"https:\/\/www.ifbaiano.edu.br\/unidades\/alagoinhas\/wp-json\/wp\/v2\/media?parent=2130"}],"curies":[{"name":"wp","href":"https:\/\/api.w.org\/{rel}","templated":true}]}}

Regras de Convivência

<p>O <a rel="noreferrer noopener" aria-label="Regulamento Disciplinar Discente (abre numa nova aba)" href="http://www.ifbaiano.edu.br/unidades/lapa/files/2012/09/resolucao_25-2015_aprovou_regulamento_disciplinar_discente_instituto_federal_educacao_ciencia_tecnologia_baiano.pdf" target="_blank">Regulamento Disciplinar Discente</a> estabelece direitos e deveres, bem como, regras de convivência e medidas disciplinares para todos os estudantes matriculados em cursos regulares, disciplinas isoladas ou inscritos em atividades de ensino, pesquisa e extensão do IF Baiano, quaisquer que sejam suas formas e duração, em todos os níveis e modalidades de ensino. Contribui com a formação do educando, assegura o funcionamento das atividades pedagógicas, o desenvolvimento dos serviços associados, o cumprimento efetivo do Regimento Interno do Campus e a consecução dos objetivos nele previstos.<br></p>

<p>O Regulamento Disciplinar Discente estabelece direitos e deveres, bem como, regras de convivência e medidas disciplinares para todos os estudantes matriculados em cursos regulares, disciplinas isoladas ou inscritos em atividades de ensino, pesquisa e extensão do IF Baiano, quaisquer que sejam suas formas e duração, em todos os níveis e modalidades de ensino. Contribui com [&hellip;]</p>
