{"id":2245,"date":"2019-05-30T15:43:49","date_gmt":"2019-05-30T18:43:49","guid":{"rendered":"http:\/\/www.ifbaiano.edu.br\/unidades\/alagoinhas\/?page_id=2245"},"modified":"2019-08-15T13:40:31","modified_gmt":"2019-08-15T16:40:31","slug":"ensino-pesquisa-e-extensao","status":"publish","type":"page","link":"https:\/\/www.ifbaiano.edu.br\/unidades\/alagoinhas\/ensino-pesquisa-e-extensao\/","title":{"rendered":"Ensino, Pesquisa e Extens\u00e3o"},"content":{"rendered":"\n<p>Os Institutos Federais s\u00e3o autarquias detentoras de autonomia administrativa, patrimonial, financeira, did\u00e1tico-pedag\u00f3gica e disciplinar e obedecem \u00e0 verticaliza\u00e7\u00e3o do ensino e sua integra\u00e7\u00e3o com a pesquisa e a extens\u00e3o.<\/p>\n\n\n\n<p><strong>ENSINO<\/strong><br>O curr\u00edculo no IF Baiano est\u00e1 fundamentado em bases filos\u00f3ficas, epistemol\u00f3gicas, metodol\u00f3gicas, socioculturais e legais, expressas no seu Estatuto, sendo norteado pelos princ\u00edpios da est\u00e9tica, da sensibilidade, da pol\u00edtica da igualdade, da \u00e9tica, da identidade, da inter-transdisciplinaridade, da contextualiza\u00e7\u00e3o, da flexibilidade e da educa\u00e7\u00e3o como processo de forma\u00e7\u00e3o na vida e para a vida, a partir de uma concep\u00e7\u00e3o de sociedade, trabalho, cultura, educa\u00e7\u00e3o, tecnologia e ser humano. As ofertas educacionais est\u00e3o organizadas atrav\u00e9s da forma\u00e7\u00e3o inicial e continuada de trabalhadores da educa\u00e7\u00e3o profissional t\u00e9cnica de n\u00edvel m\u00e9dio e da educa\u00e7\u00e3o superior.<br>Os respons\u00e1veis pelo ensino no IF Baiano s\u00e3o a Pr\u00f3-Reitoria de Ensino, sediada na Reitoria, ou a <strong>Coordena\u00e7\u00e3o de Ensino<\/strong> ou as Coordena\u00e7\u00f5es de Cursos, localizados no Campus Alagoinhas.<\/p>\n\n\n\n<p><strong>PESQUISA E INOVA\u00c7\u00c3O<\/strong><br>As a\u00e7\u00f5es de pesquisa constituem um processo educativo para a investiga\u00e7\u00e3o e o empreendedorismo, visando \u00e0 inova\u00e7\u00e3o e \u00e0 solu\u00e7\u00e3o de problemas cient\u00edficos e tecnol\u00f3gicos, envolvendo todos os n\u00edveis e modalidades de ensino, com vistas ao desenvolvimento social. As atividades de pesquisa t\u00eam como objetivo formar recursos humanos para a investiga\u00e7\u00e3o, a produ\u00e7\u00e3o, o empreendedorismo e a difus\u00e3o de conhecimentos culturais, art\u00edsticos, cient\u00edficos e tecnol\u00f3gicos, sendo desenvolvidas em articula\u00e7\u00e3o com o ensino e a extens\u00e3o, ao longo de toda a forma\u00e7\u00e3o profissional, bem como atrav\u00e9s dos Programas de P\u00f3s-Gradua\u00e7\u00e3o.<br>Os respons\u00e1veis pela pesquisa no IF Baiano s\u00e3o a Pr\u00f3-Reitoria de Pesquisa, sediada na Reitoria, ou o <strong>N\u00facleo de Pesquisa<\/strong>, localizado no Campus Alagoinhas. <\/p>\n\n\n\n<p><strong>EXTENS\u00c3O<\/strong><br>As a\u00e7\u00f5es de extens\u00e3o constituem um processo educativo, cultural e cient\u00edfico que articula o ensino e a pesquisa de forma indissoci\u00e1vel, para viabilizar uma rela\u00e7\u00e3o transformadora entre o IF Baiano e a sociedade e t\u00eam como objetivo apoiar o desenvolvimento social atrav\u00e9s da oferta de cursos e realiza\u00e7\u00e3o de atividades espec\u00edficas.<br>Os respons\u00e1veis pela extens\u00e3o no IF Baiano s\u00e3o a Pr\u00f3-Reitoria de Extens\u00e3o, sediada na Reitoria, ou o <strong>N\u00facleo de Extens\u00e3o<\/strong>, localizado no Campus Alagoinhas. <\/p>\n\n\n\n<p>Verifique <a rel=\"noreferrer noopener\" aria-label=\"aqui (abre numa nova aba)\" href=\"http:\/\/www.ifbaiano.edu.br\/unidades\/alagoinhas\/coordenacoes-nucleos-e-setores-academicos\/\" target=\"_blank\">aqui<\/a> os respons\u00e1veis por cada um desses setores e seus contatos.<\/p>\n\n\n\n<p><strong>PROJETOS DE EXTENS\u00c3O, PESQUISA E ENSINO<\/strong><br>Estudantes podem propor projetos de ensino, pesquisa e extens\u00e3o orientados por um ou mais servidores ou, ainda, participar de projetos como monitores. Seus projetos podem ser financiados atrav\u00e9s de editais internos lan\u00e7ados pelas Pr\u00f3-Reitorias de Pesquisa, de Extens\u00e3o ou de Ensino ou podem ser financiados atrav\u00e9s de \u00f3rg\u00e3os de fomento. O projeto tamb\u00e9m pode ser desenvolvido sem financiamento, basta apresentar seu projeto aos N\u00facleos de Extens\u00e3o ou Pesquisa ou, ainda, \u00e0 Coordena\u00e7\u00e3o de Ensino. Apresente sua ideia a um servidor ou elabore um projeto e concorra aos editais.<\/p>\n\n\n\n<p>Conhe\u00e7a alguns programas institucionais que anualmente publicam editais de incentivo \u00e0 extens\u00e3o, pesquisa e ensino.<\/p>\n\n\n\n<p><strong>PROGRAMAS DE APOIO \u00c0 PESQUISA, EXTENS\u00c3O E ENSINO<\/strong><\/p>\n\n\n\n<p>PROGRAMA INSTITUCIONAL DE BOLSAS DE INICIA\u00c7\u00c3O A DOC\u00caNCIA &#8211; PIBID<br>\u00c9 um programa da Coordena\u00e7\u00e3o de Aperfei\u00e7oamento de Pessoal de N\u00edvel Superior (Capes), que tem por finalidade fomentar a inicia\u00e7\u00e3o \u00e0 doc\u00eancia, contribuindo para o aperfei\u00e7oamento da forma\u00e7\u00e3o de docentes em n\u00edvel superior e para melhoria da educa\u00e7\u00e3o b\u00e1sica p\u00fablica. No IF Baiano, est\u00e1 vinculado a Pr\u00f3-Reitoria de Ensino, tendo como t\u00edtulo \u201cPr\u00e1xis pedag\u00f3gica que (trans)forma: da inicia\u00e7\u00e3o \u00e0 doc\u00eancia \u00e0 perspectiva transdisciplinar na educa\u00e7\u00e3o b\u00e1sica\u201d.<\/p>\n\n\n\n<p>PROGRAMA INSTITUCIONAL DE BOLSAS DE INICIA\u00c7\u00c3O CIENT\u00cdFICA &#8211; PIBIC<br>O programa visa despertar a voca\u00e7\u00e3o cient\u00edfica e incentivar talentos potenciais entre estudantes de gradua\u00e7\u00e3o, mediante a participa\u00e7\u00e3o em projetos de pesquisa orientados por pesquisadores atuantes e qualificados.<\/p>\n\n\n\n<p>PROGRAMA INSTITUCIONAL DE BOLSAS DE INICIA\u00c7\u00c3O EM EXTENS\u00c3O \u2013 PIBIEX<br>Tem o objetivo de promover o envolvimento de estudantes e servidores em atividades de integra\u00e7\u00e3o do IF Baiano com a sociedade, atrav\u00e9s da busca da valoriza\u00e7\u00e3o da realidade local e regional, com a produ\u00e7\u00e3o de conhecimento contextualizado. Na sua modalide junior, o programa seleciona os estudantes do Ensino M\u00e9dio Integrado ou Subsequente.<br><\/p>\n\n\n\n<p><strong>N\u00daCLEO DE APOIO AO PROCESSO DE ENSINO-APRENDIZAGEM, PERMAN\u00caNCIA E \u00caXITO DO EDUCANDO (NUAPE)<\/strong><br>O NUAPE tem como objetivo orientar e acompanhar o desenvolvimento das atividades de ensino e do processo de aprendizagem dos estudantes em conson\u00e2ncia com a proposta pedag\u00f3gica do <em>Campus<\/em>, viabilizando espa\u00e7os para discuss\u00f5es e an\u00e1lises sobre a pr\u00e1tica pedag\u00f3gica, sobre a constru\u00e7\u00e3o do conhecimento e sobre a forma\u00e7\u00e3o dos estudantes como sujeitos cr\u00edticos e reflexivos para atua\u00e7\u00e3o no mundo do trabalho.<br>O N\u00facleo realiza atendimentos aos docentes, aos estudantes do campus e a seus pais e respons\u00e1veis visando um estreitamento dos v\u00ednculos entre a institui\u00e7\u00e3o e a fam\u00edlia, conex\u00e3o indispens\u00e1vel para impulsionar as atividades de ensino e aprendizagem.<br>Tanto professores quanto estudantes podem solicitar atendimento pedag\u00f3gico, basta preencher a <a rel=\"noreferrer noopener\" href=\"https:\/\/mail.ifbaiano.edu.br\/service\/home\/~\/?auth=co&amp;loc=pt_BR&amp;id=4204&amp;part=3\" target=\"_blank\">Ficha de Atendimento Pedag\u00f3gico<\/a>.<br>Acompanhe as a\u00e7\u00f5es do n\u00facleo atrav\u00e9s de seu&nbsp;<a rel=\"noreferrer noopener\" href=\"https:\/\/mail.ifbaiano.edu.br\/service\/home\/~\/?auth=co&amp;loc=pt_BR&amp;id=4204&amp;part=9\" target=\"_blank\">Plano de Trabalho 2019<\/a>.<\/p>\n\n\n\n<p>ATIVIDADES E PROJETOS DESENVOLVIDOS PELO NUAPE<br>O NUAPE desenvolve diversas atividades e projetos abordando temas que se relacionam de modo estreito com os processos de ensino aprendizagem, colaborando para aprimorar esses processos e ampliar os di\u00e1logos com diversas \u00e1reas do conhecimento.<\/p>\n\n\n\n<p><strong>Projeto &#8220;<\/strong><em><strong>Bullying <\/strong><\/em><strong>N\u00e3o \u00c9 Brincadeira&#8221;<\/strong><br>Em parceria com o Programa de Incentivo \u00e0 Cultura, Esporte e Lazer \u2013 PINCEL, o Programa de Preven\u00e7\u00e3o e Assist\u00eancia \u00e0 Sa\u00fade \u2013 PRO-SA\u00daDE, o Programa de Acompanhamento Psicossocial e Pedag\u00f3gico \u2013 PROAP e o N\u00facleo de Apoio Pedag\u00f3gico e Psicossocial \u2013 NAPSI, o NUAPE realizou com os estudantes, docentes e servidores oficinas que integraram o Projeto&nbsp;<em>Bullying n\u00e3o \u00e9 Brincadeira<\/em>. Foram abordadas \u201cas formas de viol\u00eancia no contexto escolar e a import\u00e2ncia de atentarmos para as rela\u00e7\u00f5es interpessoais, visando a constru\u00e7\u00e3o coletiva de cultura de paz dentre todos os atores participativos da institui\u00e7\u00e3o educadora, o que pressup\u00f5e uma rede de rela\u00e7\u00f5es mais dial\u00f3gicas e baseadas no respeito m\u00fatuo \u00e0 dignidade da pessoa.\u201d (trecho do projeto)<\/p>\n\n\n\n<p><strong>Oficinas de Orienta\u00e7\u00e3o para Estudos<\/strong><br>Em parceria com o N\u00facleo de Apoio Pedag\u00f3gico e Psicossocial \u2013 NAPSI, o NUAPE realizou Oficinas de Orienta\u00e7\u00e3o para Estudos com o objetivo de orientar e estimular os estudantes a avaliarem a necessidade e import\u00e2ncia da aquisi\u00e7\u00e3o de h\u00e1bitos de estudo para as suas rotinas di\u00e1rias e a se reconhecerem como sujeitos ativos das suas pr\u00f3prias aprendizagens e da constru\u00e7\u00e3o do conhecimento.<br><\/p>\n","protected":false},"excerpt":{"rendered":"<p>Os Institutos Federais s\u00e3o autarquias detentoras de autonomia administrativa, patrimonial, financeira, did\u00e1tico-pedag\u00f3gica e disciplinar e obedecem \u00e0 verticaliza\u00e7\u00e3o do ensino e sua integra\u00e7\u00e3o com a pesquisa e a extens\u00e3o. ENSINOO curr\u00edculo no IF Baiano est\u00e1 fundamentado em bases filos\u00f3ficas, epistemol\u00f3gicas, metodol\u00f3gicas, socioculturais e legais, expressas no seu Estatuto, sendo norteado pelos princ\u00edpios da est\u00e9tica, da [&hellip;]<\/p>\n","protected":false},"author":117,"featured_media":0,"parent":0,"menu_order":49,"comment_status":"closed","ping_status":"closed","template":"","meta":[],"_links":{"self":[{"href":"https:\/\/www.ifbaiano.edu.br\/unidades\/alagoinhas\/wp-json\/wp\/v2\/pages\/2245"}],"collection":[{"href":"https:\/\/www.ifbaiano.edu.br\/unidades\/alagoinhas\/wp-json\/wp\/v2\/pages"}],"about":[{"href":"https:\/\/www.ifbaiano.edu.br\/unidades\/alagoinhas\/wp-json\/wp\/v2\/types\/page"}],"author":[{"embeddable":true,"href":"https:\/\/www.ifbaiano.edu.br\/unidades\/alagoinhas\/wp-json\/wp\/v2\/users\/117"}],"replies":[{"embeddable":true,"href":"https:\/\/www.ifbaiano.edu.br\/unidades\/alagoinhas\/wp-json\/wp\/v2\/comments?post=2245"}],"version-history":[{"count":17,"href":"https:\/\/www.ifbaiano.edu.br\/unidades\/alagoinhas\/wp-json\/wp\/v2\/pages\/2245\/revisions"}],"predecessor-version":[{"id":2453,"href":"https:\/\/www.ifbaiano.edu.br\/unidades\/alagoinhas\/wp-json\/wp\/v2\/pages\/2245\/revisions\/2453"}],"wp:attachment":[{"href":"https:\/\/www.ifbaiano.edu.br\/unidades\/alagoinhas\/wp-json\/wp\/v2\/media?parent=2245"}],"curies":[{"name":"wp","href":"https:\/\/api.w.org\/{rel}","templated":true}]}}

Ensino, Pesquisa e Extensão

<p>Os Institutos Federais são autarquias detentoras de autonomia administrativa, patrimonial, financeira, didático-pedagógica e disciplinar e obedecem à verticalização do ensino e sua integração com a pesquisa e a extensão.</p>



<p><strong>ENSINO</strong><br>O currículo no IF Baiano está fundamentado em bases filosóficas, epistemológicas, metodológicas, socioculturais e legais, expressas no seu Estatuto, sendo norteado pelos princípios da estética, da sensibilidade, da política da igualdade, da ética, da identidade, da inter-transdisciplinaridade, da contextualização, da flexibilidade e da educação como processo de formação na vida e para a vida, a partir de uma concepção de sociedade, trabalho, cultura, educação, tecnologia e ser humano. As ofertas educacionais estão organizadas através da formação inicial e continuada de trabalhadores da educação profissional técnica de nível médio e da educação superior.<br>Os responsáveis pelo ensino no IF Baiano são a Pró-Reitoria de Ensino, sediada na Reitoria, ou a <strong>Coordenação de Ensino</strong> ou as Coordenações de Cursos, localizados no Campus Alagoinhas.</p>



<p><strong>PESQUISA E INOVAÇÃO</strong><br>As ações de pesquisa constituem um processo educativo para a investigação e o empreendedorismo, visando à inovação e à solução de problemas científicos e tecnológicos, envolvendo todos os níveis e modalidades de ensino, com vistas ao desenvolvimento social. As atividades de pesquisa têm como objetivo formar recursos humanos para a investigação, a produção, o empreendedorismo e a difusão de conhecimentos culturais, artísticos, científicos e tecnológicos, sendo desenvolvidas em articulação com o ensino e a extensão, ao longo de toda a formação profissional, bem como através dos Programas de Pós-Graduação.<br>Os responsáveis pela pesquisa no IF Baiano são a Pró-Reitoria de Pesquisa, sediada na Reitoria, ou o <strong>Núcleo de Pesquisa</strong>, localizado no Campus Alagoinhas. </p>



<p><strong>EXTENSÃO</strong><br>As ações de extensão constituem um processo educativo, cultural e científico que articula o ensino e a pesquisa de forma indissociável, para viabilizar uma relação transformadora entre o IF Baiano e a sociedade e têm como objetivo apoiar o desenvolvimento social através da oferta de cursos e realização de atividades específicas.<br>Os responsáveis pela extensão no IF Baiano são a Pró-Reitoria de Extensão, sediada na Reitoria, ou o <strong>Núcleo de Extensão</strong>, localizado no Campus Alagoinhas. </p>



<p>Verifique <a rel="noreferrer noopener" aria-label="aqui (abre numa nova aba)" href="http://www.ifbaiano.edu.br/unidades/alagoinhas/coordenacoes-nucleos-e-setores-academicos/" target="_blank">aqui</a> os responsáveis por cada um desses setores e seus contatos.</p>



<p><strong>PROJETOS DE EXTENSÃO, PESQUISA E ENSINO</strong><br>Estudantes podem propor projetos de ensino, pesquisa e extensão orientados por um ou mais servidores ou, ainda, participar de projetos como monitores. Seus projetos podem ser financiados através de editais internos lançados pelas Pró-Reitorias de Pesquisa, de Extensão ou de Ensino ou podem ser financiados através de órgãos de fomento. O projeto também pode ser desenvolvido sem financiamento, basta apresentar seu projeto aos Núcleos de Extensão ou Pesquisa ou, ainda, à Coordenação de Ensino. Apresente sua ideia a um servidor ou elabore um projeto e concorra aos editais.</p>



<p>Conheça alguns programas institucionais que anualmente publicam editais de incentivo à extensão, pesquisa e ensino.</p>



<p><strong>PROGRAMAS DE APOIO À PESQUISA, EXTENSÃO E ENSINO</strong></p>



<p>PROGRAMA INSTITUCIONAL DE BOLSAS DE INICIAÇÃO A DOCÊNCIA &#8211; PIBID<br>É um programa da Coordenação de Aperfeiçoamento de Pessoal de Nível Superior (Capes), que tem por finalidade fomentar a iniciação à docência, contribuindo para o aperfeiçoamento da formação de docentes em nível superior e para melhoria da educação básica pública. No IF Baiano, está vinculado a Pró-Reitoria de Ensino, tendo como título “Práxis pedagógica que (trans)forma: da iniciação à docência à perspectiva transdisciplinar na educação básica”.</p>



<p>PROGRAMA INSTITUCIONAL DE BOLSAS DE INICIAÇÃO CIENTÍFICA &#8211; PIBIC<br>O programa visa despertar a vocação científica e incentivar talentos potenciais entre estudantes de graduação, mediante a participação em projetos de pesquisa orientados por pesquisadores atuantes e qualificados.</p>



<p>PROGRAMA INSTITUCIONAL DE BOLSAS DE INICIAÇÃO EM EXTENSÃO – PIBIEX<br>Tem o objetivo de promover o envolvimento de estudantes e servidores em atividades de integração do IF Baiano com a sociedade, através da busca da valorização da realidade local e regional, com a produção de conhecimento contextualizado. Na sua modalide junior, o programa seleciona os estudantes do Ensino Médio Integrado ou Subsequente.<br></p>



<p><strong>NÚCLEO DE APOIO AO PROCESSO DE ENSINO-APRENDIZAGEM, PERMANÊNCIA E ÊXITO DO EDUCANDO (NUAPE)</strong><br>O NUAPE tem como objetivo orientar e acompanhar o desenvolvimento das atividades de ensino e do processo de aprendizagem dos estudantes em consonância com a proposta pedagógica do <em>Campus</em>, viabilizando espaços para discussões e análises sobre a prática pedagógica, sobre a construção do conhecimento e sobre a formação dos estudantes como sujeitos críticos e reflexivos para atuação no mundo do trabalho.<br>O Núcleo realiza atendimentos aos docentes, aos estudantes do campus e a seus pais e responsáveis visando um estreitamento dos vínculos entre a instituição e a família, conexão indispensável para impulsionar as atividades de ensino e aprendizagem.<br>Tanto professores quanto estudantes podem solicitar atendimento pedagógico, basta preencher a <a rel="noreferrer noopener" href="https://mail.ifbaiano.edu.br/service/home/~/?auth=co&amp;loc=pt_BR&amp;id=4204&amp;part=3" target="_blank">Ficha de Atendimento Pedagógico</a>.<br>Acompanhe as ações do núcleo através de seu&nbsp;<a rel="noreferrer noopener" href="https://mail.ifbaiano.edu.br/service/home/~/?auth=co&amp;loc=pt_BR&amp;id=4204&amp;part=9" target="_blank">Plano de Trabalho 2019</a>.</p>



<p>ATIVIDADES E PROJETOS DESENVOLVIDOS PELO NUAPE<br>O NUAPE desenvolve diversas atividades e projetos abordando temas que se relacionam de modo estreito com os processos de ensino aprendizagem, colaborando para aprimorar esses processos e ampliar os diálogos com diversas áreas do conhecimento.</p>



<p><strong>Projeto &#8220;</strong><em><strong>Bullying </strong></em><strong>Não É Brincadeira&#8221;</strong><br>Em parceria com o Programa de Incentivo à Cultura, Esporte e Lazer – PINCEL, o Programa de Prevenção e Assistência à Saúde – PRO-SAÚDE, o Programa de Acompanhamento Psicossocial e Pedagógico – PROAP e o Núcleo de Apoio Pedagógico e Psicossocial – NAPSI, o NUAPE realizou com os estudantes, docentes e servidores oficinas que integraram o Projeto&nbsp;<em>Bullying não é Brincadeira</em>. Foram abordadas “as formas de violência no contexto escolar e a importância de atentarmos para as relações interpessoais, visando a construção coletiva de cultura de paz dentre todos os atores participativos da instituição educadora, o que pressupõe uma rede de relações mais dialógicas e baseadas no respeito mútuo à dignidade da pessoa.” (trecho do projeto)</p>



<p><strong>Oficinas de Orientação para Estudos</strong><br>Em parceria com o Núcleo de Apoio Pedagógico e Psicossocial – NAPSI, o NUAPE realizou Oficinas de Orientação para Estudos com o objetivo de orientar e estimular os estudantes a avaliarem a necessidade e importância da aquisição de hábitos de estudo para as suas rotinas diárias e a se reconhecerem como sujeitos ativos das suas próprias aprendizagens e da construção do conhecimento.<br></p>

<p>Os Institutos Federais são autarquias detentoras de autonomia administrativa, patrimonial, financeira, didático-pedagógica e disciplinar e obedecem à verticalização do ensino e sua integração com a pesquisa e a extensão. ENSINOO currículo no IF Baiano está fundamentado em bases filosóficas, epistemológicas, metodológicas, socioculturais e legais, expressas no seu Estatuto, sendo norteado pelos princípios da estética, da [&hellip;]</p>
