{"id":2338,"date":"2019-06-10T15:44:49","date_gmt":"2019-06-10T18:44:49","guid":{"rendered":"http:\/\/www.ifbaiano.edu.br\/unidades\/alagoinhas\/?page_id=2338"},"modified":"2019-07-29T00:07:39","modified_gmt":"2019-07-29T03:07:39","slug":"comunidade-externa","status":"publish","type":"page","link":"https:\/\/www.ifbaiano.edu.br\/unidades\/alagoinhas\/comunidade-externa\/","title":{"rendered":"Comunidade Externa"},"content":{"rendered":"\n<p> <br><em><strong>Nesta se\u00e7\u00e3o ser\u00e3o divulgados os documentos referentes \u00e0 concursos e sele\u00e7\u00f5es destinados \u00e0 comunidade externa do Campus Alagoinhas.<\/strong><\/em><\/p>\n\n\n\n<p>Concursos para servidor(a) efetivo(a), professor(a) tempor\u00e1rio(a) e substituto(a) e sele\u00e7\u00e3o de estudantes s\u00e3o realizados pelo IF Baiano e seus editais e resultados podem ser encontrados <a rel=\"noreferrer noopener\" href=\"http:\/\/ifbaiano.edu.br\/portal\/concursos\/\" target=\"_blank\">aqui<\/a>. <br><\/p>\n\n\n\n<p><strong>CONCURSO SIMPLIFICADO PARA PROFESSOR(A) SUBSTITUTO(A) E TEMPOR\u00c1RIO(A)<\/strong><br>&#8211;<\/p>\n\n\n\n<p><strong>SELE\u00c7\u00c3O DE ALUNO(A) REGULAR<\/strong><br><a rel=\"noreferrer noopener\" aria-label=\"Curso de Especializa\u00e7\u00e3o em Ensino de Ci\u00eancias Naturais e Matem\u00e1tica (2019) (abre numa nova aba)\" href=\"http:\/\/www.ifbaiano.edu.br\/unidades\/alagoinhas\/2019\/04\/17\/curso-de-especializacao-em-ensino-de-ciencias-naturais-e-matematica\/\" target=\"_blank\">Curso de Especializa\u00e7\u00e3o em Ensino de Ci\u00eancias Naturais e Matem\u00e1tica (2019)<\/a><\/p>\n\n\n\n<p><strong>SELE\u00c7\u00c3O PARA PROJETOS DE EXTENS\u00c3O<\/strong><br>&#8211;<\/p>\n","protected":false},"excerpt":{"rendered":"<p>Nesta se\u00e7\u00e3o ser\u00e3o divulgados os documentos referentes \u00e0 concursos e sele\u00e7\u00f5es destinados \u00e0 comunidade externa do Campus Alagoinhas. Concursos para servidor(a) efetivo(a), professor(a) tempor\u00e1rio(a) e substituto(a) e sele\u00e7\u00e3o de estudantes s\u00e3o realizados pelo IF Baiano e seus editais e resultados podem ser encontrados aqui. CONCURSO SIMPLIFICADO PARA PROFESSOR(A) SUBSTITUTO(A) E TEMPOR\u00c1RIO(A)&#8211; SELE\u00c7\u00c3O DE ALUNO(A) REGULARCurso [&hellip;]<\/p>\n","protected":false},"author":117,"featured_media":0,"parent":0,"menu_order":26,"comment_status":"closed","ping_status":"closed","template":"","meta":[],"_links":{"self":[{"href":"https:\/\/www.ifbaiano.edu.br\/unidades\/alagoinhas\/wp-json\/wp\/v2\/pages\/2338"}],"collection":[{"href":"https:\/\/www.ifbaiano.edu.br\/unidades\/alagoinhas\/wp-json\/wp\/v2\/pages"}],"about":[{"href":"https:\/\/www.ifbaiano.edu.br\/unidades\/alagoinhas\/wp-json\/wp\/v2\/types\/page"}],"author":[{"embeddable":true,"href":"https:\/\/www.ifbaiano.edu.br\/unidades\/alagoinhas\/wp-json\/wp\/v2\/users\/117"}],"replies":[{"embeddable":true,"href":"https:\/\/www.ifbaiano.edu.br\/unidades\/alagoinhas\/wp-json\/wp\/v2\/comments?post=2338"}],"version-history":[{"count":10,"href":"https:\/\/www.ifbaiano.edu.br\/unidades\/alagoinhas\/wp-json\/wp\/v2\/pages\/2338\/revisions"}],"predecessor-version":[{"id":2443,"href":"https:\/\/www.ifbaiano.edu.br\/unidades\/alagoinhas\/wp-json\/wp\/v2\/pages\/2338\/revisions\/2443"}],"wp:attachment":[{"href":"https:\/\/www.ifbaiano.edu.br\/unidades\/alagoinhas\/wp-json\/wp\/v2\/media?parent=2338"}],"curies":[{"name":"wp","href":"https:\/\/api.w.org\/{rel}","templated":true}]}}