{"id":2665,"date":"2020-04-20T18:09:25","date_gmt":"2020-04-20T21:09:25","guid":{"rendered":"https:\/\/www.ifbaiano.edu.br\/unidades\/alagoinhas\/?page_id=2665"},"modified":"2020-04-20T18:12:09","modified_gmt":"2020-04-20T21:12:09","slug":"criando-redes-sociais","status":"publish","type":"page","link":"https:\/\/www.ifbaiano.edu.br\/unidades\/alagoinhas\/criando-redes-sociais\/","title":{"rendered":"Criando redes sociais"},"content":{"rendered":"\n<p>\n\nAs redes e plataformas sociais s\u00e3o canais de contato, comunica\u00e7\u00e3o e relacionamento estrat\u00e9gicos do IF Baiano com seus diversos p\u00fablicos. Dessa maneira, a comunica\u00e7\u00e3o nas redes sociais deve seguir as determina\u00e7\u00f5es legais vigentes para a comunica\u00e7\u00e3o e devem ser respeitados os padr\u00f5es de conte\u00fado e identidade visual aplicados \u00e0 comunica\u00e7\u00e3o digital da Rede Federal e do Instituto.<\/p>\n\n\n\n<p>No \u00e2mbito do IF Baiano, essa atribui\u00e7\u00e3o cabe \u00e0 Coordena\u00e7\u00e3o de Comunica\u00e7\u00e3o Social e aos N\u00facleos de Comunica\u00e7\u00e3o e Eventos (NCE) formalizados em cada Campus, que gerenciam a comunica\u00e7\u00e3o digital institucional e tem os conhecimentos t\u00e9cnicos e de legisla\u00e7\u00e3o necess\u00e1rios a esse trabalho. Estes setores t\u00eam a responsabilidade de se posicionar como fonte oficial do Instituto, inclusive na eventualidade de crises de imagem. Por isso, a cria\u00e7\u00e3o de perfis institucionais \u00e9 apenas recomendada, nos documentos oficiais, quando h\u00e1 agente ou setor capacitado para gerenci\u00e1-las de forma profissional. <\/p>\n\n\n\n<p>\n\nDentro das orienta\u00e7\u00f5es atualmente vigentes na comunica\u00e7\u00e3o institucional do IF Baiano, est\u00e3o previstos os perfis de redes sociais do Instituto Federal, gerenciadas pela Coordena\u00e7\u00e3o de Comunica\u00e7\u00e3o Social; bem como a possibilidade de cria\u00e7\u00e3o de perfis de redes sociais institucionais para cada campus, gerenciados pelos n\u00facleos de comunica\u00e7\u00e3o sob supervis\u00e3o da Coordena\u00e7\u00e3o. Dessa forma, os comunicados mais relevantes de cada setor e n\u00facleo de cada campus devem ser centralizados nas redes sociais do mesmo.<\/p>\n\n\n\n<p>Perfis adicionais pulverizam a aten\u00e7\u00e3o dos p\u00fablicos e tornam mais dif\u00edcil a gest\u00e3o e monitoramento das redes sociais, atendimento \u00e0 totalidade de demandas e a revers\u00e3o de eventuais crises.<\/p>\n\n\n\n<p><strong>Para criar um perfil institucional<\/strong>, sejam estes ligados a n\u00facleos, coordena\u00e7\u00f5es, dire\u00e7\u00f5es ou projetos, \u00e9 necess\u00e1rio consultar o NCE, informando seus\/suas:<br>&#8211; objetivos gerais e espec\u00edficos, que devem coincidir com os objetivos do Instituto Federal Baiano ;<br>&#8211; justificativas;<br>&#8211; p\u00fablicos-alvo, que devem coincidir com o p\u00fablico-alvo direto ou indireto do IF Baiano;<br>&#8211; administradores\/as (nome dos\/as servidores\/as, matr\u00edcula SIAPE e n\u00fameros de celulares que operam o canal);<br>&#8211; email e senha, para serem moderados pelo NCE. <\/p>\n","protected":false},"excerpt":{"rendered":"<p>As redes e plataformas sociais s\u00e3o canais de contato, comunica\u00e7\u00e3o e relacionamento estrat\u00e9gicos do IF Baiano com seus diversos p\u00fablicos. Dessa maneira, a comunica\u00e7\u00e3o nas redes sociais deve seguir as determina\u00e7\u00f5es legais vigentes para a comunica\u00e7\u00e3o e devem ser respeitados os padr\u00f5es de conte\u00fado e identidade visual aplicados \u00e0 comunica\u00e7\u00e3o digital da Rede Federal e [&hellip;]<\/p>\n","protected":false},"author":117,"featured_media":0,"parent":0,"menu_order":34,"comment_status":"closed","ping_status":"closed","template":"","meta":[],"_links":{"self":[{"href":"https:\/\/www.ifbaiano.edu.br\/unidades\/alagoinhas\/wp-json\/wp\/v2\/pages\/2665"}],"collection":[{"href":"https:\/\/www.ifbaiano.edu.br\/unidades\/alagoinhas\/wp-json\/wp\/v2\/pages"}],"about":[{"href":"https:\/\/www.ifbaiano.edu.br\/unidades\/alagoinhas\/wp-json\/wp\/v2\/types\/page"}],"author":[{"embeddable":true,"href":"https:\/\/www.ifbaiano.edu.br\/unidades\/alagoinhas\/wp-json\/wp\/v2\/users\/117"}],"replies":[{"embeddable":true,"href":"https:\/\/www.ifbaiano.edu.br\/unidades\/alagoinhas\/wp-json\/wp\/v2\/comments?post=2665"}],"version-history":[{"count":2,"href":"https:\/\/www.ifbaiano.edu.br\/unidades\/alagoinhas\/wp-json\/wp\/v2\/pages\/2665\/revisions"}],"predecessor-version":[{"id":2669,"href":"https:\/\/www.ifbaiano.edu.br\/unidades\/alagoinhas\/wp-json\/wp\/v2\/pages\/2665\/revisions\/2669"}],"wp:attachment":[{"href":"https:\/\/www.ifbaiano.edu.br\/unidades\/alagoinhas\/wp-json\/wp\/v2\/media?parent=2665"}],"curies":[{"name":"wp","href":"https:\/\/api.w.org\/{rel}","templated":true}]}}

<p>

As redes e plataformas sociais são canais de contato, comunicação e relacionamento estratégicos do IF Baiano com seus diversos públicos. Dessa maneira, a comunicação nas redes sociais deve seguir as determinações legais vigentes para a comunicação e devem ser respeitados os padrões de conteúdo e identidade visual aplicados à comunicação digital da Rede Federal e do Instituto.</p>



<p>No âmbito do IF Baiano, essa atribuição cabe à Coordenação de Comunicação Social e aos Núcleos de Comunicação e Eventos (NCE) formalizados em cada Campus, que gerenciam a comunicação digital institucional e tem os conhecimentos técnicos e de legislação necessários a esse trabalho. Estes setores têm a responsabilidade de se posicionar como fonte oficial do Instituto, inclusive na eventualidade de crises de imagem. Por isso, a criação de perfis institucionais é apenas recomendada, nos documentos oficiais, quando há agente ou setor capacitado para gerenciá-las de forma profissional. </p>



<p>

Dentro das orientações atualmente vigentes na comunicação institucional do IF Baiano, estão previstos os perfis de redes sociais do Instituto Federal, gerenciadas pela Coordenação de Comunicação Social; bem como a possibilidade de criação de perfis de redes sociais institucionais para cada campus, gerenciados pelos núcleos de comunicação sob supervisão da Coordenação. Dessa forma, os comunicados mais relevantes de cada setor e núcleo de cada campus devem ser centralizados nas redes sociais do mesmo.</p>



<p>Perfis adicionais pulverizam a atenção dos públicos e tornam mais difícil a gestão e monitoramento das redes sociais, atendimento à totalidade de demandas e a reversão de eventuais crises.</p>



<p><strong>Para criar um perfil institucional</strong>, sejam estes ligados a núcleos, coordenações, direções ou projetos, é necessário consultar o NCE, informando seus/suas:<br>&#8211; objetivos gerais e específicos, que devem coincidir com os objetivos do Instituto Federal Baiano ;<br>&#8211; justificativas;<br>&#8211; públicos-alvo, que devem coincidir com o público-alvo direto ou indireto do IF Baiano;<br>&#8211; administradores/as (nome dos/as servidores/as, matrícula SIAPE e números de celulares que operam o canal);<br>&#8211; email e senha, para serem moderados pelo NCE. </p>

<p>As redes e plataformas sociais são canais de contato, comunicação e relacionamento estratégicos do IF Baiano com seus diversos públicos. Dessa maneira, a comunicação nas redes sociais deve seguir as determinações legais vigentes para a comunicação e devem ser respeitados os padrões de conteúdo e identidade visual aplicados à comunicação digital da Rede Federal e [&hellip;]</p>
