{"id":2709,"date":"2020-05-15T17:16:51","date_gmt":"2020-05-15T20:16:51","guid":{"rendered":"https:\/\/www.ifbaiano.edu.br\/unidades\/alagoinhas\/?page_id=2709"},"modified":"2021-07-01T15:34:11","modified_gmt":"2021-07-01T18:34:11","slug":"informacoes-gerais","status":"publish","type":"page","link":"https:\/\/www.ifbaiano.edu.br\/unidades\/alagoinhas\/informacoes-gerais\/","title":{"rendered":""},"content":{"rendered":"\n<figure class=\"wp-block-image size-large is-resized\"><img decoding=\"async\" loading=\"lazy\" src=\"https:\/\/www.ifbaiano.edu.br\/unidades\/alagoinhas\/files\/2020\/05\/Informa\u00e7\u00f5es-gerais-capa-1.png\" alt=\"\" class=\"wp-image-2800\" width=\"974\" height=\"204\" \/><\/figure>\n\n\n\n<p><strong>O QUE \u00c9 O EST\u00c1GIO?<\/strong><br>O est\u00e1gio \u00e9 ato educativo escolar supervisionado, desenvolvido no ambiente de trabalho, que visa \u00e0 prepara\u00e7\u00e3o para o trabalho produtivo de estudantes que estiverem frequentando o ensino regular, em institui\u00e7\u00f5es de educa\u00e7\u00e3o superior, de educa\u00e7\u00e3o profissional, de ensino m\u00e9dio, da educa\u00e7\u00e3o especial e dos anos finais do ensino fundamental, na modalidade profissional da educa\u00e7\u00e3o de jovens e adultos (Art. 1\u00ba da Lei n\u00ba 11.788\/2008).<\/p>\n\n\n\n<p><strong>MODALIDADES DE EST\u00c1GIO<\/strong><\/p>\n\n\n\n<figure class=\"wp-block-table is-style-stripes\"><table><tbody><tr><td><strong> 1. EST\u00c1GIO OBRIGAT\u00d3RIO<\/strong><\/td><\/tr><tr><td> O Est\u00e1gio Obrigat\u00f3rio compreende o processo formativo do(a) estudante sendo definido no Projeto Pedag\u00f3gico de Curso, cujo cumprimento da carga hor\u00e1ria \u00e9 requisito para aprova\u00e7\u00e3o e obten\u00e7\u00e3o de diploma.  <\/td><\/tr><tr><td><strong> 2. EST\u00c1GIO N\u00c3O-OBRIGAT\u00d3RIO<\/strong><\/td><\/tr><tr><td> Caracteriza-se por atividade opcional ao (\u00e0) discente, extra \u00e0 carga hor\u00e1ria regular, sendo sua oferta facultativa ao curso, realizado a partir da demanda discente.  <\/td><\/tr><\/tbody><\/table><\/figure>\n","protected":false},"excerpt":{"rendered":"<p>O QUE \u00c9 O EST\u00c1GIO?O est\u00e1gio \u00e9 ato educativo escolar supervisionado, desenvolvido no ambiente de trabalho, que visa \u00e0 prepara\u00e7\u00e3o para o trabalho produtivo de estudantes que estiverem frequentando o ensino regular, em institui\u00e7\u00f5es de educa\u00e7\u00e3o superior, de educa\u00e7\u00e3o profissional, de ensino m\u00e9dio, da educa\u00e7\u00e3o especial e dos anos finais do ensino fundamental, na modalidade [&hellip;]<\/p>\n","protected":false},"author":117,"featured_media":2754,"parent":0,"menu_order":1,"comment_status":"closed","ping_status":"closed","template":"","meta":[],"_links":{"self":[{"href":"https:\/\/www.ifbaiano.edu.br\/unidades\/alagoinhas\/wp-json\/wp\/v2\/pages\/2709"}],"collection":[{"href":"https:\/\/www.ifbaiano.edu.br\/unidades\/alagoinhas\/wp-json\/wp\/v2\/pages"}],"about":[{"href":"https:\/\/www.ifbaiano.edu.br\/unidades\/alagoinhas\/wp-json\/wp\/v2\/types\/page"}],"author":[{"embeddable":true,"href":"https:\/\/www.ifbaiano.edu.br\/unidades\/alagoinhas\/wp-json\/wp\/v2\/users\/117"}],"replies":[{"embeddable":true,"href":"https:\/\/www.ifbaiano.edu.br\/unidades\/alagoinhas\/wp-json\/wp\/v2\/comments?post=2709"}],"version-history":[{"count":20,"href":"https:\/\/www.ifbaiano.edu.br\/unidades\/alagoinhas\/wp-json\/wp\/v2\/pages\/2709\/revisions"}],"predecessor-version":[{"id":3382,"href":"https:\/\/www.ifbaiano.edu.br\/unidades\/alagoinhas\/wp-json\/wp\/v2\/pages\/2709\/revisions\/3382"}],"wp:featuredmedia":[{"embeddable":true,"href":"https:\/\/www.ifbaiano.edu.br\/unidades\/alagoinhas\/wp-json\/wp\/v2\/media\/2754"}],"wp:attachment":[{"href":"https:\/\/www.ifbaiano.edu.br\/unidades\/alagoinhas\/wp-json\/wp\/v2\/media?parent=2709"}],"curies":[{"name":"wp","href":"https:\/\/api.w.org\/{rel}","templated":true}]}}

<figure class="wp-block-image size-large is-resized"><img decoding="async" loading="lazy" src="https://www.ifbaiano.edu.br/unidades/alagoinhas/files/2020/05/Informações-gerais-capa-1.png" alt="" class="wp-image-2800" width="974" height="204" /></figure>



<p><strong>O QUE É O ESTÁGIO?</strong><br>O estágio é ato educativo escolar supervisionado, desenvolvido no ambiente de trabalho, que visa à preparação para o trabalho produtivo de estudantes que estiverem frequentando o ensino regular, em instituições de educação superior, de educação profissional, de ensino médio, da educação especial e dos anos finais do ensino fundamental, na modalidade profissional da educação de jovens e adultos (Art. 1º da Lei nº 11.788/2008).</p>



<p><strong>MODALIDADES DE ESTÁGIO</strong></p>



<figure class="wp-block-table is-style-stripes"><table><tbody><tr><td><strong> 1. ESTÁGIO OBRIGATÓRIO</strong></td></tr><tr><td> O Estágio Obrigatório compreende o processo formativo do(a) estudante sendo definido no Projeto Pedagógico de Curso, cujo cumprimento da carga horária é requisito para aprovação e obtenção de diploma.  </td></tr><tr><td><strong> 2. ESTÁGIO NÃO-OBRIGATÓRIO</strong></td></tr><tr><td> Caracteriza-se por atividade opcional ao (à) discente, extra à carga horária regular, sendo sua oferta facultativa ao curso, realizado a partir da demanda discente.  </td></tr></tbody></table></figure>

<p>O QUE É O ESTÁGIO?O estágio é ato educativo escolar supervisionado, desenvolvido no ambiente de trabalho, que visa à preparação para o trabalho produtivo de estudantes que estiverem frequentando o ensino regular, em instituições de educação superior, de educação profissional, de ensino médio, da educação especial e dos anos finais do ensino fundamental, na modalidade [&hellip;]</p>
