{"id":2718,"date":"2020-05-15T18:02:14","date_gmt":"2020-05-15T21:02:14","guid":{"rendered":"https:\/\/www.ifbaiano.edu.br\/unidades\/alagoinhas\/?page_id=2718"},"modified":"2021-07-20T19:02:57","modified_gmt":"2021-07-20T22:02:57","slug":"leis-e-normas-do-estagio","status":"publish","type":"page","link":"https:\/\/www.ifbaiano.edu.br\/unidades\/alagoinhas\/leis-e-normas-do-estagio\/","title":{"rendered":""},"content":{"rendered":"\n<figure class=\"wp-block-image size-large is-resized\"><img decoding=\"async\" loading=\"lazy\" src=\"https:\/\/www.ifbaiano.edu.br\/unidades\/alagoinhas\/files\/2020\/05\/Lei-e-normas-de-est\u00e1gio-capa.png\" alt=\"\" class=\"wp-image-2809\" width=\"974\" height=\"204\" \/><\/figure>\n\n\n\n<p><strong>LEIS E NORMAS DE EST\u00c1GIO<\/strong><br><em>Consulte aqui o que leis e normas institucionais determinam sobre est\u00e1gio.<\/em><\/p>\n\n\n\n<p><a rel=\"noreferrer noopener\" aria-label=\"Lei do Est\u00e1gio (abre numa nova aba)\" href=\"http:\/\/www.planalto.gov.br\/ccivil_03\/_ato2007-2010\/2008\/lei\/l11788.htm\" target=\"_blank\">Lei do Est\u00e1gio<\/a> (Lei Federal N\u00ba 11.788, de 25 de setembro de 2008).<br><a rel=\"noreferrer noopener\" aria-label=\"Orienta\u00e7\u00e3o Normativa N\u00ba 7 (abre numa nova aba)\" href=\"http:\/\/www.adur-rj.org.br\/4poli\/gruposadur\/gtpe\/orientacao_normativa7_30_10_08.htm\" target=\"_blank\">Orienta\u00e7\u00e3o Normativa N\u00ba 7<\/a>, de 30 de outubro de 2008.<br><a rel=\"noreferrer noopener\" aria-label=\"Cartilha sobre a Lei do Est\u00e1gio (abre numa nova aba)\" href=\"https:\/\/site.dc.ufscar.br\/estagio\/Ministerio_do_Trabalho_Nova_Cartilha_do_Estagio.pdf\" target=\"_blank\">Cartilha sobre a Lei do Est\u00e1gio<\/a>, do Minist\u00e9rio do Trabalho.<br><\/p>\n\n\n\n<div class=\"wp-block-file\"><a href=\"https:\/\/www.ifbaiano.edu.br\/unidades\/alagoinhas\/files\/2021\/07\/12-ANEXO-XII-MANUAL-PARA-ELABORACAO-DO-RELATORIO-DE-ESTAGIO-OBRIGATORIO-1.pdf\">MANUAL PARA ELABORA\u00c7\u00c3O DO RELAT\u00d3RIO DE EST\u00c1GIO OBRIGAT\u00d3RIO<\/a><\/div>\n\n\n\n<div class=\"wp-block-file\"><a href=\"https:\/\/www.ifbaiano.edu.br\/unidades\/alagoinhas\/files\/2021\/07\/Regulamento-de-Estagio_EPTNM-2020.pdf\">Regulamento de Est\u00e1gio EPTNM-2020<\/a><\/div>\n\n\n\n<p><strong>PROJETOS PEDAG\u00d3GICOS DOS CURSOS (EXTRATO SOBRE EST\u00c1GIO)<\/strong><br><em>Consulte aqui o que determina cada projeto de curso acerca de est\u00e1gio.<\/em><\/p>\n\n\n\n<div class=\"wp-block-file\"><a href=\"https:\/\/www.ifbaiano.edu.br\/unidades\/alagoinhas\/files\/2020\/05\/extrato-est\u00e1gio-agroindustria.pdf\">Curso T\u00e9cnico em Agroind\u00fastria Subsequente ao Ensino M\u00e9dio<\/a><a href=\"https:\/\/www.ifbaiano.edu.br\/unidades\/alagoinhas\/files\/2020\/05\/extrato-est\u00e1gio-agroindustria.pdf\" class=\"wp-block-file__button\" download>Baixar<\/a><\/div>\n\n\n\n<div class=\"wp-block-file\"><a href=\"https:\/\/www.ifbaiano.edu.br\/unidades\/alagoinhas\/files\/2020\/05\/Extrato-est\u00e1gio-Agroecologia-2018.pdf\">Curso T\u00e9cnico em Agroecologia Integrado ao Ensino M\u00e9dio (estudantes que ingressaram antes de 2020)<\/a><a href=\"https:\/\/www.ifbaiano.edu.br\/unidades\/alagoinhas\/files\/2020\/05\/Extrato-est\u00e1gio-Agroecologia-2018.pdf\" class=\"wp-block-file__button\" download>Baixar<\/a><\/div>\n\n\n\n<div class=\"wp-block-file\"><a href=\"https:\/\/www.ifbaiano.edu.br\/unidades\/alagoinhas\/files\/2020\/05\/extrato-est\u00e1gio-agroecologia-2020.pdf\">Curso T\u00e9cnico em Agroecologia Integrado ao Ensino M\u00e9dio (estudantes que ingressaram a partir de 2020)<\/a><a href=\"https:\/\/www.ifbaiano.edu.br\/unidades\/alagoinhas\/files\/2020\/05\/extrato-est\u00e1gio-agroecologia-2020.pdf\" class=\"wp-block-file__button\" download>Baixar<\/a><\/div>\n\n\n\n<p><\/p>\n","protected":false},"excerpt":{"rendered":"<p>LEIS E NORMAS DE EST\u00c1GIOConsulte aqui o que leis e normas institucionais determinam sobre est\u00e1gio. Lei do Est\u00e1gio (Lei Federal N\u00ba 11.788, de 25 de setembro de 2008).Orienta\u00e7\u00e3o Normativa N\u00ba 7, de 30 de outubro de 2008.Cartilha sobre a Lei do Est\u00e1gio, do Minist\u00e9rio do Trabalho. PROJETOS PEDAG\u00d3GICOS DOS CURSOS (EXTRATO SOBRE EST\u00c1GIO)Consulte aqui o [&hellip;]<\/p>\n","protected":false},"author":117,"featured_media":0,"parent":0,"menu_order":2,"comment_status":"closed","ping_status":"closed","template":"","meta":[],"_links":{"self":[{"href":"https:\/\/www.ifbaiano.edu.br\/unidades\/alagoinhas\/wp-json\/wp\/v2\/pages\/2718"}],"collection":[{"href":"https:\/\/www.ifbaiano.edu.br\/unidades\/alagoinhas\/wp-json\/wp\/v2\/pages"}],"about":[{"href":"https:\/\/www.ifbaiano.edu.br\/unidades\/alagoinhas\/wp-json\/wp\/v2\/types\/page"}],"author":[{"embeddable":true,"href":"https:\/\/www.ifbaiano.edu.br\/unidades\/alagoinhas\/wp-json\/wp\/v2\/users\/117"}],"replies":[{"embeddable":true,"href":"https:\/\/www.ifbaiano.edu.br\/unidades\/alagoinhas\/wp-json\/wp\/v2\/comments?post=2718"}],"version-history":[{"count":8,"href":"https:\/\/www.ifbaiano.edu.br\/unidades\/alagoinhas\/wp-json\/wp\/v2\/pages\/2718\/revisions"}],"predecessor-version":[{"id":3440,"href":"https:\/\/www.ifbaiano.edu.br\/unidades\/alagoinhas\/wp-json\/wp\/v2\/pages\/2718\/revisions\/3440"}],"wp:attachment":[{"href":"https:\/\/www.ifbaiano.edu.br\/unidades\/alagoinhas\/wp-json\/wp\/v2\/media?parent=2718"}],"curies":[{"name":"wp","href":"https:\/\/api.w.org\/{rel}","templated":true}]}}

<figure class="wp-block-image size-large is-resized"><img decoding="async" loading="lazy" src="https://www.ifbaiano.edu.br/unidades/alagoinhas/files/2020/05/Lei-e-normas-de-estágio-capa.png" alt="" class="wp-image-2809" width="974" height="204" /></figure>



<p><strong>LEIS E NORMAS DE ESTÁGIO</strong><br><em>Consulte aqui o que leis e normas institucionais determinam sobre estágio.</em></p>



<p><a rel="noreferrer noopener" aria-label="Lei do Estágio (abre numa nova aba)" href="http://www.planalto.gov.br/ccivil_03/_ato2007-2010/2008/lei/l11788.htm" target="_blank">Lei do Estágio</a> (Lei Federal Nº 11.788, de 25 de setembro de 2008).<br><a rel="noreferrer noopener" aria-label="Orientação Normativa Nº 7 (abre numa nova aba)" href="http://www.adur-rj.org.br/4poli/gruposadur/gtpe/orientacao_normativa7_30_10_08.htm" target="_blank">Orientação Normativa Nº 7</a>, de 30 de outubro de 2008.<br><a rel="noreferrer noopener" aria-label="Cartilha sobre a Lei do Estágio (abre numa nova aba)" href="https://site.dc.ufscar.br/estagio/Ministerio_do_Trabalho_Nova_Cartilha_do_Estagio.pdf" target="_blank">Cartilha sobre a Lei do Estágio</a>, do Ministério do Trabalho.<br></p>



<div class="wp-block-file"><a href="https://www.ifbaiano.edu.br/unidades/alagoinhas/files/2021/07/12-ANEXO-XII-MANUAL-PARA-ELABORACAO-DO-RELATORIO-DE-ESTAGIO-OBRIGATORIO-1.pdf">MANUAL PARA ELABORAÇÃO DO RELATÓRIO DE ESTÁGIO OBRIGATÓRIO</a></div>



<div class="wp-block-file"><a href="https://www.ifbaiano.edu.br/unidades/alagoinhas/files/2021/07/Regulamento-de-Estagio_EPTNM-2020.pdf">Regulamento de Estágio EPTNM-2020</a></div>



<p><strong>PROJETOS PEDAGÓGICOS DOS CURSOS (EXTRATO SOBRE ESTÁGIO)</strong><br><em>Consulte aqui o que determina cada projeto de curso acerca de estágio.</em></p>



<div class="wp-block-file"><a href="https://www.ifbaiano.edu.br/unidades/alagoinhas/files/2020/05/extrato-estágio-agroindustria.pdf">Curso Técnico em Agroindústria Subsequente ao Ensino Médio</a><a href="https://www.ifbaiano.edu.br/unidades/alagoinhas/files/2020/05/extrato-estágio-agroindustria.pdf" class="wp-block-file__button" download>Baixar</a></div>



<div class="wp-block-file"><a href="https://www.ifbaiano.edu.br/unidades/alagoinhas/files/2020/05/Extrato-estágio-Agroecologia-2018.pdf">Curso Técnico em Agroecologia Integrado ao Ensino Médio (estudantes que ingressaram antes de 2020)</a><a href="https://www.ifbaiano.edu.br/unidades/alagoinhas/files/2020/05/Extrato-estágio-Agroecologia-2018.pdf" class="wp-block-file__button" download>Baixar</a></div>



<div class="wp-block-file"><a href="https://www.ifbaiano.edu.br/unidades/alagoinhas/files/2020/05/extrato-estágio-agroecologia-2020.pdf">Curso Técnico em Agroecologia Integrado ao Ensino Médio (estudantes que ingressaram a partir de 2020)</a><a href="https://www.ifbaiano.edu.br/unidades/alagoinhas/files/2020/05/extrato-estágio-agroecologia-2020.pdf" class="wp-block-file__button" download>Baixar</a></div>



<p></p>

<p>LEIS E NORMAS DE ESTÁGIOConsulte aqui o que leis e normas institucionais determinam sobre estágio. Lei do Estágio (Lei Federal Nº 11.788, de 25 de setembro de 2008).Orientação Normativa Nº 7, de 30 de outubro de 2008.Cartilha sobre a Lei do Estágio, do Ministério do Trabalho. PROJETOS PEDAGÓGICOS DOS CURSOS (EXTRATO SOBRE ESTÁGIO)Consulte aqui o [&hellip;]</p>
