{"id":2744,"date":"2020-05-20T12:44:54","date_gmt":"2020-05-20T15:44:54","guid":{"rendered":"https:\/\/www.ifbaiano.edu.br\/unidades\/alagoinhas\/?page_id=2744"},"modified":"2020-05-29T15:12:30","modified_gmt":"2020-05-29T18:12:30","slug":"avaliacao-do-estagio-pelo-estudante","status":"publish","type":"page","link":"https:\/\/www.ifbaiano.edu.br\/unidades\/alagoinhas\/avaliacao-do-estagio-pelo-estudante\/","title":{"rendered":""},"content":{"rendered":"\n<figure class=\"wp-block-image size-large is-resized\"><img decoding=\"async\" loading=\"lazy\" src=\"https:\/\/www.ifbaiano.edu.br\/unidades\/alagoinhas\/files\/2020\/05\/Avalia\u00e7\u00e3o-de-est\u00e1gio-pelo-estudante-capa.png\" alt=\"\" class=\"wp-image-2813\" width=\"974\" height=\"204\" \/><\/figure>\n\n\n\n<p>Este question\u00e1rio visa obter informa\u00e7\u00f5es e sugest\u00f5es, que nos auxiliem no processo de avalia\u00e7\u00e3o do est\u00e1gio\/estagi\u00e1rio, a fim de subsidiar informa\u00e7\u00f5es, para que possamos atender aos anseios dos estudantes e \u00e0s exig\u00eancias do mercado de trabalho.<\/p>\n\n\n\n<p><strong>CURSO T\u00c9CNICO EM AGROIND\u00daSTRIA SUBSEQUENTE AO ENSINO M\u00c9DIO<\/strong><br><a rel=\"noreferrer noopener\" aria-label=\"CONCLUINTES ANO 2019.1 (abre numa nova aba)\" href=\"https:\/\/docs.google.com\/forms\/d\/e\/1FAIpQLSdDDOcsAKvbnl0QxZs9AmVF0spq-zK3Nn4xDEXyBESwysJgYA\/viewform\" target=\"_blank\">CONCLUINTES ANO 2019.1<\/a><br><em>Somente deve ser preenchido pelos estudantes do Curso T\u00e9cnico em Agroind\u00fastria Subsequente ao Ensino M\u00e9dio que conclu\u00edram todas as disciplinas em 2019.1<\/em>.<\/p>\n\n\n\n<p><strong>CURSO T\u00c9CNICO EM AGROECOLOGIA INTEGRADO AO ENSINO M\u00c9DIO<\/strong><br>&#8211;<br>&#8211;<\/p>\n","protected":false},"excerpt":{"rendered":"<p>Este question\u00e1rio visa obter informa\u00e7\u00f5es e sugest\u00f5es, que nos auxiliem no processo de avalia\u00e7\u00e3o do est\u00e1gio\/estagi\u00e1rio, a fim de subsidiar informa\u00e7\u00f5es, para que possamos atender aos anseios dos estudantes e \u00e0s exig\u00eancias do mercado de trabalho. CURSO T\u00c9CNICO EM AGROIND\u00daSTRIA SUBSEQUENTE AO ENSINO M\u00c9DIOCONCLUINTES ANO 2019.1Somente deve ser preenchido pelos estudantes do Curso T\u00e9cnico em [&hellip;]<\/p>\n","protected":false},"author":117,"featured_media":0,"parent":0,"menu_order":4,"comment_status":"closed","ping_status":"closed","template":"","meta":[],"_links":{"self":[{"href":"https:\/\/www.ifbaiano.edu.br\/unidades\/alagoinhas\/wp-json\/wp\/v2\/pages\/2744"}],"collection":[{"href":"https:\/\/www.ifbaiano.edu.br\/unidades\/alagoinhas\/wp-json\/wp\/v2\/pages"}],"about":[{"href":"https:\/\/www.ifbaiano.edu.br\/unidades\/alagoinhas\/wp-json\/wp\/v2\/types\/page"}],"author":[{"embeddable":true,"href":"https:\/\/www.ifbaiano.edu.br\/unidades\/alagoinhas\/wp-json\/wp\/v2\/users\/117"}],"replies":[{"embeddable":true,"href":"https:\/\/www.ifbaiano.edu.br\/unidades\/alagoinhas\/wp-json\/wp\/v2\/comments?post=2744"}],"version-history":[{"count":8,"href":"https:\/\/www.ifbaiano.edu.br\/unidades\/alagoinhas\/wp-json\/wp\/v2\/pages\/2744\/revisions"}],"predecessor-version":[{"id":2832,"href":"https:\/\/www.ifbaiano.edu.br\/unidades\/alagoinhas\/wp-json\/wp\/v2\/pages\/2744\/revisions\/2832"}],"wp:attachment":[{"href":"https:\/\/www.ifbaiano.edu.br\/unidades\/alagoinhas\/wp-json\/wp\/v2\/media?parent=2744"}],"curies":[{"name":"wp","href":"https:\/\/api.w.org\/{rel}","templated":true}]}}

<figure class="wp-block-image size-large is-resized"><img decoding="async" loading="lazy" src="https://www.ifbaiano.edu.br/unidades/alagoinhas/files/2020/05/Avaliação-de-estágio-pelo-estudante-capa.png" alt="" class="wp-image-2813" width="974" height="204" /></figure>



<p>Este questionário visa obter informações e sugestões, que nos auxiliem no processo de avaliação do estágio/estagiário, a fim de subsidiar informações, para que possamos atender aos anseios dos estudantes e às exigências do mercado de trabalho.</p>



<p><strong>CURSO TÉCNICO EM AGROINDÚSTRIA SUBSEQUENTE AO ENSINO MÉDIO</strong><br><a rel="noreferrer noopener" aria-label="CONCLUINTES ANO 2019.1 (abre numa nova aba)" href="https://docs.google.com/forms/d/e/1FAIpQLSdDDOcsAKvbnl0QxZs9AmVF0spq-zK3Nn4xDEXyBESwysJgYA/viewform" target="_blank">CONCLUINTES ANO 2019.1</a><br><em>Somente deve ser preenchido pelos estudantes do Curso Técnico em Agroindústria Subsequente ao Ensino Médio que concluíram todas as disciplinas em 2019.1</em>.</p>



<p><strong>CURSO TÉCNICO EM AGROECOLOGIA INTEGRADO AO ENSINO MÉDIO</strong><br>&#8211;<br>&#8211;</p>

<p>Este questionário visa obter informações e sugestões, que nos auxiliem no processo de avaliação do estágio/estagiário, a fim de subsidiar informações, para que possamos atender aos anseios dos estudantes e às exigências do mercado de trabalho. CURSO TÉCNICO EM AGROINDÚSTRIA SUBSEQUENTE AO ENSINO MÉDIOCONCLUINTES ANO 2019.1Somente deve ser preenchido pelos estudantes do Curso Técnico em [&hellip;]</p>
