{"id":2973,"date":"2020-10-29T16:16:20","date_gmt":"2020-10-29T19:16:20","guid":{"rendered":"https:\/\/www.ifbaiano.edu.br\/unidades\/alagoinhas\/?page_id=2973"},"modified":"2022-03-14T12:40:05","modified_gmt":"2022-03-14T15:40:05","slug":"agenda-do-diretor","status":"publish","type":"page","link":"https:\/\/www.ifbaiano.edu.br\/unidades\/alagoinhas\/agenda-do-diretor\/","title":{"rendered":"Agenda do Diretor"},"content":{"rendered":"\n<p>Consulte as&nbsp;<a rel=\"noreferrer noopener\" href=\"https:\/\/ifbaiano.edu.br\/portal\/wp-content\/uploads\/2020\/10\/orientacoes-agenda-de-compromissos-publicos-if-baiano.pdf\" target=\"_blank\">Orienta\u00e7\u00f5es sobre a Agenda de Compromissos P\u00fablicos<\/a>.<\/p>\n\n\n\n<p><a href=\"https:\/\/www.ifbaiano.edu.br\/unidades\/alagoinhas\/agenda-semanal-2021\/\"><strong>AGENDA SEMANAL (2021)<\/strong><\/a><\/p>\n\n\n\n<p><\/p>\n\n\n\n<p><strong>PROGRAMA\u00c7\u00c3O SEMANAL (2022)<\/strong><\/p>\n\n\n\n<p><strong>JANEIRO<\/strong><\/p>\n\n\n\n<div class=\"wp-block-file\"><a href=\"https:\/\/www.ifbaiano.edu.br\/unidades\/alagoinhas\/files\/2022\/01\/Agenda-do-Diretor-03.01-a-07.01-1.pdf\">Agenda do Diretor (03.01 a 07.01)<\/a><\/div>\n\n\n\n<div class=\"wp-block-file\"><a href=\"https:\/\/www.ifbaiano.edu.br\/unidades\/alagoinhas\/files\/2022\/01\/Agenda-11.01-a-14.01.pdf\">Agenda do Diretor (10.01 a 14.01)<\/a><\/div>\n\n\n\n<div class=\"wp-block-file\"><a href=\"https:\/\/www.ifbaiano.edu.br\/unidades\/alagoinhas\/files\/2022\/01\/Agenda-do-Diretor-17.01-a-21.01.pdf\">Agenda do Diretor (17.01 a 21.01)<\/a><\/div>\n\n\n\n<div class=\"wp-block-file\"><a href=\"https:\/\/www.ifbaiano.edu.br\/unidades\/alagoinhas\/files\/2022\/02\/Agenda-24-a-28.pdf\">Agenda do Diretor (24.01 a 28.01)<\/a><\/div>\n\n\n\n<div class=\"wp-block-file\"><a href=\"https:\/\/www.ifbaiano.edu.br\/unidades\/alagoinhas\/files\/2022\/02\/Agenda-31-a-04.pdf\">Agenda do Diretor (31.01 a 04.02)<\/a><\/div>\n\n\n\n<p><\/p>\n\n\n\n<p><strong>FEVEREIRO<\/strong><\/p>\n\n\n\n<div class=\"wp-block-file\"><\/div>\n\n\n\n<div class=\"wp-block-file\"><a href=\"https:\/\/www.ifbaiano.edu.br\/unidades\/alagoinhas\/files\/2022\/02\/Agenda-do-Diretor-07.02-a-11.02.pdf\">Agenda do Diretor (07.02 a 11.02) (atualizada)<\/a><\/div>\n\n\n\n<p><strong>MAR\u00c7O<\/strong><br><\/p>\n\n\n\n<div class=\"wp-block-file\"><a href=\"https:\/\/www.ifbaiano.edu.br\/unidades\/alagoinhas\/files\/2022\/03\/Agenda-do-Diretor-14.03-a-18.03.pdf\">Agenda do Diretor (14.03 a 18.03)<\/a><\/div>\n\n\n\n<p><\/p>\n","protected":false},"excerpt":{"rendered":"<p>Consulte as&nbsp;Orienta\u00e7\u00f5es sobre a Agenda de Compromissos P\u00fablicos. AGENDA SEMANAL (2021) PROGRAMA\u00c7\u00c3O SEMANAL (2022) JANEIRO FEVEREIRO MAR\u00c7O<\/p>\n","protected":false},"author":74,"featured_media":0,"parent":0,"menu_order":18,"comment_status":"closed","ping_status":"closed","template":"","meta":[],"_links":{"self":[{"href":"https:\/\/www.ifbaiano.edu.br\/unidades\/alagoinhas\/wp-json\/wp\/v2\/pages\/2973"}],"collection":[{"href":"https:\/\/www.ifbaiano.edu.br\/unidades\/alagoinhas\/wp-json\/wp\/v2\/pages"}],"about":[{"href":"https:\/\/www.ifbaiano.edu.br\/unidades\/alagoinhas\/wp-json\/wp\/v2\/types\/page"}],"author":[{"embeddable":true,"href":"https:\/\/www.ifbaiano.edu.br\/unidades\/alagoinhas\/wp-json\/wp\/v2\/users\/74"}],"replies":[{"embeddable":true,"href":"https:\/\/www.ifbaiano.edu.br\/unidades\/alagoinhas\/wp-json\/wp\/v2\/comments?post=2973"}],"version-history":[{"count":65,"href":"https:\/\/www.ifbaiano.edu.br\/unidades\/alagoinhas\/wp-json\/wp\/v2\/pages\/2973\/revisions"}],"predecessor-version":[{"id":6723,"href":"https:\/\/www.ifbaiano.edu.br\/unidades\/alagoinhas\/wp-json\/wp\/v2\/pages\/2973\/revisions\/6723"}],"wp:attachment":[{"href":"https:\/\/www.ifbaiano.edu.br\/unidades\/alagoinhas\/wp-json\/wp\/v2\/media?parent=2973"}],"curies":[{"name":"wp","href":"https:\/\/api.w.org\/{rel}","templated":true}]}}

<p>Consulte as&nbsp;<a rel="noreferrer noopener" href="https://ifbaiano.edu.br/portal/wp-content/uploads/2020/10/orientacoes-agenda-de-compromissos-publicos-if-baiano.pdf" target="_blank">Orientações sobre a Agenda de Compromissos Públicos</a>.</p>



<p><a href="https://www.ifbaiano.edu.br/unidades/alagoinhas/agenda-semanal-2021/"><strong>AGENDA SEMANAL (2021)</strong></a></p>



<p></p>



<p><strong>PROGRAMAÇÃO SEMANAL (2022)</strong></p>



<p><strong>JANEIRO</strong></p>



<div class="wp-block-file"><a href="https://www.ifbaiano.edu.br/unidades/alagoinhas/files/2022/01/Agenda-do-Diretor-03.01-a-07.01-1.pdf">Agenda do Diretor (03.01 a 07.01)</a></div>



<div class="wp-block-file"><a href="https://www.ifbaiano.edu.br/unidades/alagoinhas/files/2022/01/Agenda-11.01-a-14.01.pdf">Agenda do Diretor (10.01 a 14.01)</a></div>



<div class="wp-block-file"><a href="https://www.ifbaiano.edu.br/unidades/alagoinhas/files/2022/01/Agenda-do-Diretor-17.01-a-21.01.pdf">Agenda do Diretor (17.01 a 21.01)</a></div>



<div class="wp-block-file"><a href="https://www.ifbaiano.edu.br/unidades/alagoinhas/files/2022/02/Agenda-24-a-28.pdf">Agenda do Diretor (24.01 a 28.01)</a></div>



<div class="wp-block-file"><a href="https://www.ifbaiano.edu.br/unidades/alagoinhas/files/2022/02/Agenda-31-a-04.pdf">Agenda do Diretor (31.01 a 04.02)</a></div>



<p></p>



<p><strong>FEVEREIRO</strong></p>



<div class="wp-block-file"></div>



<div class="wp-block-file"><a href="https://www.ifbaiano.edu.br/unidades/alagoinhas/files/2022/02/Agenda-do-Diretor-07.02-a-11.02.pdf">Agenda do Diretor (07.02 a 11.02) (atualizada)</a></div>



<p><strong>MARÇO</strong><br></p>



<div class="wp-block-file"><a href="https://www.ifbaiano.edu.br/unidades/alagoinhas/files/2022/03/Agenda-do-Diretor-14.03-a-18.03.pdf">Agenda do Diretor (14.03 a 18.03)</a></div>



<p></p>

<p>Consulte as&nbsp;Orientações sobre a Agenda de Compromissos Públicos. AGENDA SEMANAL (2021) PROGRAMAÇÃO SEMANAL (2022) JANEIRO FEVEREIRO MARÇO</p>
