{"id":3297,"date":"2021-06-01T19:47:52","date_gmt":"2021-06-01T22:47:52","guid":{"rendered":"https:\/\/www.ifbaiano.edu.br\/unidades\/alagoinhas\/?page_id=3297"},"modified":"2021-06-01T19:48:03","modified_gmt":"2021-06-01T22:48:03","slug":"pregoes","status":"publish","type":"page","link":"https:\/\/www.ifbaiano.edu.br\/unidades\/alagoinhas\/pregoes\/","title":{"rendered":"Preg\u00f5es"},"content":{"rendered":"\n<ul><li><a href=\"http:\/\/www.ifbaiano.edu.br\/unidades\/alagoinhas\/files\/2017\/02\/PREG\u00c3O-01.zip\">Preg\u00e3o 1<br><\/a><a href=\"http:\/\/www.ifbaiano.edu.br\/unidades\/alagoinhas\/files\/2017\/02\/PREG\u00c3O-02.zip\">Preg\u00e3o 2<\/a><br><a href=\"http:\/\/www.ifbaiano.edu.br\/unidades\/alagoinhas\/files\/2017\/02\/PREG\u00c3O-03.zip\">Preg\u00e3o 3<\/a><br><a href=\"http:\/\/www.ifbaiano.edu.br\/unidades\/alagoinhas\/files\/2017\/02\/PREG\u00c3O-04.zip\">Preg\u00e3o 4<\/a><br><a href=\"http:\/\/www.ifbaiano.edu.br\/unidades\/alagoinhas\/files\/2017\/02\/PREG\u00c3O-05.zip\">Preg\u00e3o 5<\/a><br><a href=\"http:\/\/www.ifbaiano.edu.br\/unidades\/alagoinhas\/files\/2017\/02\/PREG\u00c3O-06.zip\">Preg\u00e3o 6<\/a><br><a href=\"http:\/\/www.ifbaiano.edu.br\/unidades\/alagoinhas\/files\/2017\/02\/PREG\u00c3O-07.zip\">Preg\u00e3o 7<\/a><br><a href=\"http:\/\/www.ifbaiano.edu.br\/unidades\/alagoinhas\/files\/2017\/02\/PREG\u00c3O-08.zip\">Preg\u00e3o 8<\/a><br><a href=\"http:\/\/www.ifbaiano.edu.br\/unidades\/alagoinhas\/files\/2017\/02\/PREG\u00c3O-09.zip\">Preg\u00e3o 9<\/a><br><a href=\"http:\/\/www.ifbaiano.edu.br\/unidades\/alagoinhas\/files\/2017\/02\/PREG\u00c3O-10.zip\">Preg\u00e3o 10<\/a><br><a href=\"http:\/\/www.ifbaiano.edu.br\/unidades\/alagoinhas\/files\/2017\/02\/PREG\u00c3O-11.zip\">Preg\u00e3o 11<\/a><br><a href=\"http:\/\/www.ifbaiano.edu.br\/unidades\/alagoinhas\/files\/2017\/02\/PREG\u00c3O-12.zip\">Preg\u00e3o 12<\/a><br><a href=\"http:\/\/www.ifbaiano.edu.br\/unidades\/alagoinhas\/files\/2017\/02\/PREG\u00c3O-13.zip\">Preg\u00e3o 13<\/a><br><a href=\"http:\/\/www.ifbaiano.edu.br\/unidades\/alagoinhas\/files\/2017\/02\/PREG\u00c3O-14.zip\">Preg\u00e3o 14<\/a><br><a href=\"http:\/\/www.ifbaiano.edu.br\/unidades\/alagoinhas\/files\/2017\/02\/PREG\u00c3O-15.zip\">Preg\u00e3o 15<\/a><br><a href=\"http:\/\/www.ifbaiano.edu.br\/unidades\/alagoinhas\/files\/2017\/02\/PREG\u00c3O-16.zip\">Preg\u00e3o 16<\/a><br><a href=\"http:\/\/www.ifbaiano.edu.br\/unidades\/alagoinhas\/files\/2017\/02\/PREG\u00c3O-17.zip\">Preg\u00e3o 17<\/a><\/li><\/ul>\n","protected":false},"excerpt":{"rendered":"<p>Preg\u00e3o 1Preg\u00e3o 2Preg\u00e3o 3Preg\u00e3o 4Preg\u00e3o 5Preg\u00e3o 6Preg\u00e3o 7Preg\u00e3o 8Preg\u00e3o 9Preg\u00e3o 10Preg\u00e3o 11Preg\u00e3o 12Preg\u00e3o 13Preg\u00e3o 14Preg\u00e3o 15Preg\u00e3o 16Preg\u00e3o 17<\/p>\n","protected":false},"author":133,"featured_media":0,"parent":0,"menu_order":88,"comment_status":"closed","ping_status":"closed","template":"","meta":[],"_links":{"self":[{"href":"https:\/\/www.ifbaiano.edu.br\/unidades\/alagoinhas\/wp-json\/wp\/v2\/pages\/3297"}],"collection":[{"href":"https:\/\/www.ifbaiano.edu.br\/unidades\/alagoinhas\/wp-json\/wp\/v2\/pages"}],"about":[{"href":"https:\/\/www.ifbaiano.edu.br\/unidades\/alagoinhas\/wp-json\/wp\/v2\/types\/page"}],"author":[{"embeddable":true,"href":"https:\/\/www.ifbaiano.edu.br\/unidades\/alagoinhas\/wp-json\/wp\/v2\/users\/133"}],"replies":[{"embeddable":true,"href":"https:\/\/www.ifbaiano.edu.br\/unidades\/alagoinhas\/wp-json\/wp\/v2\/comments?post=3297"}],"version-history":[{"count":2,"href":"https:\/\/www.ifbaiano.edu.br\/unidades\/alagoinhas\/wp-json\/wp\/v2\/pages\/3297\/revisions"}],"predecessor-version":[{"id":3300,"href":"https:\/\/www.ifbaiano.edu.br\/unidades\/alagoinhas\/wp-json\/wp\/v2\/pages\/3297\/revisions\/3300"}],"wp:attachment":[{"href":"https:\/\/www.ifbaiano.edu.br\/unidades\/alagoinhas\/wp-json\/wp\/v2\/media?parent=3297"}],"curies":[{"name":"wp","href":"https:\/\/api.w.org\/{rel}","templated":true}]}}