{"id":3312,"date":"2021-06-15T19:41:09","date_gmt":"2021-06-15T22:41:09","guid":{"rendered":"https:\/\/www.ifbaiano.edu.br\/unidades\/alagoinhas\/?page_id=3312"},"modified":"2022-03-11T09:46:39","modified_gmt":"2022-03-11T12:46:39","slug":"estagio-na-pandemia","status":"publish","type":"page","link":"https:\/\/www.ifbaiano.edu.br\/unidades\/alagoinhas\/estagio-na-pandemia\/","title":{"rendered":"Est\u00e1gio\/Pandemia"},"content":{"rendered":"\n<h2 class=\"has-light-green-cyan-background-color has-text-color has-background wp-block-heading\" style=\"color:#075d8f\">DOCUMENTOS<\/h2>\n\n\n\n<div style=\"height:1px\" aria-hidden=\"true\" class=\"wp-block-spacer\"><\/div>\n\n\n\n<div class=\"wp-block-file\"><a href=\"https:\/\/www.ifbaiano.edu.br\/unidades\/alagoinhas\/files\/2022\/03\/Portaria-Normativa-1-2022-ALG-NURI.pdf\"><em><strong>Portaria Normativa 1\/2022 estabelece orienta\u00e7\u00f5es complementares para o planejamento, execu\u00e7\u00e3o e avalia\u00e7\u00e3o das atividades de est\u00e1gio supervisionado curricular obrigat\u00f3rio, enquanto perdurar a situa\u00e7\u00e3o de excepcionalidade provocada pela pandemia da Covid-19.<\/strong><\/em><\/a><\/div>\n\n\n\n<div class=\"wp-block-file\"><a href=\"https:\/\/www.ifbaiano.edu.br\/unidades\/alagoinhas\/files\/2021\/06\/Portaria-Normativa-1_2021_-ALG_GAB_ALG_DG_RET_IFBAIANO-1.pdf\"><strong><em>Portaria Normativa 1\/2021 Estabelece orienta\u00e7\u00f5es complementares para o planejamento, execu\u00e7\u00e3o e avalia\u00e7\u00e3o das atividades de est\u00e1gio supervisionado curricular obrigat\u00f3rio, enquanto perdurar a situa\u00e7\u00e3o de excepcionalidade provocada pela pandemia da Covid-19.<\/em><\/strong><br><br><\/a><\/div>\n\n\n\n<ul><li><strong>Arquivos em Formato pdf <\/strong><\/li><\/ul>\n\n\n\n<figure class=\"wp-block-table alignleft is-style-stripes\"><table class=\"has-background\" style=\"background-color:#e9fbe5\"><tbody><tr><td>\u2714<br><\/td><td class=\"has-text-align-left\" data-align=\"left\">Descri\u00e7\u00e3o do Fluxo de Est\u00e1gio Obrigat\u00f3rio Presencial e N\u00e3o-Presencial (pdf) <a rel=\"noreferrer noopener\" href=\"https:\/\/www.ifbaiano.edu.br\/unidades\/alagoinhas\/files\/2021\/07\/DESCRICAO-FLUXO-PRESENCIAL-e-NAO-PRESENCIAL.pdf\" data-type=\"URL\" data-id=\"https:\/\/www.ifbaiano.edu.br\/unidades\/alagoinhas\/files\/2021\/07\/DESCRICAO-FLUXO-PRESENCIAL-e-NAO-PRESENCIAL.pdf\" target=\"_blank\">(Download)<\/a><\/td><\/tr><tr><td>\u2714<\/td><td class=\"has-text-align-left\" data-align=\"left\">Descri\u00e7\u00e3o do Fluxo de Aproveitamento de Outras Atividades (pdf) (<a rel=\"noreferrer noopener\" href=\"https:\/\/www.ifbaiano.edu.br\/unidades\/alagoinhas\/files\/2021\/06\/DESCRICAO-FLUXO-APROVEITAMENTO-OUTRAS-ATIVIDADES.pdf\" data-type=\"URL\" data-id=\"https:\/\/www.ifbaiano.edu.br\/unidades\/alagoinhas\/files\/2021\/06\/DESCRICAO-FLUXO-APROVEITAMENTO-OUTRAS-ATIVIDADES.pdf\" target=\"_blank\">Download<\/a>)<\/td><\/tr><tr><td>\u2714<\/td><td class=\"has-text-align-left\" data-align=\"left\">Requerimento de est\u00e1gio durante pandemia (pdf) (<a href=\"https:\/\/www.ifbaiano.edu.br\/unidades\/alagoinhas\/files\/2021\/07\/1-REQUERIMENTO-DE-ESTAGIO-PANDEMIA-4.pdf\" data-type=\"URL\" data-id=\"https:\/\/www.ifbaiano.edu.br\/unidades\/alagoinhas\/files\/2021\/07\/1-REQUERIMENTO-DE-ESTAGIO-PANDEMIA-4.pdf\" target=\"_blank\" rel=\"noreferrer noopener\">Download<\/a>)  <\/td><\/tr><tr><td>\u2714<\/td><td class=\"has-text-align-left\" data-align=\"left\">Plano de Atividades de est\u00e1gio obrigat\u00f3rio durante a pandemia (pdf) (<a href=\"https:\/\/www.ifbaiano.edu.br\/unidades\/alagoinhas\/files\/2021\/07\/2-PLANO-DE-ATIVIDADES-PANDEMIA.pdf\" data-type=\"URL\" data-id=\"https:\/\/www.ifbaiano.edu.br\/unidades\/alagoinhas\/files\/2021\/07\/2-PLANO-DE-ATIVIDADES-PANDEMIA.pdf\" target=\"_blank\" rel=\"noreferrer noopener\">Download<\/a>) <\/td><\/tr><tr><td>\u2714<\/td><td class=\"has-text-align-left\" data-align=\"left\">Modelo de Autodeclara\u00e7\u00e3o de sa\u00fade e de coabita\u00e7\u00e3o com pessoas em situa\u00e7\u00e3o de vulnerabilidade durante a pandemia (pdf) (<a rel=\"noreferrer noopener\" href=\"https:\/\/www.ifbaiano.edu.br\/unidades\/alagoinhas\/files\/2021\/06\/3-AUTODECLARACAO-ESTUDANTE-PANDEMIA-1.pdf\" data-type=\"URL\" data-id=\"https:\/\/www.ifbaiano.edu.br\/unidades\/alagoinhas\/files\/2021\/06\/3-AUTODECLARACAO-ESTUDANTE-PANDEMIA-1.pdf\" target=\"_blank\">Download<\/a>)<\/td><\/tr><tr><td>\u2714<\/td><td class=\"has-text-align-left\" data-align=\"left\">Identifica\u00e7\u00e3o da Unidade Concedente de est\u00e1gio (pdf) <a href=\"https:\/\/www.ifbaiano.edu.br\/unidades\/alagoinhas\/files\/2021\/06\/4-IDENTIFICACAO-UNIDADE-CONCEDENTE-PANDEMIA-1.pdf\" data-type=\"URL\" data-id=\"https:\/\/www.ifbaiano.edu.br\/unidades\/alagoinhas\/files\/2021\/06\/4-IDENTIFICACAO-UNIDADE-CONCEDENTE-PANDEMIA-1.pdf\" target=\"_blank\" rel=\"noreferrer noopener\">(Download<\/a>)<\/td><\/tr><tr><td>\u2714<\/td><td class=\"has-text-align-left\" data-align=\"left\"><a href=\"https:\/\/www.ifbaiano.edu.br\/unidades\/alagoinhas\/files\/2021\/06\/5-TERMO-MEDIDAS-COVID-UNIDADE-CONCEDENTE-1.pdf\" target=\"_blank\" rel=\"noreferrer noopener\">Termo de Compromisso de Ado\u00e7\u00e3o de Medidas Preventivas ao cont\u00e1gio COVID-19 pela Unidade Concedente (pdf) (Download)<\/a><\/td><\/tr><tr><td>\u2714<\/td><td class=\"has-text-align-left\" data-align=\"left\">Declara\u00e7\u00e3o de Aceite do (a) Professor (a) Orientador(a) (pdf) <a href=\"https:\/\/www.ifbaiano.edu.br\/unidades\/alagoinhas\/files\/2021\/06\/6-DECLARACAO-ORIENTADORA-PANDEMIA-1.pdf\" data-type=\"URL\" data-id=\"https:\/\/www.ifbaiano.edu.br\/unidades\/alagoinhas\/files\/2021\/06\/6-DECLARACAO-ORIENTADORA-PANDEMIA-1.pdf\" target=\"_blank\" rel=\"noreferrer noopener\">(Download)<\/a><\/td><\/tr><tr><td> \u2714 <\/td><td class=\"has-text-align-left\" data-align=\"left\"><a href=\"https:\/\/www.ifbaiano.edu.br\/unidades\/alagoinhas\/files\/2022\/03\/12-ANEXO-XII-MANUAL-PARA-ELABORACAO-DO-RELATORIO-DE-ESTAGIO-OBRIGATORIO.pdf\" data-type=\"URL\" data-id=\"https:\/\/www.ifbaiano.edu.br\/unidades\/alagoinhas\/files\/2022\/03\/12-ANEXO-XII-MANUAL-PARA-ELABORACAO-DO-RELATORIO-DE-ESTAGIO-OBRIGATORIO.pdf\" target=\"_blank\" rel=\"noreferrer noopener\"><strong> MANUAL PARA ELABORA\u00c7\u00c3O DO RELAT\u00d3RIO DE EST\u00c1GIO OBRIGAT\u00d3RIO<\/strong> (pdf)<\/a><\/td><\/tr><\/tbody><\/table><\/figure>\n\n\n\n<p><\/p>\n\n\n\n<p><\/p>\n\n\n\n<ul><li><strong>Documentos Edit\u00e1veis (em word)<\/strong><\/li><\/ul>\n\n\n\n<figure class=\"wp-block-table is-style-stripes\"><table><tbody><tr><td>\u2714<\/td><td>Requerimento de est\u00e1gio durante a pandemia (word) &#8211; <a href=\"https:\/\/www.ifbaiano.edu.br\/unidades\/alagoinhas\/files\/2021\/12\/Requerimento-de-Estagio.docx\">(<\/a><a href=\"https:\/\/www.ifbaiano.edu.br\/unidades\/alagoinhas\/files\/2022\/03\/1-REQUERIMENTO-DE-ESTAGIO-PANDEMIA.docx\" target=\"_blank\" rel=\"noreferrer noopener\">Download<\/a><a href=\"https:\/\/www.ifbaiano.edu.br\/unidades\/alagoinhas\/files\/2021\/12\/Requerimento-de-Estagio.docx\">)<\/a><\/td><td><\/td><\/tr><tr><td>\u2714<\/td><td>Plano de Atividades de Est\u00e1gio Obrigat\u00f3rio durante a pandemia &#8211;  (<a rel=\"noreferrer noopener\" href=\"https:\/\/www.ifbaiano.edu.br\/unidades\/alagoinhas\/files\/2021\/12\/Plano-de-Atividades.docx\" data-type=\"URL\" target=\"_blank\">Download<\/a>)<\/td><td><\/td><\/tr><tr><td>\u2714 <\/td><td>Modelo de Autodeclara\u00e7\u00e3o de sa\u00fade e de coabita\u00e7\u00e3o com pessoas em situa\u00e7\u00e3o de vulnerabilidade durante  a pandemia &#8211; <a href=\"https:\/\/www.ifbaiano.edu.br\/unidades\/alagoinhas\/files\/2021\/12\/Autodeclaracao.docx\" target=\"_blank\" rel=\"noreferrer noopener\">(Download)<\/a><\/td><td><\/td><\/tr><tr><td> \u2714 <\/td><td> Identifica\u00e7\u00e3o da Unidade Concedente de est\u00e1gio <a rel=\"noreferrer noopener\" href=\"https:\/\/www.ifbaiano.edu.br\/unidades\/alagoinhas\/files\/2021\/12\/Identificacao-.docx\" data-type=\"URL\" target=\"_blank\">(Download<\/a>) <\/td><td><\/td><\/tr><tr><td> \u2714  <\/td><td>Termo de Compromisso de Ado\u00e7\u00e3o de Medidas Preventivas ao cont\u00e1gio COVID-19 pela Unidade Concedente <a href=\"https:\/\/www.ifbaiano.edu.br\/unidades\/alagoinhas\/files\/2021\/12\/Termo-de-Compromisso.docx\" target=\"_blank\" rel=\"noreferrer noopener\">(Download)<\/a><\/td><td><\/td><\/tr><tr><td> \u2714   <\/td><td> Declara\u00e7\u00e3o de Aceite do (a) Professor (a) Orientador(a) <a href=\"https:\/\/www.ifbaiano.edu.br\/unidades\/alagoinhas\/files\/2021\/12\/Declaracao-de-Aceite.docx\" target=\"_blank\" rel=\"noreferrer noopener\">(Download)<\/a><\/td><td><\/td><\/tr><\/tbody><\/table><\/figure>\n\n\n","protected":false},"excerpt":{"rendered":"<p>DOCUMENTOS Arquivos em Formato pdf \u2714 Descri\u00e7\u00e3o do Fluxo de Est\u00e1gio Obrigat\u00f3rio Presencial e N\u00e3o-Presencial (pdf) (Download) \u2714 Descri\u00e7\u00e3o do Fluxo de Aproveitamento de Outras Atividades (pdf) (Download) \u2714 Requerimento de est\u00e1gio durante pandemia (pdf) (Download) \u2714 Plano de Atividades de est\u00e1gio obrigat\u00f3rio durante a pandemia (pdf) (Download) \u2714 Modelo de Autodeclara\u00e7\u00e3o de sa\u00fade e [&hellip;]<\/p>\n","protected":false},"author":133,"featured_media":0,"parent":0,"menu_order":52,"comment_status":"closed","ping_status":"closed","template":"","meta":[],"_links":{"self":[{"href":"https:\/\/www.ifbaiano.edu.br\/unidades\/alagoinhas\/wp-json\/wp\/v2\/pages\/3312"}],"collection":[{"href":"https:\/\/www.ifbaiano.edu.br\/unidades\/alagoinhas\/wp-json\/wp\/v2\/pages"}],"about":[{"href":"https:\/\/www.ifbaiano.edu.br\/unidades\/alagoinhas\/wp-json\/wp\/v2\/types\/page"}],"author":[{"embeddable":true,"href":"https:\/\/www.ifbaiano.edu.br\/unidades\/alagoinhas\/wp-json\/wp\/v2\/users\/133"}],"replies":[{"embeddable":true,"href":"https:\/\/www.ifbaiano.edu.br\/unidades\/alagoinhas\/wp-json\/wp\/v2\/comments?post=3312"}],"version-history":[{"count":31,"href":"https:\/\/www.ifbaiano.edu.br\/unidades\/alagoinhas\/wp-json\/wp\/v2\/pages\/3312\/revisions"}],"predecessor-version":[{"id":4086,"href":"https:\/\/www.ifbaiano.edu.br\/unidades\/alagoinhas\/wp-json\/wp\/v2\/pages\/3312\/revisions\/4086"}],"wp:attachment":[{"href":"https:\/\/www.ifbaiano.edu.br\/unidades\/alagoinhas\/wp-json\/wp\/v2\/media?parent=3312"}],"curies":[{"name":"wp","href":"https:\/\/api.w.org\/{rel}","templated":true}]}}