{"id":4451,"date":"2022-08-26T11:52:40","date_gmt":"2022-08-26T14:52:40","guid":{"rendered":"https:\/\/www.ifbaiano.edu.br\/unidades\/alagoinhas\/?page_id=4451"},"modified":"2024-12-12T15:44:55","modified_gmt":"2024-12-12T18:44:55","slug":"pac-2023","status":"publish","type":"page","link":"https:\/\/www.ifbaiano.edu.br\/unidades\/alagoinhas\/licitacoes-e-contratos\/pac-2023\/","title":{"rendered":"Plano de Contrata\u00e7\u00f5es Anual\u00a0(PCA)"},"content":{"rendered":"\n<p>Divulga\u00e7\u00e3o do Plano de Contrata\u00e7\u00f5es Anual&nbsp;(PCA) \u2013 2024 para exerc\u00edcio em 2025<\/p>\n\n\n\n<p>O IF Baiano \u2013 <em>Campus <\/em>Alagoinhas apresenta o <strong>Plano de Contrata\u00e7\u00f5es Anual&nbsp;(PCA) correspondente \u00e0s contrata\u00e7\u00f5es que pretende realizar ou renovar durante o exerc\u00edcio 2025<\/strong>. O PCA foi elaborado no ano de 2024 em cumprimento \u00e0 Instru\u00e7\u00e3o Normativa n\u00ba 01\/2019 do Minist\u00e9rio da Economia.<\/p>\n\n\n\n<div class=\"wp-block-buttons is-horizontal is-content-justification-center is-layout-flex wp-container-1\">\n<div class=\"wp-block-button\"><a class=\"wp-block-button__link wp-element-button\" href=\"https:\/\/pncp.gov.br\/app\/pca\/10724903000179\/2025\/9\">Acesse aqui ao PCA na \u00edntegra<\/a><\/div>\n<\/div>\n\n\n\n<p>O <em>Campus<\/em> Alagoinhas buscou mobilizar todas as Coordena\u00e7\u00f5es Acad\u00eamicas e Unidades Administrativas para a identifica\u00e7\u00e3o de itens de despesas de&nbsp;<strong>CUSTEIO<\/strong>&nbsp;e&nbsp;<strong>CAPITAL<\/strong>, os quais constam em seu PCA.<\/p>\n\n\n\n<p>A rela\u00e7\u00e3o apresentada&nbsp;<strong>n\u00e3o gera a obriga\u00e7\u00e3o de contrata\u00e7\u00e3o<\/strong>&nbsp;na sua totalidade, pois est\u00e1 condicionada a disponibiliza\u00e7\u00e3o de recursos or\u00e7ament\u00e1rios e abertura de processo pelo&nbsp;<strong>Demandante<\/strong>. Sendo assim, alguns itens apresentados poder\u00e3o ser contratados em quantidades menores ou at\u00e9 mesmo serem suprimidos.<\/p>\n\n\n\n<p>A consulta aos itens do PCA tamb\u00e9m poder\u00e1 ser realizada atrav\u00e9s do Painel de Compras&nbsp;conforme Link: <\/p>\n\n\n\n<p><a href=\"https:\/\/pncp.gov.br\/app\/pca\/10724903000179\/2025\/9\">https:\/\/pncp.gov.br\/app\/pca\/10724903000179\/2025\/9<\/a><\/p>\n\n\n\n<p><strong>Observa\u00e7\u00e3o: Caso n\u00e3o consiga acessar, copie o link, abra uma aba no seu navegador, cole e&nbsp;ter\u00e1s acesso.<\/strong><\/p>\n\n\n\n<h2 class=\"wp-block-heading\">PCA do exerc\u00edcio anterior<\/h2>\n\n\n\n<p>PCA 2024: <a href=\"https:\/\/pncp.gov.br\/app\/pca\/10724903000179\/2024\/3\">https:\/\/pncp.gov.br\/app\/pca\/10724903000179\/2024\/3<\/a><\/p>\n\n\n\n<p>PCA 2023: <a rel=\"noreferrer noopener\" href=\"https:\/\/pncp.gov.br\/app\/pca\/10724903000179\/2023\/10\" target=\"_blank\">https:\/\/pncp.gov.br\/app\/pca\/10724903000179\/2023\/10<\/a><\/p>\n\n\n\n<p>PAC 2022: <a rel=\"noreferrer noopener\" target=\"_blank\" href=\"https:\/\/pncp.gov.br\/app\/pca\/10724903000179\/2022\/10\">https:\/\/pncp.gov.br\/app\/pca\/10724903000179\/2022\/10<\/a><\/p>\n\n\n\n<p><\/p>\n","protected":false},"excerpt":{"rendered":"<p>Divulga\u00e7\u00e3o do Plano de Contrata\u00e7\u00f5es Anual&nbsp;(PCA) \u2013 2024 para exerc\u00edcio em 2025 O IF Baiano \u2013 Campus Alagoinhas apresenta o Plano de Contrata\u00e7\u00f5es Anual&nbsp;(PCA) correspondente \u00e0s contrata\u00e7\u00f5es que pretende realizar ou renovar durante o exerc\u00edcio 2025. O PCA foi elaborado no ano de 2024 em cumprimento \u00e0 Instru\u00e7\u00e3o Normativa n\u00ba 01\/2019 do Minist\u00e9rio da Economia. [&hellip;]<\/p>\n","protected":false},"author":156,"featured_media":0,"parent":28,"menu_order":83,"comment_status":"closed","ping_status":"closed","template":"","meta":[],"_links":{"self":[{"href":"https:\/\/www.ifbaiano.edu.br\/unidades\/alagoinhas\/wp-json\/wp\/v2\/pages\/4451"}],"collection":[{"href":"https:\/\/www.ifbaiano.edu.br\/unidades\/alagoinhas\/wp-json\/wp\/v2\/pages"}],"about":[{"href":"https:\/\/www.ifbaiano.edu.br\/unidades\/alagoinhas\/wp-json\/wp\/v2\/types\/page"}],"author":[{"embeddable":true,"href":"https:\/\/www.ifbaiano.edu.br\/unidades\/alagoinhas\/wp-json\/wp\/v2\/users\/156"}],"replies":[{"embeddable":true,"href":"https:\/\/www.ifbaiano.edu.br\/unidades\/alagoinhas\/wp-json\/wp\/v2\/comments?post=4451"}],"version-history":[{"count":16,"href":"https:\/\/www.ifbaiano.edu.br\/unidades\/alagoinhas\/wp-json\/wp\/v2\/pages\/4451\/revisions"}],"predecessor-version":[{"id":6195,"href":"https:\/\/www.ifbaiano.edu.br\/unidades\/alagoinhas\/wp-json\/wp\/v2\/pages\/4451\/revisions\/6195"}],"up":[{"embeddable":true,"href":"https:\/\/www.ifbaiano.edu.br\/unidades\/alagoinhas\/wp-json\/wp\/v2\/pages\/28"}],"wp:attachment":[{"href":"https:\/\/www.ifbaiano.edu.br\/unidades\/alagoinhas\/wp-json\/wp\/v2\/media?parent=4451"}],"curies":[{"name":"wp","href":"https:\/\/api.w.org\/{rel}","templated":true}]}}

Plano de Contratações Anual (PCA)

<p>Divulgação do Plano de Contratações Anual&nbsp;(PCA) – 2024 para exercício em 2025</p>



<p>O IF Baiano – <em>Campus </em>Alagoinhas apresenta o <strong>Plano de Contratações Anual&nbsp;(PCA) correspondente às contratações que pretende realizar ou renovar durante o exercício 2025</strong>. O PCA foi elaborado no ano de 2024 em cumprimento à Instrução Normativa nº 01/2019 do Ministério da Economia.</p>



<div class="wp-block-buttons is-horizontal is-content-justification-center is-layout-flex wp-container-1">
<div class="wp-block-button"><a class="wp-block-button__link wp-element-button" href="https://pncp.gov.br/app/pca/10724903000179/2025/9">Acesse aqui ao PCA na íntegra</a></div>
</div>



<p>O <em>Campus</em> Alagoinhas buscou mobilizar todas as Coordenações Acadêmicas e Unidades Administrativas para a identificação de itens de despesas de&nbsp;<strong>CUSTEIO</strong>&nbsp;e&nbsp;<strong>CAPITAL</strong>, os quais constam em seu PCA.</p>



<p>A relação apresentada&nbsp;<strong>não gera a obrigação de contratação</strong>&nbsp;na sua totalidade, pois está condicionada a disponibilização de recursos orçamentários e abertura de processo pelo&nbsp;<strong>Demandante</strong>. Sendo assim, alguns itens apresentados poderão ser contratados em quantidades menores ou até mesmo serem suprimidos.</p>



<p>A consulta aos itens do PCA também poderá ser realizada através do Painel de Compras&nbsp;conforme Link: </p>



<p><a href="https://pncp.gov.br/app/pca/10724903000179/2025/9">https://pncp.gov.br/app/pca/10724903000179/2025/9</a></p>



<p><strong>Observação: Caso não consiga acessar, copie o link, abra uma aba no seu navegador, cole e&nbsp;terás acesso.</strong></p>



<h2 class="wp-block-heading">PCA do exercício anterior</h2>



<p>PCA 2024: <a href="https://pncp.gov.br/app/pca/10724903000179/2024/3">https://pncp.gov.br/app/pca/10724903000179/2024/3</a></p>



<p>PCA 2023: <a rel="noreferrer noopener" href="https://pncp.gov.br/app/pca/10724903000179/2023/10" target="_blank">https://pncp.gov.br/app/pca/10724903000179/2023/10</a></p>



<p>PAC 2022: <a rel="noreferrer noopener" target="_blank" href="https://pncp.gov.br/app/pca/10724903000179/2022/10">https://pncp.gov.br/app/pca/10724903000179/2022/10</a></p>



<p></p>

<p>Divulgação do Plano de Contratações Anual&nbsp;(PCA) – 2024 para exercício em 2025 O IF Baiano – Campus Alagoinhas apresenta o Plano de Contratações Anual&nbsp;(PCA) correspondente às contratações que pretende realizar ou renovar durante o exercício 2025. O PCA foi elaborado no ano de 2024 em cumprimento à Instrução Normativa nº 01/2019 do Ministério da Economia. [&hellip;]</p>
