{"id":483,"date":"2017-06-12T10:36:56","date_gmt":"2017-06-12T13:36:56","guid":{"rendered":"http:\/\/www.ifbaiano.edu.br\/unidades\/alagoinhas\/?page_id=483"},"modified":"2017-06-12T11:19:46","modified_gmt":"2017-06-12T14:19:46","slug":"3-a-chamada-de-matricula","status":"publish","type":"page","link":"https:\/\/www.ifbaiano.edu.br\/unidades\/alagoinhas\/3-a-chamada-de-matricula\/","title":{"rendered":"3 \u00aa Chamada de Matr\u00edcula"},"content":{"rendered":"<p><strong>RESULTADO FINAL &#8211; 3\u00aa CHAMADA<\/strong><\/p>\n<p><a href=\"http:\/\/www.ifbaiano.edu.br\/unidades\/alagoinhas\/files\/2017\/06\/AGRICULTURA-ORG\u00c2NICA-3-CHAMADA.pdf\">Agricultura Org\u00e2nica 3\u00aa Chamada<\/a><\/p>\n<p><a href=\"http:\/\/www.ifbaiano.edu.br\/unidades\/alagoinhas\/files\/2017\/06\/ALGORITMOS-USANDO-VISUALG-3-CHAMADA.pdf\">Algoritmos Usando Visualg 3\u00aa Chamada<\/a><\/p>\n<p><a href=\"http:\/\/www.ifbaiano.edu.br\/unidades\/alagoinhas\/files\/2017\/06\/FABRICA\u00c7\u00c3O-DE-LICORES-3-CHAMADA.pdf\">Fabrica\u00e7\u00e3o de Licores 3\u00aa Chamada<\/a><\/p>\n<p><a href=\"http:\/\/www.ifbaiano.edu.br\/unidades\/alagoinhas\/files\/2017\/06\/FUNDAMENTOS-DE-MATEM\u00c1TICA-FINANCEIRA-E-ESTAT\u00cdSTICA-3-CHAMADA.pdf\">Fundamentos da Matem\u00e1tica Financeira e Estat\u00edstica 3\u00aa Chamada<\/a><\/p>\n<p><a href=\"http:\/\/www.ifbaiano.edu.br\/unidades\/alagoinhas\/files\/2017\/06\/HIDROGRAFIA-E-RECURSOS-H\u00cdDRICOS-3-CHAMADA.pdf\">Hidrografia e Recursos H\u00eddricos 3\u00aa Chamada<\/a><\/p>\n<p><a href=\"http:\/\/www.ifbaiano.edu.br\/unidades\/alagoinhas\/files\/2017\/06\/INFORMATICA-BASICA-3-CHAMADA.pdf\">Inform\u00e1tica B\u00e1sica 3\u00aa Chamada<\/a><\/p>\n<p><a href=\"http:\/\/www.ifbaiano.edu.br\/unidades\/alagoinhas\/files\/2017\/06\/MANEJO-DO-SOLO-COM-ADUBOS-VERDES-USOS-E-POTENCIALIDADES-3-CHAMADA.pdf\">Manejo do Solo com Adubos Verdes: Usos e Potencialidades 3\u00aa Chamada<\/a><\/p>\n<p><a href=\"http:\/\/www.ifbaiano.edu.br\/unidades\/alagoinhas\/files\/2017\/06\/MODELAGEM-E-ADMINISTRA\u00c7\u00c3O-DE-BANCO-DE-DADOS-3-CHAMADA.pdf\">Modelagem e Administra\u00e7\u00e3o de Banco de Dados 3\u00aa Chamada<\/a><\/p>\n<p><a href=\"http:\/\/www.ifbaiano.edu.br\/unidades\/alagoinhas\/files\/2017\/06\/NO\u00c7\u00d5ES-DE-MATEM\u00c1TICA-DO-ENSINO-M\u00c9DIO-3-CHAMADA.pdf\">No\u00e7\u00f5es de Matem\u00e1tica do ensino m\u00e9dio 3\u00aa Chamada<\/a><\/p>\n<p><a href=\"http:\/\/www.ifbaiano.edu.br\/unidades\/alagoinhas\/files\/2017\/06\/PREPARADOR-DE-CONSERVAS-E-TEMPEROS-3-CHAMADA.pdf\">Preparador de Conservas e Temperos 3\u00aa Chamada<\/a><\/p>\n<p><a href=\"http:\/\/www.ifbaiano.edu.br\/unidades\/alagoinhas\/files\/2017\/06\/PREPARADOR-DE-DEFUMADOS.pdf\">Preparador de Defumados 3\u00aa Chamada<\/a><\/p>\n<p><a href=\"http:\/\/www.ifbaiano.edu.br\/unidades\/alagoinhas\/files\/2017\/06\/PREPARADOR-DE-DOCE-DE-LEITE-PASTOSO-AMBROSIA-E-DE-CORTE-3-CHAMADA.pdf\">Preparador de Doce de Leite Pastoso, Ambrosia e de Corte 3\u00aa Chamada<\/a><\/p>\n<p><a href=\"http:\/\/www.ifbaiano.edu.br\/unidades\/alagoinhas\/files\/2017\/06\/PREPARADOR-DE-HAMB\u00daRGUER-3-CHAMADA.pdf\">Preparador de Hamb\u00farguer 3\u00aa Chamada<\/a><\/p>\n<p><a href=\"http:\/\/www.ifbaiano.edu.br\/unidades\/alagoinhas\/files\/2017\/06\/PREPARADOR-DE-LINGUI\u00c7AS-PARA-CHURRASCO-3-CHAMADA.pdf\">Preparador de Lingui\u00e7as para Churrasco 3\u00aa Chamada<\/a><\/p>\n<p><a href=\"http:\/\/www.ifbaiano.edu.br\/unidades\/alagoinhas\/files\/2017\/06\/PREPARADOR-DE-QUEIJO-COALHO-E-QUEIJO-FRESCAL-3-CHAMADA.pdf\">Preparador de Queijo Coalho e Queijo Frescal 3\u00aa Chamada<\/a><\/p>\n<p><a href=\"http:\/\/www.ifbaiano.edu.br\/unidades\/alagoinhas\/files\/2017\/06\/PRODU\u00c7\u00c3O-DE-CHOCOLATE-3-CHAMADA.pdf\">Produ\u00e7\u00e3o de Chocolate 3\u00aa Chamada<\/a><\/p>\n<p><a href=\"http:\/\/www.ifbaiano.edu.br\/unidades\/alagoinhas\/files\/2017\/06\/PRODU\u00c7\u00c3O-DE-HORTALI\u00c7AS-3-CHAMADA.pdf\">Produ\u00e7\u00e3o de Hortali\u00e7as 3\u00aa Chamada<\/a><\/p>\n<p><a href=\"http:\/\/www.ifbaiano.edu.br\/unidades\/alagoinhas\/files\/2017\/06\/PRODU\u00c7\u00c3O-DE-MUDAS-3-CHAMADA.pdf\">Produ\u00e7\u00e3o de Mudas 3\u00aa Chamada<\/a><\/p>\n<p><a href=\"http:\/\/www.ifbaiano.edu.br\/unidades\/alagoinhas\/files\/2017\/06\/REDA\u00c7\u00c3O-OFICIAL-3-CHAMADA.pdf\">Reda\u00e7\u00e3o Oficial 3\u00aa Chamada<\/a><\/p>\n<p><a href=\"http:\/\/www.ifbaiano.edu.br\/unidades\/alagoinhas\/files\/2017\/06\/SOLOS-CONHECER-PARA-PROTEGER-3-CHAMADA.pdf\">Solos: Conhecer Para Proteger 3\u00aa Chamada<\/a><\/p>\n","protected":false},"excerpt":{"rendered":"<p>RESULTADO FINAL &#8211; 3\u00aa CHAMADA Agricultura Org\u00e2nica 3\u00aa Chamada Algoritmos Usando Visualg 3\u00aa Chamada Fabrica\u00e7\u00e3o de Licores 3\u00aa Chamada Fundamentos da Matem\u00e1tica Financeira e Estat\u00edstica 3\u00aa Chamada Hidrografia e Recursos H\u00eddricos 3\u00aa Chamada Inform\u00e1tica B\u00e1sica 3\u00aa Chamada Manejo do Solo com Adubos Verdes: Usos e Potencialidades 3\u00aa Chamada Modelagem e Administra\u00e7\u00e3o de Banco de Dados [&hellip;]<\/p>\n","protected":false},"author":76,"featured_media":0,"parent":0,"menu_order":10,"comment_status":"closed","ping_status":"closed","template":"","meta":[],"_links":{"self":[{"href":"https:\/\/www.ifbaiano.edu.br\/unidades\/alagoinhas\/wp-json\/wp\/v2\/pages\/483"}],"collection":[{"href":"https:\/\/www.ifbaiano.edu.br\/unidades\/alagoinhas\/wp-json\/wp\/v2\/pages"}],"about":[{"href":"https:\/\/www.ifbaiano.edu.br\/unidades\/alagoinhas\/wp-json\/wp\/v2\/types\/page"}],"author":[{"embeddable":true,"href":"https:\/\/www.ifbaiano.edu.br\/unidades\/alagoinhas\/wp-json\/wp\/v2\/users\/76"}],"replies":[{"embeddable":true,"href":"https:\/\/www.ifbaiano.edu.br\/unidades\/alagoinhas\/wp-json\/wp\/v2\/comments?post=483"}],"version-history":[{"count":5,"href":"https:\/\/www.ifbaiano.edu.br\/unidades\/alagoinhas\/wp-json\/wp\/v2\/pages\/483\/revisions"}],"predecessor-version":[{"id":509,"href":"https:\/\/www.ifbaiano.edu.br\/unidades\/alagoinhas\/wp-json\/wp\/v2\/pages\/483\/revisions\/509"}],"wp:attachment":[{"href":"https:\/\/www.ifbaiano.edu.br\/unidades\/alagoinhas\/wp-json\/wp\/v2\/media?parent=483"}],"curies":[{"name":"wp","href":"https:\/\/api.w.org\/{rel}","templated":true}]}}