{"id":5358,"date":"2023-11-21T17:44:56","date_gmt":"2023-11-21T20:44:56","guid":{"rendered":"https:\/\/www.ifbaiano.edu.br\/unidades\/alagoinhas\/?page_id=5358"},"modified":"2023-12-18T20:32:54","modified_gmt":"2023-12-18T23:32:54","slug":"teletrabalho","status":"publish","type":"page","link":"https:\/\/www.ifbaiano.edu.br\/unidades\/alagoinhas\/teletrabalho\/","title":{"rendered":"Teletrabalho"},"content":{"rendered":"\n<div class=\"wp-block-group is-layout-constrained\"><div class=\"wp-block-group__inner-container\">\n<p><\/p>\n\n\n\n<p class=\"has-text-align-center\"><strong>EDITAL DE RETIFICA\u00c7\u00c3O N\u00ba 33 DE 21 DE NOVEMBRO DE 2023<\/strong><\/p>\n\n\n\n<div class=\"wp-block-file\"><a id=\"wp-block-file--media-44e55c04-9ce8-4f85-9fec-40f86a463a7a\" href=\"https:\/\/www.ifbaiano.edu.br\/unidades\/alagoinhas\/files\/2023\/12\/RESULTADO-FINAL-DA-CHAMADA.pdf\">RESULTADO FINAL DA CHAMADA N\u00ba 01<\/a><a href=\"https:\/\/www.ifbaiano.edu.br\/unidades\/alagoinhas\/files\/2023\/12\/RESULTADO-FINAL-DA-CHAMADA.pdf\" class=\"wp-block-file__button wp-element-button\" download aria-describedby=\"wp-block-file--media-44e55c04-9ce8-4f85-9fec-40f86a463a7a\">Baixar<\/a><\/div>\n\n\n\n<div class=\"wp-block-file\"><a id=\"wp-block-file--media-e19a0a5d-8a96-4426-9e42-80fee1bd96f9\" href=\"https:\/\/www.ifbaiano.edu.br\/unidades\/alagoinhas\/files\/2023\/12\/RESULTADO-DOS-RECURSOS-.pdf\">RESULTADO DOS RECURSOS<\/a><a href=\"https:\/\/www.ifbaiano.edu.br\/unidades\/alagoinhas\/files\/2023\/12\/RESULTADO-DOS-RECURSOS-.pdf\" class=\"wp-block-file__button wp-element-button\" download aria-describedby=\"wp-block-file--media-e19a0a5d-8a96-4426-9e42-80fee1bd96f9\">Baixar<\/a><\/div>\n\n\n\n<div class=\"wp-block-file\"><a id=\"wp-block-file--media-abb8b47f-884f-4127-8472-e5c908b3c9d2\" href=\"https:\/\/www.ifbaiano.edu.br\/unidades\/alagoinhas\/files\/2023\/12\/RESULTADO-PRELIMINAR-DAS-INSCRICOES-PARA-A-CHAMADA-PUBLICA-N.-1-DO-EDITAL-N.-33-2023.pdf\">RESULTADO PRELIMINAR DAS INSCRI\u00c7\u00d5ES PARA A CHAMADA P\u00daBLICA N\u00ba 1 DO EDITAL N\u00ba 33\/2023<\/a><a href=\"https:\/\/www.ifbaiano.edu.br\/unidades\/alagoinhas\/files\/2023\/12\/RESULTADO-PRELIMINAR-DAS-INSCRICOES-PARA-A-CHAMADA-PUBLICA-N.-1-DO-EDITAL-N.-33-2023.pdf\" class=\"wp-block-file__button wp-element-button\" download aria-describedby=\"wp-block-file--media-abb8b47f-884f-4127-8472-e5c908b3c9d2\">Baixar<\/a><\/div>\n\n\n\n<div class=\"wp-block-file\"><a id=\"wp-block-file--media-08d05db4-554b-41bd-af32-6f47540628fb\" href=\"https:\/\/www.ifbaiano.edu.br\/unidades\/alagoinhas\/files\/2023\/12\/RESULTADO-DOS-RECURSOS-DA-FASE-DE-IMPUGNACAO-DA-CHAMADA-PUBLICA.pdf\">RESULTADO DOS RECURSOS DA FASE DE-MPUGNACAO DA CHAMADA PUBLICA<\/a><a href=\"https:\/\/www.ifbaiano.edu.br\/unidades\/alagoinhas\/files\/2023\/12\/RESULTADO-DOS-RECURSOS-DA-FASE-DE-IMPUGNACAO-DA-CHAMADA-PUBLICA.pdf\" class=\"wp-block-file__button wp-element-button\" download aria-describedby=\"wp-block-file--media-08d05db4-554b-41bd-af32-6f47540628fb\">Baixar<\/a><\/div>\n\n\n\n<div class=\"wp-block-file\"><a id=\"wp-block-file--media-b6647395-953b-4c35-80ce-436e0f47eaab\" href=\"https:\/\/www.ifbaiano.edu.br\/unidades\/alagoinhas\/files\/2023\/11\/CHAMADA-PUBLICA-No-01.pdf\">CHAMADA PUBLICA N\u00ba 01<\/a><a href=\"https:\/\/www.ifbaiano.edu.br\/unidades\/alagoinhas\/files\/2023\/11\/CHAMADA-PUBLICA-No-01.pdf\" class=\"wp-block-file__button wp-element-button\" download aria-describedby=\"wp-block-file--media-b6647395-953b-4c35-80ce-436e0f47eaab\">Baixar<\/a><\/div>\n\n\n\n<div class=\"wp-block-file\"><a id=\"wp-block-file--media-3528e120-fe01-47e3-812c-a8026a8a0135\" href=\"https:\/\/www.ifbaiano.edu.br\/unidades\/alagoinhas\/files\/2023\/11\/Homologacao-do-Edital.pdf\">PORTARIA 92 &#8211; Homologa\u00e7\u00e3o do Edital N\u00ba 33<\/a><a href=\"https:\/\/www.ifbaiano.edu.br\/unidades\/alagoinhas\/files\/2023\/11\/Homologacao-do-Edital.pdf\" class=\"wp-block-file__button wp-element-button\" download aria-describedby=\"wp-block-file--media-3528e120-fe01-47e3-812c-a8026a8a0135\">Baixar<\/a><\/div>\n\n\n\n<div class=\"wp-block-file\"><a id=\"wp-block-file--media-c8a7e7e4-5c2d-490d-803f-ab4e04de4357\" href=\"https:\/\/www.ifbaiano.edu.br\/unidades\/alagoinhas\/files\/2023\/11\/RESULTADO-DOS-RECURSOS-DA-FASE-DE-IMPUGNACAO-DO-EDITAL.pdf\">RESULTADO DOS RECURSOS DA FASE DE IMPUGNACAO DO EDITAL<\/a><a href=\"https:\/\/www.ifbaiano.edu.br\/unidades\/alagoinhas\/files\/2023\/11\/RESULTADO-DOS-RECURSOS-DA-FASE-DE-IMPUGNACAO-DO-EDITAL.pdf\" class=\"wp-block-file__button wp-element-button\" download aria-describedby=\"wp-block-file--media-c8a7e7e4-5c2d-490d-803f-ab4e04de4357\">Baixar<\/a><\/div>\n\n\n\n<div class=\"wp-block-file\"><a id=\"wp-block-file--media-4cebf163-41fd-460d-9370-81623946157d\" href=\"https:\/\/www.ifbaiano.edu.br\/unidades\/alagoinhas\/files\/2023\/11\/Edital-33-Teletrabalho.pdf\" target=\"_blank\" rel=\"noreferrer noopener\">Edital N\u00ba33 de 21 de novembro de 2023 &#8211; Teletrabalho<\/a><a href=\"https:\/\/www.ifbaiano.edu.br\/unidades\/alagoinhas\/files\/2023\/11\/Edital-33-Teletrabalho.pdf\" class=\"wp-block-file__button wp-element-button\" download aria-describedby=\"wp-block-file--media-4cebf163-41fd-460d-9370-81623946157d\">Baixar<\/a><\/div>\n<\/div><\/div>\n\n\n\n<p class=\"has-text-align-center\"><strong>RETIFICA O EDITAL N\u00ba 26 DE 19 DE SETEMBRO DE 2023 &#8211; EDITAL DE INSCRI\u00c7\u00c3O PARA ADES\u00c3O AO PROGRAMA DE GEST\u00c3O DO TELETRABALHO &#8211;&nbsp;<\/strong><strong>FLUXO CONT\u00cdNUO<\/strong><\/p>\n\n\n\n<p>O Diretor Geral do Instituto Federal de Educa\u00e7\u00e3o, Ci\u00eancia e Tecnologia Baiano Campus Alagoinhas, no uso das suas atribui\u00e7\u00f5es delegadas pela Portaria n\u00ba 274 de 18 de mar\u00e7o de 2022 publicado no D.O.U de 21 de mar\u00e7o de 2022, e de acordo com as disposi\u00e7\u00f5es contidas na Lei n\u00ba 11.892, de 29\/12\/2008, e na Lei n\u00ba 8.112\/1990 e,&nbsp;tendo em vista a Resolu\u00e7\u00e3o&nbsp;CONSUP 182\/2022 &#8211; OS-CONSUP\/IF BAIANO, de 1 de fevereiro de 2022, que aprova o Programa de Gest\u00e3o do Teletrabalho no \u00e2mbito do IF Baiano, em especial na modalidade teletrabalho, no \u00e2mbito do IF Baiano, Resolu\u00e7\u00e3o 225\/2022 &#8211; OS-CONSUP\/IFBAIANO, DE 3 DE AGOSTO DE 2022, que aprova a altera\u00e7\u00e3o do Programa de Gest\u00e3o do Teletrabalho, e &nbsp;conforme disposi\u00e7\u00f5es contidas na Portaria 02\/2022\/RET-SCS\/RET-GA, de 18 de fevereiro de 2022 e Nota T\u00e9cnica SEI 32923\/2021\/ME, torna p\u00fablica o EDITAL PARA ADES\u00c3O AO PROGRAMA DE GEST\u00c3O DO TELETRABALHO para os servidores lotados no&nbsp;<em>Campus<\/em>&nbsp;Alagoinhas do IF Baiano.<\/p>\n\n\n\n<figure class=\"wp-block-table\"><table><tbody><tr><td><strong>Etapa<\/strong><\/td><td><strong>Per\u00edodo<\/strong><\/td><\/tr><tr><td>Publica\u00e7\u00e3o do Edital<\/td><td>21\/11\/2023<\/td><\/tr><tr><td>Per\u00edodo de impugna\u00e7\u00e3o do edital<\/td><td>22\/11 a 23\/11\/2023<\/td><\/tr><tr><td>Publica\u00e7\u00e3o do Resultado das impugna\u00e7\u00f5es<\/td><td>24\/11\/2023<\/td><\/tr><tr><td>Publica\u00e7\u00e3o da homologa\u00e7\u00e3o do Edital<\/td><td>24\/11\/2023<\/td><\/tr><\/tbody><\/table><figcaption class=\"wp-element-caption\">Cronograma<\/figcaption><\/figure>\n\n\n\n<h2 class=\"wp-block-heading\"><strong>Documentos do Edital passado:<\/strong><\/h2>\n\n\n\n<div class=\"wp-block-file\"><a id=\"wp-block-file--media-ba806dd0-ea75-4849-b5d8-8d8d4514bd88\" href=\"https:\/\/www.ifbaiano.edu.br\/unidades\/alagoinhas\/files\/2023\/11\/homologacao-do-Edital-1.pdf\" target=\"_blank\" rel=\"noreferrer noopener\">homologacao-do-Edital-1<\/a><a href=\"https:\/\/www.ifbaiano.edu.br\/unidades\/alagoinhas\/files\/2023\/11\/homologacao-do-Edital-1.pdf\" class=\"wp-block-file__button wp-element-button\" download aria-describedby=\"wp-block-file--media-ba806dd0-ea75-4849-b5d8-8d8d4514bd88\">Baixar<\/a><\/div>\n\n\n\n<div class=\"wp-block-file\"><a id=\"wp-block-file--media-bc701783-2bb6-42a1-98a4-741b6f2d4b53\" href=\"https:\/\/www.ifbaiano.edu.br\/unidades\/alagoinhas\/files\/2023\/11\/Chamada-Publica-01-1.pdf\" target=\"_blank\" rel=\"noreferrer noopener\">Chamada-Publica-01-1<\/a><a href=\"https:\/\/www.ifbaiano.edu.br\/unidades\/alagoinhas\/files\/2023\/11\/Chamada-Publica-01-1.pdf\" class=\"wp-block-file__button wp-element-button\" download aria-describedby=\"wp-block-file--media-bc701783-2bb6-42a1-98a4-741b6f2d4b53\">Baixar<\/a><\/div>\n\n\n\n<div class=\"wp-block-file\"><a id=\"wp-block-file--media-348d0bef-2074-42eb-91c1-ee8ea13a5e16\" href=\"https:\/\/www.ifbaiano.edu.br\/unidades\/alagoinhas\/files\/2023\/11\/Edital-26.2023.pdf\" target=\"_blank\" rel=\"noreferrer noopener\">Edital-26.2023<\/a><a href=\"https:\/\/www.ifbaiano.edu.br\/unidades\/alagoinhas\/files\/2023\/11\/Edital-26.2023.pdf\" class=\"wp-block-file__button wp-element-button\" download aria-describedby=\"wp-block-file--media-348d0bef-2074-42eb-91c1-ee8ea13a5e16\">Baixar<\/a><\/div>\n\n\n\n<div class=\"wp-block-file\"><a id=\"wp-block-file--media-e7c22253-bd1e-4426-b97d-a26b8faacd7d\" href=\"https:\/\/www.ifbaiano.edu.br\/unidades\/alagoinhas\/files\/2023\/11\/REVOGACAO-Chamada-01.pdf\" target=\"_blank\" rel=\"noreferrer noopener\">REVOGACAO-Chamada-01<\/a><a href=\"https:\/\/www.ifbaiano.edu.br\/unidades\/alagoinhas\/files\/2023\/11\/REVOGACAO-Chamada-01.pdf\" class=\"wp-block-file__button wp-element-button\" download aria-describedby=\"wp-block-file--media-e7c22253-bd1e-4426-b97d-a26b8faacd7d\">Baixar<\/a><\/div>\n","protected":false},"excerpt":{"rendered":"<p>EDITAL DE RETIFICA\u00c7\u00c3O N\u00ba 33 DE 21 DE NOVEMBRO DE 2023 RETIFICA O EDITAL N\u00ba 26 DE 19 DE SETEMBRO DE 2023 &#8211; EDITAL DE INSCRI\u00c7\u00c3O PARA ADES\u00c3O AO PROGRAMA DE GEST\u00c3O DO TELETRABALHO &#8211;&nbsp;FLUXO CONT\u00cdNUO O Diretor Geral do Instituto Federal de Educa\u00e7\u00e3o, Ci\u00eancia e Tecnologia Baiano Campus Alagoinhas, no uso das suas atribui\u00e7\u00f5es [&hellip;]<\/p>\n","protected":false},"author":156,"featured_media":0,"parent":0,"menu_order":113,"comment_status":"open","ping_status":"closed","template":"","meta":[],"_links":{"self":[{"href":"https:\/\/www.ifbaiano.edu.br\/unidades\/alagoinhas\/wp-json\/wp\/v2\/pages\/5358"}],"collection":[{"href":"https:\/\/www.ifbaiano.edu.br\/unidades\/alagoinhas\/wp-json\/wp\/v2\/pages"}],"about":[{"href":"https:\/\/www.ifbaiano.edu.br\/unidades\/alagoinhas\/wp-json\/wp\/v2\/types\/page"}],"author":[{"embeddable":true,"href":"https:\/\/www.ifbaiano.edu.br\/unidades\/alagoinhas\/wp-json\/wp\/v2\/users\/156"}],"replies":[{"embeddable":true,"href":"https:\/\/www.ifbaiano.edu.br\/unidades\/alagoinhas\/wp-json\/wp\/v2\/comments?post=5358"}],"version-history":[{"count":11,"href":"https:\/\/www.ifbaiano.edu.br\/unidades\/alagoinhas\/wp-json\/wp\/v2\/pages\/5358\/revisions"}],"predecessor-version":[{"id":5449,"href":"https:\/\/www.ifbaiano.edu.br\/unidades\/alagoinhas\/wp-json\/wp\/v2\/pages\/5358\/revisions\/5449"}],"wp:attachment":[{"href":"https:\/\/www.ifbaiano.edu.br\/unidades\/alagoinhas\/wp-json\/wp\/v2\/media?parent=5358"}],"curies":[{"name":"wp","href":"https:\/\/api.w.org\/{rel}","templated":true}]}}

<div class="wp-block-group is-layout-constrained"><div class="wp-block-group__inner-container">
<p></p>



<p class="has-text-align-center"><strong>EDITAL DE RETIFICAÇÃO Nº 33 DE 21 DE NOVEMBRO DE 2023</strong></p>



<div class="wp-block-file"><a id="wp-block-file--media-44e55c04-9ce8-4f85-9fec-40f86a463a7a" href="https://www.ifbaiano.edu.br/unidades/alagoinhas/files/2023/12/RESULTADO-FINAL-DA-CHAMADA.pdf">RESULTADO FINAL DA CHAMADA Nº 01</a><a href="https://www.ifbaiano.edu.br/unidades/alagoinhas/files/2023/12/RESULTADO-FINAL-DA-CHAMADA.pdf" class="wp-block-file__button wp-element-button" download aria-describedby="wp-block-file--media-44e55c04-9ce8-4f85-9fec-40f86a463a7a">Baixar</a></div>



<div class="wp-block-file"><a id="wp-block-file--media-e19a0a5d-8a96-4426-9e42-80fee1bd96f9" href="https://www.ifbaiano.edu.br/unidades/alagoinhas/files/2023/12/RESULTADO-DOS-RECURSOS-.pdf">RESULTADO DOS RECURSOS</a><a href="https://www.ifbaiano.edu.br/unidades/alagoinhas/files/2023/12/RESULTADO-DOS-RECURSOS-.pdf" class="wp-block-file__button wp-element-button" download aria-describedby="wp-block-file--media-e19a0a5d-8a96-4426-9e42-80fee1bd96f9">Baixar</a></div>



<div class="wp-block-file"><a id="wp-block-file--media-abb8b47f-884f-4127-8472-e5c908b3c9d2" href="https://www.ifbaiano.edu.br/unidades/alagoinhas/files/2023/12/RESULTADO-PRELIMINAR-DAS-INSCRICOES-PARA-A-CHAMADA-PUBLICA-N.-1-DO-EDITAL-N.-33-2023.pdf">RESULTADO PRELIMINAR DAS INSCRIÇÕES PARA A CHAMADA PÚBLICA Nº 1 DO EDITAL Nº 33/2023</a><a href="https://www.ifbaiano.edu.br/unidades/alagoinhas/files/2023/12/RESULTADO-PRELIMINAR-DAS-INSCRICOES-PARA-A-CHAMADA-PUBLICA-N.-1-DO-EDITAL-N.-33-2023.pdf" class="wp-block-file__button wp-element-button" download aria-describedby="wp-block-file--media-abb8b47f-884f-4127-8472-e5c908b3c9d2">Baixar</a></div>



<div class="wp-block-file"><a id="wp-block-file--media-08d05db4-554b-41bd-af32-6f47540628fb" href="https://www.ifbaiano.edu.br/unidades/alagoinhas/files/2023/12/RESULTADO-DOS-RECURSOS-DA-FASE-DE-IMPUGNACAO-DA-CHAMADA-PUBLICA.pdf">RESULTADO DOS RECURSOS DA FASE DE-MPUGNACAO DA CHAMADA PUBLICA</a><a href="https://www.ifbaiano.edu.br/unidades/alagoinhas/files/2023/12/RESULTADO-DOS-RECURSOS-DA-FASE-DE-IMPUGNACAO-DA-CHAMADA-PUBLICA.pdf" class="wp-block-file__button wp-element-button" download aria-describedby="wp-block-file--media-08d05db4-554b-41bd-af32-6f47540628fb">Baixar</a></div>



<div class="wp-block-file"><a id="wp-block-file--media-b6647395-953b-4c35-80ce-436e0f47eaab" href="https://www.ifbaiano.edu.br/unidades/alagoinhas/files/2023/11/CHAMADA-PUBLICA-No-01.pdf">CHAMADA PUBLICA Nº 01</a><a href="https://www.ifbaiano.edu.br/unidades/alagoinhas/files/2023/11/CHAMADA-PUBLICA-No-01.pdf" class="wp-block-file__button wp-element-button" download aria-describedby="wp-block-file--media-b6647395-953b-4c35-80ce-436e0f47eaab">Baixar</a></div>



<div class="wp-block-file"><a id="wp-block-file--media-3528e120-fe01-47e3-812c-a8026a8a0135" href="https://www.ifbaiano.edu.br/unidades/alagoinhas/files/2023/11/Homologacao-do-Edital.pdf">PORTARIA 92 &#8211; Homologação do Edital Nº 33</a><a href="https://www.ifbaiano.edu.br/unidades/alagoinhas/files/2023/11/Homologacao-do-Edital.pdf" class="wp-block-file__button wp-element-button" download aria-describedby="wp-block-file--media-3528e120-fe01-47e3-812c-a8026a8a0135">Baixar</a></div>



<div class="wp-block-file"><a id="wp-block-file--media-c8a7e7e4-5c2d-490d-803f-ab4e04de4357" href="https://www.ifbaiano.edu.br/unidades/alagoinhas/files/2023/11/RESULTADO-DOS-RECURSOS-DA-FASE-DE-IMPUGNACAO-DO-EDITAL.pdf">RESULTADO DOS RECURSOS DA FASE DE IMPUGNACAO DO EDITAL</a><a href="https://www.ifbaiano.edu.br/unidades/alagoinhas/files/2023/11/RESULTADO-DOS-RECURSOS-DA-FASE-DE-IMPUGNACAO-DO-EDITAL.pdf" class="wp-block-file__button wp-element-button" download aria-describedby="wp-block-file--media-c8a7e7e4-5c2d-490d-803f-ab4e04de4357">Baixar</a></div>



<div class="wp-block-file"><a id="wp-block-file--media-4cebf163-41fd-460d-9370-81623946157d" href="https://www.ifbaiano.edu.br/unidades/alagoinhas/files/2023/11/Edital-33-Teletrabalho.pdf" target="_blank" rel="noreferrer noopener">Edital Nº33 de 21 de novembro de 2023 &#8211; Teletrabalho</a><a href="https://www.ifbaiano.edu.br/unidades/alagoinhas/files/2023/11/Edital-33-Teletrabalho.pdf" class="wp-block-file__button wp-element-button" download aria-describedby="wp-block-file--media-4cebf163-41fd-460d-9370-81623946157d">Baixar</a></div>
</div></div>



<p class="has-text-align-center"><strong>RETIFICA O EDITAL Nº 26 DE 19 DE SETEMBRO DE 2023 &#8211; EDITAL DE INSCRIÇÃO PARA ADESÃO AO PROGRAMA DE GESTÃO DO TELETRABALHO &#8211;&nbsp;</strong><strong>FLUXO CONTÍNUO</strong></p>



<p>O Diretor Geral do Instituto Federal de Educação, Ciência e Tecnologia Baiano Campus Alagoinhas, no uso das suas atribuições delegadas pela Portaria nº 274 de 18 de março de 2022 publicado no D.O.U de 21 de março de 2022, e de acordo com as disposições contidas na Lei nº 11.892, de 29/12/2008, e na Lei nº 8.112/1990 e,&nbsp;tendo em vista a Resolução&nbsp;CONSUP 182/2022 &#8211; OS-CONSUP/IF BAIANO, de 1 de fevereiro de 2022, que aprova o Programa de Gestão do Teletrabalho no âmbito do IF Baiano, em especial na modalidade teletrabalho, no âmbito do IF Baiano, Resolução 225/2022 &#8211; OS-CONSUP/IFBAIANO, DE 3 DE AGOSTO DE 2022, que aprova a alteração do Programa de Gestão do Teletrabalho, e &nbsp;conforme disposições contidas na Portaria 02/2022/RET-SCS/RET-GA, de 18 de fevereiro de 2022 e Nota Técnica SEI 32923/2021/ME, torna pública o EDITAL PARA ADESÃO AO PROGRAMA DE GESTÃO DO TELETRABALHO para os servidores lotados no&nbsp;<em>Campus</em>&nbsp;Alagoinhas do IF Baiano.</p>



<figure class="wp-block-table"><table><tbody><tr><td><strong>Etapa</strong></td><td><strong>Período</strong></td></tr><tr><td>Publicação do Edital</td><td>21/11/2023</td></tr><tr><td>Período de impugnação do edital</td><td>22/11 a 23/11/2023</td></tr><tr><td>Publicação do Resultado das impugnações</td><td>24/11/2023</td></tr><tr><td>Publicação da homologação do Edital</td><td>24/11/2023</td></tr></tbody></table><figcaption class="wp-element-caption">Cronograma</figcaption></figure>



<h2 class="wp-block-heading"><strong>Documentos do Edital passado:</strong></h2>



<div class="wp-block-file"><a id="wp-block-file--media-ba806dd0-ea75-4849-b5d8-8d8d4514bd88" href="https://www.ifbaiano.edu.br/unidades/alagoinhas/files/2023/11/homologacao-do-Edital-1.pdf" target="_blank" rel="noreferrer noopener">homologacao-do-Edital-1</a><a href="https://www.ifbaiano.edu.br/unidades/alagoinhas/files/2023/11/homologacao-do-Edital-1.pdf" class="wp-block-file__button wp-element-button" download aria-describedby="wp-block-file--media-ba806dd0-ea75-4849-b5d8-8d8d4514bd88">Baixar</a></div>



<div class="wp-block-file"><a id="wp-block-file--media-bc701783-2bb6-42a1-98a4-741b6f2d4b53" href="https://www.ifbaiano.edu.br/unidades/alagoinhas/files/2023/11/Chamada-Publica-01-1.pdf" target="_blank" rel="noreferrer noopener">Chamada-Publica-01-1</a><a href="https://www.ifbaiano.edu.br/unidades/alagoinhas/files/2023/11/Chamada-Publica-01-1.pdf" class="wp-block-file__button wp-element-button" download aria-describedby="wp-block-file--media-bc701783-2bb6-42a1-98a4-741b6f2d4b53">Baixar</a></div>



<div class="wp-block-file"><a id="wp-block-file--media-348d0bef-2074-42eb-91c1-ee8ea13a5e16" href="https://www.ifbaiano.edu.br/unidades/alagoinhas/files/2023/11/Edital-26.2023.pdf" target="_blank" rel="noreferrer noopener">Edital-26.2023</a><a href="https://www.ifbaiano.edu.br/unidades/alagoinhas/files/2023/11/Edital-26.2023.pdf" class="wp-block-file__button wp-element-button" download aria-describedby="wp-block-file--media-348d0bef-2074-42eb-91c1-ee8ea13a5e16">Baixar</a></div>



<div class="wp-block-file"><a id="wp-block-file--media-e7c22253-bd1e-4426-b97d-a26b8faacd7d" href="https://www.ifbaiano.edu.br/unidades/alagoinhas/files/2023/11/REVOGACAO-Chamada-01.pdf" target="_blank" rel="noreferrer noopener">REVOGACAO-Chamada-01</a><a href="https://www.ifbaiano.edu.br/unidades/alagoinhas/files/2023/11/REVOGACAO-Chamada-01.pdf" class="wp-block-file__button wp-element-button" download aria-describedby="wp-block-file--media-e7c22253-bd1e-4426-b97d-a26b8faacd7d">Baixar</a></div>

<p>EDITAL DE RETIFICAÇÃO Nº 33 DE 21 DE NOVEMBRO DE 2023 RETIFICA O EDITAL Nº 26 DE 19 DE SETEMBRO DE 2023 &#8211; EDITAL DE INSCRIÇÃO PARA ADESÃO AO PROGRAMA DE GESTÃO DO TELETRABALHO &#8211;&nbsp;FLUXO CONTÍNUO O Diretor Geral do Instituto Federal de Educação, Ciência e Tecnologia Baiano Campus Alagoinhas, no uso das suas atribuições [&hellip;]</p>
