{"id":54,"date":"2017-02-09T10:49:46","date_gmt":"2017-02-09T12:49:46","guid":{"rendered":"http:\/\/www.ifbaiano.edu.br\/unidades\/alagoinhas\/?page_id=54"},"modified":"2025-03-25T12:05:41","modified_gmt":"2025-03-25T15:05:41","slug":"qualificacao-profissional","status":"publish","type":"page","link":"https:\/\/www.ifbaiano.edu.br\/unidades\/alagoinhas\/qualificacao-profissional\/","title":{"rendered":"Cursos FIC"},"content":{"rendered":"<p><em><strong>Nesta se\u00e7\u00e3o \u00e9 divulgada a rela\u00e7\u00e3o dos cursos de forma\u00e7\u00e3o inicial e continuada (FIC) ofertados pelo N\u00facleo de Extens\u00e3o do Campus Alagoinhas.<\/strong><\/em><\/p>\n<p><strong>Libras &#8211; B\u00e1sico <\/strong>(40 vagas)<br \/>Carga Hor\u00e1ria: 40hs<br \/>Pr\u00e9-requisito: Ensino Fundamental Completo<\/p>\n<p><strong>Introdu\u00e7\u00e3o \u00e0 Interpreta\u00e7\u00e3o de Libras<\/strong> (30 vagas)<br \/>Carga Hor\u00e1ria: 220hs<br \/>Pr\u00e9-requisito: Ensino Fundamental Completo + B\u00e1sico ou comprova\u00e7\u00e3o de que atua ou atuou como Int\u00e9rprete Educacional de Libras em algum ambiente educacional.<\/p>\n<p><strong>Introdu\u00e7\u00e3o \u00e0 Metalurgia e a Soldagem para Produ\u00e7\u00e3o e Manuten\u00e7\u00e3o de <\/strong><strong>Equipamentos Industriais e Agr\u00edcolas<\/strong> (20 vagas)<br \/>Carga Hor\u00e1ria: 40hs<br \/>Pr\u00e9-requisito: Ensino M\u00e9dio Completo<\/p>\n<p><strong>Preparador de Hamb\u00farguer<\/strong> (20 vagas)<br \/>Carga Hor\u00e1ria: 20hs<br \/>Pr\u00e9-requisito: Ensino Fundamental Incompleto<\/p>\n<p><strong>Higiene e seguran\u00e7a de alimentos<\/strong> (20 vagas)<br \/>Carga Hor\u00e1ria: 20hs<br \/>Pr\u00e9-requisito: Ensino Fundamental Incompleto<\/p>\n<p><strong>Manejo na Ordenha e Qualidade do Leite<\/strong> (20 vagas)<br \/>Carga Hor\u00e1ria: 20hs<br \/>Pr\u00e9-requisito: Ensino Fundamental Incompleto<\/p>\n<p><strong>Produ\u00e7\u00e3o de Hortali\u00e7as<\/strong> (20 vagas)<br \/>Carga Hor\u00e1ria: 20hs<br \/>Pr\u00e9-requisito: Ensino Fundamental Completo<\/p>\n<p><strong>Reda\u00e7\u00e3o Oficial<\/strong> (20 vagas)<br \/>Carga Hor\u00e1ria: 20hs<br \/>Pr\u00e9-requisito: Ensino Fundamental Completo<\/p>\n<p><strong>Agricultor Familiar<\/strong> (50 vagas)<br \/>Carga Hor\u00e1ria: 200hs<br \/>Pr\u00e9-requisito: Ensino Fundamental Incompleto<\/p>\n<p><strong>No\u00e7\u00f5es B\u00e1sicas de Cidadania e Municipalidade<\/strong> (30 vagas)<br \/>Carga Hor\u00e1ria: 20hs<br \/>Pr\u00e9-requisito: Ensino Fundamental Completo<\/p>\n<p><strong>Saiba mais<\/strong>\u00a0no\u00a0<a href=\"http:\/\/portal.mec.gov.br\/index.php?option=com_docman&amp;view=download&amp;alias=41271-cnct-3-edicao-pdf&amp;category_slug=maio-2016-pdf&amp;Itemid=30192\">Cat\u00e1logo Nacional de Cursos T\u00e9cnicos<\/a>\u00a0do\u00a0<a href=\"https:\/\/www.mec.gov.br\/\">MEC<\/a><\/p>\n<p>Coordena\u00e7\u00e3o: Jos\u00e9 Honorato Ferreira Nunes<br \/>E-mail: extens\u00e3o@alagoinhas.ifbaiano.edu.br<\/p>\n\n\n<p><\/p>\n","protected":false},"excerpt":{"rendered":"<p>Nesta se\u00e7\u00e3o \u00e9 divulgada a rela\u00e7\u00e3o dos cursos de forma\u00e7\u00e3o inicial e continuada (FIC) ofertados pelo N\u00facleo de Extens\u00e3o do Campus Alagoinhas. Libras &#8211; B\u00e1sico (40 vagas)Carga Hor\u00e1ria: 40hsPr\u00e9-requisito: Ensino Fundamental Completo Introdu\u00e7\u00e3o \u00e0 Interpreta\u00e7\u00e3o de Libras (30 vagas)Carga Hor\u00e1ria: 220hsPr\u00e9-requisito: Ensino Fundamental Completo + B\u00e1sico ou comprova\u00e7\u00e3o de que atua ou atuou como Int\u00e9rprete [&hellip;]<\/p>\n","protected":false},"author":47,"featured_media":0,"parent":0,"menu_order":35,"comment_status":"closed","ping_status":"closed","template":"","meta":[],"_links":{"self":[{"href":"https:\/\/www.ifbaiano.edu.br\/unidades\/alagoinhas\/wp-json\/wp\/v2\/pages\/54"}],"collection":[{"href":"https:\/\/www.ifbaiano.edu.br\/unidades\/alagoinhas\/wp-json\/wp\/v2\/pages"}],"about":[{"href":"https:\/\/www.ifbaiano.edu.br\/unidades\/alagoinhas\/wp-json\/wp\/v2\/types\/page"}],"author":[{"embeddable":true,"href":"https:\/\/www.ifbaiano.edu.br\/unidades\/alagoinhas\/wp-json\/wp\/v2\/users\/47"}],"replies":[{"embeddable":true,"href":"https:\/\/www.ifbaiano.edu.br\/unidades\/alagoinhas\/wp-json\/wp\/v2\/comments?post=54"}],"version-history":[{"count":8,"href":"https:\/\/www.ifbaiano.edu.br\/unidades\/alagoinhas\/wp-json\/wp\/v2\/pages\/54\/revisions"}],"predecessor-version":[{"id":6423,"href":"https:\/\/www.ifbaiano.edu.br\/unidades\/alagoinhas\/wp-json\/wp\/v2\/pages\/54\/revisions\/6423"}],"wp:attachment":[{"href":"https:\/\/www.ifbaiano.edu.br\/unidades\/alagoinhas\/wp-json\/wp\/v2\/media?parent=54"}],"curies":[{"name":"wp","href":"https:\/\/api.w.org\/{rel}","templated":true}]}}

<p><em><strong>Nesta seção é divulgada a relação dos cursos de formação inicial e continuada (FIC) ofertados pelo Núcleo de Extensão do Campus Alagoinhas.</strong></em></p>
<p><strong>Libras &#8211; Básico </strong>(40 vagas)<br />Carga Horária: 40hs<br />Pré-requisito: Ensino Fundamental Completo</p>
<p><strong>Introdução à Interpretação de Libras</strong> (30 vagas)<br />Carga Horária: 220hs<br />Pré-requisito: Ensino Fundamental Completo + Básico ou comprovação de que atua ou atuou como Intérprete Educacional de Libras em algum ambiente educacional.</p>
<p><strong>Introdução à Metalurgia e a Soldagem para Produção e Manutenção de </strong><strong>Equipamentos Industriais e Agrícolas</strong> (20 vagas)<br />Carga Horária: 40hs<br />Pré-requisito: Ensino Médio Completo</p>
<p><strong>Preparador de Hambúrguer</strong> (20 vagas)<br />Carga Horária: 20hs<br />Pré-requisito: Ensino Fundamental Incompleto</p>
<p><strong>Higiene e segurança de alimentos</strong> (20 vagas)<br />Carga Horária: 20hs<br />Pré-requisito: Ensino Fundamental Incompleto</p>
<p><strong>Manejo na Ordenha e Qualidade do Leite</strong> (20 vagas)<br />Carga Horária: 20hs<br />Pré-requisito: Ensino Fundamental Incompleto</p>
<p><strong>Produção de Hortaliças</strong> (20 vagas)<br />Carga Horária: 20hs<br />Pré-requisito: Ensino Fundamental Completo</p>
<p><strong>Redação Oficial</strong> (20 vagas)<br />Carga Horária: 20hs<br />Pré-requisito: Ensino Fundamental Completo</p>
<p><strong>Agricultor Familiar</strong> (50 vagas)<br />Carga Horária: 200hs<br />Pré-requisito: Ensino Fundamental Incompleto</p>
<p><strong>Noções Básicas de Cidadania e Municipalidade</strong> (30 vagas)<br />Carga Horária: 20hs<br />Pré-requisito: Ensino Fundamental Completo</p>
<p><strong>Saiba mais</strong> no <a href="http://portal.mec.gov.br/index.php?option=com_docman&amp;view=download&amp;alias=41271-cnct-3-edicao-pdf&amp;category_slug=maio-2016-pdf&amp;Itemid=30192">Catálogo Nacional de Cursos Técnicos</a> do <a href="https://www.mec.gov.br/">MEC</a></p>
<p>Coordenação: José Honorato Ferreira Nunes<br />E-mail: extensão@alagoinhas.ifbaiano.edu.br</p>


<p></p>

<p>Nesta seção é divulgada a relação dos cursos de formação inicial e continuada (FIC) ofertados pelo Núcleo de Extensão do Campus Alagoinhas. Libras &#8211; Básico (40 vagas)Carga Horária: 40hsPré-requisito: Ensino Fundamental Completo Introdução à Interpretação de Libras (30 vagas)Carga Horária: 220hsPré-requisito: Ensino Fundamental Completo + Básico ou comprovação de que atua ou atuou como Intérprete [&hellip;]</p>
