{"id":6039,"date":"2024-09-30T18:03:24","date_gmt":"2024-09-30T21:03:24","guid":{"rendered":"https:\/\/www.ifbaiano.edu.br\/unidades\/alagoinhas\/?page_id=6039"},"modified":"2024-10-17T21:46:08","modified_gmt":"2024-10-18T00:46:08","slug":"monitoria2024","status":"publish","type":"page","link":"https:\/\/www.ifbaiano.edu.br\/unidades\/alagoinhas\/monitoria2024\/","title":{"rendered":"Resultado Final do Edital de Monitoria 2024"},"content":{"rendered":"\n<p><strong>PROCESSO DE SELE\u00c7\u00c3O PARA CONCESS\u00c3O DE BOLSAS DE MONITORIA DE ENSINO PARA OS CURSOS T\u00c9CNICOS INTEGRADOS E SUBSEQUENTES, DO CAMPUS ALAGOINHAS<\/strong><\/p>\n\n\n\n<div class=\"wp-block-file\"><a id=\"wp-block-file--media-63c53084-4ef6-4dea-8527-17cc282c289b\" href=\"https:\/\/www.ifbaiano.edu.br\/unidades\/alagoinhas\/files\/2024\/09\/EDITAL-18.-MONITORIA-2024.pdf\">EDITAL-18.-MONITORIA-2024<\/a><a href=\"https:\/\/www.ifbaiano.edu.br\/unidades\/alagoinhas\/files\/2024\/09\/EDITAL-18.-MONITORIA-2024.pdf\" class=\"wp-block-file__button wp-element-button\" download aria-describedby=\"wp-block-file--media-63c53084-4ef6-4dea-8527-17cc282c289b\">Baixar<\/a><\/div>\n\n\n\n<p>FORMUL\u00c1RIO PARA INSCRI\u00c7\u00c3O: <a href=\"http:\/\/opinanovo.ifbaiano.edu.br\/index.php\/638144?lang=pt-BR\">http:\/\/opinanovo.ifbaiano.edu.br\/index.php\/638144?lang=pt-BR<\/a><\/p>\n\n\n\n<div class=\"wp-block-file\"><a id=\"wp-block-file--media-b2c1c40d-2e10-4dca-9fc8-23d0069c6d8f\" href=\"https:\/\/www.ifbaiano.edu.br\/unidades\/alagoinhas\/files\/2024\/10\/HOMOLOGACAO-DAS-INSCRICOES.pdf\">HOMOLOGACAO-DAS-INSCRICOES<\/a><\/div>\n\n\n\n<div class=\"wp-block-file\"><a id=\"wp-block-file--media-75af3d4c-dc0d-4450-bae6-ca0995ba249e\" href=\"https:\/\/www.ifbaiano.edu.br\/unidades\/alagoinhas\/files\/2024\/10\/Analise-do-Historico-Escolar.pdf\">AN\u00c1LISE DO HIST\u00d3RICO ESCOLAR<\/a><a href=\"https:\/\/www.ifbaiano.edu.br\/unidades\/alagoinhas\/files\/2024\/10\/Analise-do-Historico-Escolar.pdf\" class=\"wp-block-file__button wp-element-button\" download aria-describedby=\"wp-block-file--media-75af3d4c-dc0d-4450-bae6-ca0995ba249e\">Baixar<\/a><\/div>\n\n\n\n<div class=\"wp-block-file\"><a id=\"wp-block-file--media-12fa0620-8697-45ad-a0f8-9242827dae19\" href=\"https:\/\/www.ifbaiano.edu.br\/unidades\/alagoinhas\/files\/2024\/10\/Resultado-Final.pdf\">Resultado Final<\/a><a href=\"https:\/\/www.ifbaiano.edu.br\/unidades\/alagoinhas\/files\/2024\/10\/Resultado-Final.pdf\" class=\"wp-block-file__button wp-element-button\" download aria-describedby=\"wp-block-file--media-12fa0620-8697-45ad-a0f8-9242827dae19\">Baixar<\/a><\/div>\n","protected":false},"excerpt":{"rendered":"<p>PROCESSO DE SELE\u00c7\u00c3O PARA CONCESS\u00c3O DE BOLSAS DE MONITORIA DE ENSINO PARA OS CURSOS T\u00c9CNICOS INTEGRADOS E SUBSEQUENTES, DO CAMPUS ALAGOINHAS FORMUL\u00c1RIO PARA INSCRI\u00c7\u00c3O: http:\/\/opinanovo.ifbaiano.edu.br\/index.php\/638144?lang=pt-BR<\/p>\n","protected":false},"author":175,"featured_media":0,"parent":0,"menu_order":1,"comment_status":"closed","ping_status":"closed","template":"","meta":[],"_links":{"self":[{"href":"https:\/\/www.ifbaiano.edu.br\/unidades\/alagoinhas\/wp-json\/wp\/v2\/pages\/6039"}],"collection":[{"href":"https:\/\/www.ifbaiano.edu.br\/unidades\/alagoinhas\/wp-json\/wp\/v2\/pages"}],"about":[{"href":"https:\/\/www.ifbaiano.edu.br\/unidades\/alagoinhas\/wp-json\/wp\/v2\/types\/page"}],"author":[{"embeddable":true,"href":"https:\/\/www.ifbaiano.edu.br\/unidades\/alagoinhas\/wp-json\/wp\/v2\/users\/175"}],"replies":[{"embeddable":true,"href":"https:\/\/www.ifbaiano.edu.br\/unidades\/alagoinhas\/wp-json\/wp\/v2\/comments?post=6039"}],"version-history":[{"count":6,"href":"https:\/\/www.ifbaiano.edu.br\/unidades\/alagoinhas\/wp-json\/wp\/v2\/pages\/6039\/revisions"}],"predecessor-version":[{"id":6116,"href":"https:\/\/www.ifbaiano.edu.br\/unidades\/alagoinhas\/wp-json\/wp\/v2\/pages\/6039\/revisions\/6116"}],"wp:attachment":[{"href":"https:\/\/www.ifbaiano.edu.br\/unidades\/alagoinhas\/wp-json\/wp\/v2\/media?parent=6039"}],"curies":[{"name":"wp","href":"https:\/\/api.w.org\/{rel}","templated":true}]}}