{"id":619,"date":"2017-07-06T11:49:24","date_gmt":"2017-07-06T14:49:24","guid":{"rendered":"http:\/\/www.ifbaiano.edu.br\/unidades\/alagoinhas\/?page_id=619"},"modified":"2017-08-25T13:23:31","modified_gmt":"2017-08-25T16:23:31","slug":"programa-de-incentivo-a-cultura-esporte-e-lazer","status":"publish","type":"page","link":"https:\/\/www.ifbaiano.edu.br\/unidades\/alagoinhas\/programa-de-incentivo-a-cultura-esporte-e-lazer\/","title":{"rendered":"Programa de Incentivo \u00e0 Cultura, Esporte e Lazer"},"content":{"rendered":"<p>A Comiss\u00e3o Local de Implementa\u00e7\u00e3o da Pol\u00edtica de Assist\u00eancia Estudantil torna p\u00fablico o edital 22\/2017 doPrograma de Incentivo \u00e0 Cultura, Esporte e Lazer (PINCEL).<\/p>\n<p><a href=\"http:\/\/www.ifbaiano.edu.br\/unidades\/alagoinhas\/files\/2017\/07\/Edital-pincel-2017-if-baiano.pdf\">Edital do Pincel<\/a><\/p>\n<p><a href=\"http:\/\/www.ifbaiano.edu.br\/unidades\/alagoinhas\/files\/2017\/08\/Inscri\u00e7\u00f5es-Homologadas-PINCEL-Agosto-2017.pdf\">Inscri\u00e7\u00f5es Homologadas<\/a><\/p>\n<p><a href=\"http:\/\/www.ifbaiano.edu.br\/unidades\/alagoinhas\/files\/2017\/08\/Resultado-Final-PINCEL-Agosto-2017.pdf\">Resultado Final<\/a><\/p>\n<p>&nbsp;<\/p>\n","protected":false},"excerpt":{"rendered":"<p>A Comiss\u00e3o Local de Implementa\u00e7\u00e3o da Pol\u00edtica de Assist\u00eancia Estudantil torna p\u00fablico o edital 22\/2017 doPrograma de Incentivo \u00e0 Cultura, Esporte e Lazer (PINCEL). Edital do Pincel Inscri\u00e7\u00f5es Homologadas Resultado Final &nbsp;<\/p>\n","protected":false},"author":76,"featured_media":0,"parent":0,"menu_order":95,"comment_status":"closed","ping_status":"closed","template":"","meta":[],"_links":{"self":[{"href":"https:\/\/www.ifbaiano.edu.br\/unidades\/alagoinhas\/wp-json\/wp\/v2\/pages\/619"}],"collection":[{"href":"https:\/\/www.ifbaiano.edu.br\/unidades\/alagoinhas\/wp-json\/wp\/v2\/pages"}],"about":[{"href":"https:\/\/www.ifbaiano.edu.br\/unidades\/alagoinhas\/wp-json\/wp\/v2\/types\/page"}],"author":[{"embeddable":true,"href":"https:\/\/www.ifbaiano.edu.br\/unidades\/alagoinhas\/wp-json\/wp\/v2\/users\/76"}],"replies":[{"embeddable":true,"href":"https:\/\/www.ifbaiano.edu.br\/unidades\/alagoinhas\/wp-json\/wp\/v2\/comments?post=619"}],"version-history":[{"count":4,"href":"https:\/\/www.ifbaiano.edu.br\/unidades\/alagoinhas\/wp-json\/wp\/v2\/pages\/619\/revisions"}],"predecessor-version":[{"id":813,"href":"https:\/\/www.ifbaiano.edu.br\/unidades\/alagoinhas\/wp-json\/wp\/v2\/pages\/619\/revisions\/813"}],"wp:attachment":[{"href":"https:\/\/www.ifbaiano.edu.br\/unidades\/alagoinhas\/wp-json\/wp\/v2\/media?parent=619"}],"curies":[{"name":"wp","href":"https:\/\/api.w.org\/{rel}","templated":true}]}}