{"id":6601,"date":"2025-05-15T09:43:45","date_gmt":"2025-05-15T12:43:45","guid":{"rendered":"https:\/\/www.ifbaiano.edu.br\/unidades\/alagoinhas\/?page_id=6601"},"modified":"2025-05-26T13:44:34","modified_gmt":"2025-05-26T16:44:34","slug":"edital-de-matricula-processo-seletivo-para-ingresso-de-estudantes-cursos-subsequentes-2025","status":"publish","type":"page","link":"https:\/\/www.ifbaiano.edu.br\/unidades\/alagoinhas\/edital-de-matricula-processo-seletivo-para-ingresso-de-estudantes-cursos-subsequentes-2025\/","title":{"rendered":"EDITAL DE MATR\u00cdCULA \u2013 PROCESSO SELETIVO PARA INGRESSO DE ESTUDANTES CURSOS SUBSEQUENTES 2025"},"content":{"rendered":"\n<p>O Diretor-Geral do Instituto Federal de Educa\u00e7\u00e3o, Ci\u00eancia e Tecnologia Baiano, Campus Alagoinhas, nomeado sob Portaria n\u00ba 274 de 18\/03\/2022, Publicada no D.O.U. em 21\/03\/2022, de acordo com as disposi\u00e7\u00f5es da legisla\u00e7\u00e3o em vigor, FAZ SABER, atrav\u00e9s deste Edital, as condi\u00e7\u00f5es de matr\u00edcula dos candidatos(as) APROVADOS(AS), para os Cursos: T\u00e9cnico em Agroecologia Integrado ao Ensino M\u00e9dio, T\u00e9cnico em Agroind\u00fastria Integrado ao Ensino M\u00e9dio e T\u00e9cnico em Inform\u00e1tica Integrado ao Ensino M\u00e9dio na Modalidade Presencial, decorrente do Processo Seletivo para Ingresso de Estudantes 2025, conforme EDITAL N\u00ba 07, 14 de mar\u00e7o de 2025 e suas respectivas retifica\u00e7\u00f5es, para o Campus de<br>Alagoinhas, seguindo a normatiza\u00e7\u00e3o e cronograma indicados abaixo.<\/p>\n\n\n\n<figure class=\"wp-block-table\"><table><tbody><tr><td><strong>CHAMADA<\/strong><\/td><td><strong>DIVULGA\u00c7\u00c3O DO<br>RESULTADO<\/strong><\/td><td><strong>PER\u00cdODO DE<br>MATR\u00cdCULA<\/strong><\/td><td><strong>HOR\u00c1RIO DE<br>ATENDIMENTO<\/strong><\/td><\/tr><tr><td>PRIMEIRA<\/td><td>15\/05\/2025<\/td><td>19 a 23\/05\/2025<\/td><td>das 8:30 \u00e0s 11:30h e&nbsp;das 13:30h \u00e0s 16:30h<\/td><\/tr><tr><td>SEGUNDA<br>(Lista de espera)<\/td><td>26\/05\/2025<\/td><td>27 e 28\/05\/2025<\/td><td>das 8:30 \u00e0s 11:30h e&nbsp;das 13:30h \u00e0s 16:30h<\/td><\/tr><tr><td>TERCEIRA<br>(Lista de espera)<\/td><td>29\/05\/2025<\/td><td>30\/05 e 02\/06\/2025<\/td><td>das 8:30 \u00e0s 11:30h e&nbsp;das 13:30h \u00e0s 16:30h<\/td><\/tr><\/tbody><\/table><\/figure>\n\n\n\n<div class=\"wp-block-file\"><object class=\"wp-block-file__embed\" data=\"https:\/\/www.ifbaiano.edu.br\/unidades\/alagoinhas\/files\/2025\/05\/2o-CHAMADA-PARA-MATRICULA.pdf\" type=\"application\/pdf\" style=\"width:100%;height:600px\" aria-label=\"Incorporado de 2o-CHAMADA-PARA-MATRICULA.\"><\/object><a id=\"wp-block-file--media-3391ad9b-1bcc-448b-9ec2-3606e9e7ed68\" href=\"https:\/\/www.ifbaiano.edu.br\/unidades\/alagoinhas\/files\/2025\/05\/2o-CHAMADA-PARA-MATRICULA.pdf\">2o-CHAMADA-PARA-MATRICULA<\/a><a href=\"https:\/\/www.ifbaiano.edu.br\/unidades\/alagoinhas\/files\/2025\/05\/2o-CHAMADA-PARA-MATRICULA.pdf\" class=\"wp-block-file__button wp-element-button\" download aria-describedby=\"wp-block-file--media-3391ad9b-1bcc-448b-9ec2-3606e9e7ed68\">Baixar<\/a><\/div>\n\n\n\n<div class=\"wp-block-file\"><a id=\"wp-block-file--media-cd7a2dd8-40a7-48c6-b909-401907c6c20b\" href=\"https:\/\/www.ifbaiano.edu.br\/unidades\/alagoinhas\/files\/2025\/05\/Processo-Seletivo-Subsequentes-1o-CHAMADA-MATRICULA-RETIFICACAO.pdf\">Processo-Seletivo-Subsequentes-1o-CHAMADA-MATRICULA-RETIFICACAO<\/a><a href=\"https:\/\/www.ifbaiano.edu.br\/unidades\/alagoinhas\/files\/2025\/05\/Processo-Seletivo-Subsequentes-1o-CHAMADA-MATRICULA-RETIFICACAO.pdf\" class=\"wp-block-file__button wp-element-button\" download aria-describedby=\"wp-block-file--media-cd7a2dd8-40a7-48c6-b909-401907c6c20b\">Baixar<\/a><\/div>\n\n\n\n<div class=\"wp-block-file\"><a id=\"wp-block-file--media-165323e5-f178-4520-8fc3-a546549f8e3c\" href=\"https:\/\/www.ifbaiano.edu.br\/unidades\/alagoinhas\/files\/2025\/05\/1o-CHAMADA-PARA-MATRICULA.pdf\">1o-CHAMADA-PARA-MATRICULA<\/a><a href=\"https:\/\/www.ifbaiano.edu.br\/unidades\/alagoinhas\/files\/2025\/05\/1o-CHAMADA-PARA-MATRICULA.pdf\" class=\"wp-block-file__button wp-element-button\" download aria-describedby=\"wp-block-file--media-165323e5-f178-4520-8fc3-a546549f8e3c\">Baixar<\/a><\/div>\n\n\n\n<div class=\"wp-block-file\"><a id=\"wp-block-file--media-0a4fe46f-b075-409d-a702-a6c514ab9529\" href=\"https:\/\/www.ifbaiano.edu.br\/unidades\/alagoinhas\/files\/2025\/05\/EDITAL-DE-MATRICULA-PROCESSO-SELETIVO-PARA-INGRESSO-DE-ESTUDANTES-2025.1.pdf\">EDITAL-DE-MATRICULA-PROCESSO-SELETIVO-PARA-INGRESSO-DE-ESTUDANTES-2025.1<\/a><a href=\"https:\/\/www.ifbaiano.edu.br\/unidades\/alagoinhas\/files\/2025\/05\/EDITAL-DE-MATRICULA-PROCESSO-SELETIVO-PARA-INGRESSO-DE-ESTUDANTES-2025.1.pdf\" class=\"wp-block-file__button wp-element-button\" download aria-describedby=\"wp-block-file--media-0a4fe46f-b075-409d-a702-a6c514ab9529\">Baixar<\/a><\/div>\n","protected":false},"excerpt":{"rendered":"<p>O Diretor-Geral do Instituto Federal de Educa\u00e7\u00e3o, Ci\u00eancia e Tecnologia Baiano, Campus Alagoinhas, nomeado sob Portaria n\u00ba 274 de 18\/03\/2022, Publicada no D.O.U. em 21\/03\/2022, de acordo com as disposi\u00e7\u00f5es da legisla\u00e7\u00e3o em vigor, FAZ SABER, atrav\u00e9s deste Edital, as condi\u00e7\u00f5es de matr\u00edcula dos candidatos(as) APROVADOS(AS), para os Cursos: T\u00e9cnico em Agroecologia Integrado ao Ensino [&hellip;]<\/p>\n","protected":false},"author":175,"featured_media":0,"parent":0,"menu_order":0,"comment_status":"closed","ping_status":"closed","template":"","meta":[],"_links":{"self":[{"href":"https:\/\/www.ifbaiano.edu.br\/unidades\/alagoinhas\/wp-json\/wp\/v2\/pages\/6601"}],"collection":[{"href":"https:\/\/www.ifbaiano.edu.br\/unidades\/alagoinhas\/wp-json\/wp\/v2\/pages"}],"about":[{"href":"https:\/\/www.ifbaiano.edu.br\/unidades\/alagoinhas\/wp-json\/wp\/v2\/types\/page"}],"author":[{"embeddable":true,"href":"https:\/\/www.ifbaiano.edu.br\/unidades\/alagoinhas\/wp-json\/wp\/v2\/users\/175"}],"replies":[{"embeddable":true,"href":"https:\/\/www.ifbaiano.edu.br\/unidades\/alagoinhas\/wp-json\/wp\/v2\/comments?post=6601"}],"version-history":[{"count":5,"href":"https:\/\/www.ifbaiano.edu.br\/unidades\/alagoinhas\/wp-json\/wp\/v2\/pages\/6601\/revisions"}],"predecessor-version":[{"id":6664,"href":"https:\/\/www.ifbaiano.edu.br\/unidades\/alagoinhas\/wp-json\/wp\/v2\/pages\/6601\/revisions\/6664"}],"wp:attachment":[{"href":"https:\/\/www.ifbaiano.edu.br\/unidades\/alagoinhas\/wp-json\/wp\/v2\/media?parent=6601"}],"curies":[{"name":"wp","href":"https:\/\/api.w.org\/{rel}","templated":true}]}}

EDITAL DE MATRÍCULA – PROCESSO SELETIVO PARA INGRESSO DE ESTUDANTES CURSOS SUBSEQUENTES 2025

<p>O Diretor-Geral do Instituto Federal de Educação, Ciência e Tecnologia Baiano, Campus Alagoinhas, nomeado sob Portaria nº 274 de 18/03/2022, Publicada no D.O.U. em 21/03/2022, de acordo com as disposições da legislação em vigor, FAZ SABER, através deste Edital, as condições de matrícula dos candidatos(as) APROVADOS(AS), para os Cursos: Técnico em Agroecologia Integrado ao Ensino Médio, Técnico em Agroindústria Integrado ao Ensino Médio e Técnico em Informática Integrado ao Ensino Médio na Modalidade Presencial, decorrente do Processo Seletivo para Ingresso de Estudantes 2025, conforme EDITAL Nº 07, 14 de março de 2025 e suas respectivas retificações, para o Campus de<br>Alagoinhas, seguindo a normatização e cronograma indicados abaixo.</p>



<figure class="wp-block-table"><table><tbody><tr><td><strong>CHAMADA</strong></td><td><strong>DIVULGAÇÃO DO<br>RESULTADO</strong></td><td><strong>PERÍODO DE<br>MATRÍCULA</strong></td><td><strong>HORÁRIO DE<br>ATENDIMENTO</strong></td></tr><tr><td>PRIMEIRA</td><td>15/05/2025</td><td>19 a 23/05/2025</td><td>das 8:30 às 11:30h e&nbsp;das 13:30h às 16:30h</td></tr><tr><td>SEGUNDA<br>(Lista de espera)</td><td>26/05/2025</td><td>27 e 28/05/2025</td><td>das 8:30 às 11:30h e&nbsp;das 13:30h às 16:30h</td></tr><tr><td>TERCEIRA<br>(Lista de espera)</td><td>29/05/2025</td><td>30/05 e 02/06/2025</td><td>das 8:30 às 11:30h e&nbsp;das 13:30h às 16:30h</td></tr></tbody></table></figure>



<div class="wp-block-file"><object class="wp-block-file__embed" data="https://www.ifbaiano.edu.br/unidades/alagoinhas/files/2025/05/2o-CHAMADA-PARA-MATRICULA.pdf" type="application/pdf" style="width:100%;height:600px" aria-label="Incorporado de 2o-CHAMADA-PARA-MATRICULA."></object><a id="wp-block-file--media-3391ad9b-1bcc-448b-9ec2-3606e9e7ed68" href="https://www.ifbaiano.edu.br/unidades/alagoinhas/files/2025/05/2o-CHAMADA-PARA-MATRICULA.pdf">2o-CHAMADA-PARA-MATRICULA</a><a href="https://www.ifbaiano.edu.br/unidades/alagoinhas/files/2025/05/2o-CHAMADA-PARA-MATRICULA.pdf" class="wp-block-file__button wp-element-button" download aria-describedby="wp-block-file--media-3391ad9b-1bcc-448b-9ec2-3606e9e7ed68">Baixar</a></div>



<div class="wp-block-file"><a id="wp-block-file--media-cd7a2dd8-40a7-48c6-b909-401907c6c20b" href="https://www.ifbaiano.edu.br/unidades/alagoinhas/files/2025/05/Processo-Seletivo-Subsequentes-1o-CHAMADA-MATRICULA-RETIFICACAO.pdf">Processo-Seletivo-Subsequentes-1o-CHAMADA-MATRICULA-RETIFICACAO</a><a href="https://www.ifbaiano.edu.br/unidades/alagoinhas/files/2025/05/Processo-Seletivo-Subsequentes-1o-CHAMADA-MATRICULA-RETIFICACAO.pdf" class="wp-block-file__button wp-element-button" download aria-describedby="wp-block-file--media-cd7a2dd8-40a7-48c6-b909-401907c6c20b">Baixar</a></div>



<div class="wp-block-file"><a id="wp-block-file--media-165323e5-f178-4520-8fc3-a546549f8e3c" href="https://www.ifbaiano.edu.br/unidades/alagoinhas/files/2025/05/1o-CHAMADA-PARA-MATRICULA.pdf">1o-CHAMADA-PARA-MATRICULA</a><a href="https://www.ifbaiano.edu.br/unidades/alagoinhas/files/2025/05/1o-CHAMADA-PARA-MATRICULA.pdf" class="wp-block-file__button wp-element-button" download aria-describedby="wp-block-file--media-165323e5-f178-4520-8fc3-a546549f8e3c">Baixar</a></div>



<div class="wp-block-file"><a id="wp-block-file--media-0a4fe46f-b075-409d-a702-a6c514ab9529" href="https://www.ifbaiano.edu.br/unidades/alagoinhas/files/2025/05/EDITAL-DE-MATRICULA-PROCESSO-SELETIVO-PARA-INGRESSO-DE-ESTUDANTES-2025.1.pdf">EDITAL-DE-MATRICULA-PROCESSO-SELETIVO-PARA-INGRESSO-DE-ESTUDANTES-2025.1</a><a href="https://www.ifbaiano.edu.br/unidades/alagoinhas/files/2025/05/EDITAL-DE-MATRICULA-PROCESSO-SELETIVO-PARA-INGRESSO-DE-ESTUDANTES-2025.1.pdf" class="wp-block-file__button wp-element-button" download aria-describedby="wp-block-file--media-0a4fe46f-b075-409d-a702-a6c514ab9529">Baixar</a></div>

<p>O Diretor-Geral do Instituto Federal de Educação, Ciência e Tecnologia Baiano, Campus Alagoinhas, nomeado sob Portaria nº 274 de 18/03/2022, Publicada no D.O.U. em 21/03/2022, de acordo com as disposições da legislação em vigor, FAZ SABER, através deste Edital, as condições de matrícula dos candidatos(as) APROVADOS(AS), para os Cursos: Técnico em Agroecologia Integrado ao Ensino [&hellip;]</p>
