{"id":6645,"date":"2025-05-26T12:29:12","date_gmt":"2025-05-26T15:29:12","guid":{"rendered":"https:\/\/www.ifbaiano.edu.br\/unidades\/alagoinhas\/?page_id=6645"},"modified":"2025-05-26T18:19:57","modified_gmt":"2025-05-26T21:19:57","slug":"reneabi2025","status":"publish","type":"page","link":"https:\/\/www.ifbaiano.edu.br\/unidades\/alagoinhas\/reneabi2025\/","title":{"rendered":"V RENEABI &#8211; Programa\u00e7\u00e3o Local do Campus Alagoinhas"},"content":{"rendered":"\n<figure class=\"wp-block-image size-large\"><img decoding=\"async\" loading=\"lazy\" width=\"1024\" height=\"576\" src=\"https:\/\/www.ifbaiano.edu.br\/unidades\/alagoinhas\/files\/2025\/05\/7038-Programacao-Reneabi-1024x576.webp\" alt=\"Card com fundo em tons do marrom escuro ao alaranjado. \u00c0 esquerda, metade do rosto de um homem negro com cabelo curto e crespos. \u00c0 direita, metade do rosto de uma mulher negra usando turbante colorido e brincos grandes. No topo da imagem, ao centro, est\u00e1 o log\u00f3tipo da RENEABI. Descri\u00e7\u00e3o do s\u00edmbolo: composto por um c\u00edrculo central amarelo com sete raios que se projetam para fora em forma de &quot;V&quot;, alternando entre as cores vermelho e amarelo. Esses raios criam um efeito de movimento ou expans\u00e3o, inspirado no s\u00edmbolo adinkra criatividade e sabedoria centralizado, aparece o t\u00edtulo do evento: RENEABI \u2013 em letras grandes e amarelas, seguido da descri\u00e7\u00e3o: V Reuni\u00e3o da Rede dos NEABIs do IF Baiano. 28 de maio de 2025 - Programa\u00e7\u00e3o Local do Campus Alagoinhas\" class=\"wp-image-6660\" srcset=\"https:\/\/www.ifbaiano.edu.br\/unidades\/alagoinhas\/files\/2025\/05\/7038-Programacao-Reneabi-1024x576.webp 1024w, https:\/\/www.ifbaiano.edu.br\/unidades\/alagoinhas\/files\/2025\/05\/7038-Programacao-Reneabi-300x169.webp 300w, https:\/\/www.ifbaiano.edu.br\/unidades\/alagoinhas\/files\/2025\/05\/7038-Programacao-Reneabi-768x432.webp 768w, https:\/\/www.ifbaiano.edu.br\/unidades\/alagoinhas\/files\/2025\/05\/7038-Programacao-Reneabi-100x56.webp 100w, https:\/\/www.ifbaiano.edu.br\/unidades\/alagoinhas\/files\/2025\/05\/7038-Programacao-Reneabi.webp 1366w\" sizes=\"(max-width: 1024px) 100vw, 1024px\" \/><\/figure>\n\n\n\n<p>Link de Inscri\u00e7\u00e3o: <a rel=\"noreferrer noopener\" href=\"https:\/\/suap.ifbaiano.edu.br\/eventos\/inscricao\/2352\/\" target=\"_blank\">https:\/\/suap.ifbaiano.edu.br\/eventos\/inscricao\/2352\/<\/a><\/p>\n\n\n\n<p>Todas as imagens possuem Audiodescri\u00e7\u00e3o.<\/p>\n\n\n\n<figure class=\"wp-block-image size-large\"><img decoding=\"async\" loading=\"lazy\" width=\"1024\" height=\"576\" src=\"https:\/\/www.ifbaiano.edu.br\/unidades\/alagoinhas\/files\/2025\/05\/6518-2-1024x576.webp\" alt=\"Na tabela aparecem da esquerda para direita o hor\u00e1rio, atividade e o  local: \u00c0s 8 acolhimento no hall de entrada do Pr\u00e9dio Administrativo. 08 horas 20 minutos. O que \u00e9 o Neabi, audit\u00f3rio. 9 horas, oficinas, confira a seguir o local nos pr\u00f3ximos cards. 11 horas Socializa\u00e7\u00e3o dos Resultados e Encerramento com Lanche no P\u00e1tio dos Fundos do Pr\u00e9dio Administrativo.\" class=\"wp-image-6653\" srcset=\"https:\/\/www.ifbaiano.edu.br\/unidades\/alagoinhas\/files\/2025\/05\/6518-2-1024x576.webp 1024w, https:\/\/www.ifbaiano.edu.br\/unidades\/alagoinhas\/files\/2025\/05\/6518-2-300x169.webp 300w, https:\/\/www.ifbaiano.edu.br\/unidades\/alagoinhas\/files\/2025\/05\/6518-2-768x432.webp 768w, https:\/\/www.ifbaiano.edu.br\/unidades\/alagoinhas\/files\/2025\/05\/6518-2-100x56.webp 100w, https:\/\/www.ifbaiano.edu.br\/unidades\/alagoinhas\/files\/2025\/05\/6518-2.webp 1366w\" sizes=\"(max-width: 1024px) 100vw, 1024px\" \/><\/figure>\n\n\n\n<figure class=\"wp-block-image size-large\"><img decoding=\"async\" loading=\"lazy\" width=\"1024\" height=\"576\" src=\"https:\/\/www.ifbaiano.edu.br\/unidades\/alagoinhas\/files\/2025\/05\/6527-3-1024x576.webp\" alt=\"Oficinas:\n\nTema Capoeira Angola e Samba Rural. Local Hall dos fundos do Pr\u00e9dio Administrativo. Proponentes \nClayton Alves Santos (Majin Boo), Jo\u00e3o Mateus Nunes Costa (Treinel Ranran), Giulianna Barci Hon\u00f3rio (Cachoeira); O primeiro proponente \u00e9 um homem negro, de cabelo crespo\/ cacheado de tamanho m\u00e9dio uma camisa escura, o segundo \u00e9 homem negro de pele clara, usa touca de croch\u00ea sobre aparentemente pelo volume seus dreds, ele est\u00e1 de perfil e de camiseta branca e a \u00faltima proponente \u00e9 mulher branca de cabelos curtos e usa colares vermelhos e blusa preta com detalhes em vermelho. \" class=\"wp-image-6654\" srcset=\"https:\/\/www.ifbaiano.edu.br\/unidades\/alagoinhas\/files\/2025\/05\/6527-3-1024x576.webp 1024w, https:\/\/www.ifbaiano.edu.br\/unidades\/alagoinhas\/files\/2025\/05\/6527-3-300x169.webp 300w, https:\/\/www.ifbaiano.edu.br\/unidades\/alagoinhas\/files\/2025\/05\/6527-3-768x432.webp 768w, https:\/\/www.ifbaiano.edu.br\/unidades\/alagoinhas\/files\/2025\/05\/6527-3-100x56.webp 100w, https:\/\/www.ifbaiano.edu.br\/unidades\/alagoinhas\/files\/2025\/05\/6527-3.webp 1366w\" sizes=\"(max-width: 1024px) 100vw, 1024px\" \/><\/figure>\n\n\n\n<figure class=\"wp-block-image size-large\"><img decoding=\"async\" loading=\"lazy\" width=\"1024\" height=\"576\" src=\"https:\/\/www.ifbaiano.edu.br\/unidades\/alagoinhas\/files\/2025\/05\/6537-4-1024x576.webp\" alt=\"Tema: Pele, Palavra, Poder: identifica\u00e7\u00e3o racial no Brasil.\nLocal: Audit\u00f3rio. A proponente \u00e9 a professora Fernanda da Silva Machado, uma mulher negra, de cabelos crespos soltos, com luzes, usa \u00f3culos de grau e blusa preta.\" class=\"wp-image-6655\" srcset=\"https:\/\/www.ifbaiano.edu.br\/unidades\/alagoinhas\/files\/2025\/05\/6537-4-1024x576.webp 1024w, https:\/\/www.ifbaiano.edu.br\/unidades\/alagoinhas\/files\/2025\/05\/6537-4-300x169.webp 300w, https:\/\/www.ifbaiano.edu.br\/unidades\/alagoinhas\/files\/2025\/05\/6537-4-768x432.webp 768w, https:\/\/www.ifbaiano.edu.br\/unidades\/alagoinhas\/files\/2025\/05\/6537-4-100x56.webp 100w, https:\/\/www.ifbaiano.edu.br\/unidades\/alagoinhas\/files\/2025\/05\/6537-4.webp 1366w\" sizes=\"(max-width: 1024px) 100vw, 1024px\" \/><\/figure>\n\n\n\n<figure class=\"wp-block-image size-large\"><img decoding=\"async\" loading=\"lazy\" width=\"1024\" height=\"576\" src=\"https:\/\/www.ifbaiano.edu.br\/unidades\/alagoinhas\/files\/2025\/05\/4116-5-1024x576.webp\" alt=\"Tema da Oficina: Beiju e Cultura Afro-Brasileira.\nLocal: Laborat\u00f3rio de Alimentos. Proponentes: Maria Laura Barbosa dos Santos e Matheus Ferreira dos Santos. A primeira proponente \u00e9 uma senhora de idade negra utilizando um adere\u00e7o de cabe\u00e7a em formato de flor na cor vinho assim como seu vestido e l\u00e1bios; O segundo proponente \u00e9 um homem negro, de cabelos cacheados de tamanho m\u00e9dio e utiliza uma regata preta com detalhes em amarelo na gola e na altura das axilas.\" class=\"wp-image-6684\" srcset=\"https:\/\/www.ifbaiano.edu.br\/unidades\/alagoinhas\/files\/2025\/05\/4116-5-1024x576.webp 1024w, https:\/\/www.ifbaiano.edu.br\/unidades\/alagoinhas\/files\/2025\/05\/4116-5-300x169.webp 300w, https:\/\/www.ifbaiano.edu.br\/unidades\/alagoinhas\/files\/2025\/05\/4116-5-768x432.webp 768w, https:\/\/www.ifbaiano.edu.br\/unidades\/alagoinhas\/files\/2025\/05\/4116-5-100x56.webp 100w, https:\/\/www.ifbaiano.edu.br\/unidades\/alagoinhas\/files\/2025\/05\/4116-5.webp 1366w\" sizes=\"(max-width: 1024px) 100vw, 1024px\" \/><\/figure>\n\n\n\n<figure class=\"wp-block-image size-large\"><img decoding=\"async\" loading=\"lazy\" width=\"1024\" height=\"576\" src=\"https:\/\/www.ifbaiano.edu.br\/unidades\/alagoinhas\/files\/2025\/05\/6595-7-1024x576.webp\" alt=\"Tema da Oficina: Lingui\u00e7a de cordeiro com Taioba.\nLocal Laborat\u00f3rio de Alimentos\nProponente Maria Eduarda Estrela Santos.\" class=\"wp-image-6658\" srcset=\"https:\/\/www.ifbaiano.edu.br\/unidades\/alagoinhas\/files\/2025\/05\/6595-7-1024x576.webp 1024w, https:\/\/www.ifbaiano.edu.br\/unidades\/alagoinhas\/files\/2025\/05\/6595-7-300x169.webp 300w, https:\/\/www.ifbaiano.edu.br\/unidades\/alagoinhas\/files\/2025\/05\/6595-7-768x432.webp 768w, https:\/\/www.ifbaiano.edu.br\/unidades\/alagoinhas\/files\/2025\/05\/6595-7-100x56.webp 100w, https:\/\/www.ifbaiano.edu.br\/unidades\/alagoinhas\/files\/2025\/05\/6595-7.webp 1366w\" sizes=\"(max-width: 1024px) 100vw, 1024px\" \/><\/figure>\n","protected":false},"excerpt":{"rendered":"<p>Link de Inscri\u00e7\u00e3o: https:\/\/suap.ifbaiano.edu.br\/eventos\/inscricao\/2352\/ Todas as imagens possuem Audiodescri\u00e7\u00e3o.<\/p>\n","protected":false},"author":156,"featured_media":0,"parent":0,"menu_order":0,"comment_status":"closed","ping_status":"closed","template":"","meta":[],"_links":{"self":[{"href":"https:\/\/www.ifbaiano.edu.br\/unidades\/alagoinhas\/wp-json\/wp\/v2\/pages\/6645"}],"collection":[{"href":"https:\/\/www.ifbaiano.edu.br\/unidades\/alagoinhas\/wp-json\/wp\/v2\/pages"}],"about":[{"href":"https:\/\/www.ifbaiano.edu.br\/unidades\/alagoinhas\/wp-json\/wp\/v2\/types\/page"}],"author":[{"embeddable":true,"href":"https:\/\/www.ifbaiano.edu.br\/unidades\/alagoinhas\/wp-json\/wp\/v2\/users\/156"}],"replies":[{"embeddable":true,"href":"https:\/\/www.ifbaiano.edu.br\/unidades\/alagoinhas\/wp-json\/wp\/v2\/comments?post=6645"}],"version-history":[{"count":12,"href":"https:\/\/www.ifbaiano.edu.br\/unidades\/alagoinhas\/wp-json\/wp\/v2\/pages\/6645\/revisions"}],"predecessor-version":[{"id":6686,"href":"https:\/\/www.ifbaiano.edu.br\/unidades\/alagoinhas\/wp-json\/wp\/v2\/pages\/6645\/revisions\/6686"}],"wp:attachment":[{"href":"https:\/\/www.ifbaiano.edu.br\/unidades\/alagoinhas\/wp-json\/wp\/v2\/media?parent=6645"}],"curies":[{"name":"wp","href":"https:\/\/api.w.org\/{rel}","templated":true}]}}

V RENEABI &#8211; Programação Local do Campus Alagoinhas

<figure class="wp-block-image size-large"><img decoding="async" loading="lazy" width="1024" height="576" src="https://www.ifbaiano.edu.br/unidades/alagoinhas/files/2025/05/7038-Programacao-Reneabi-1024x576.webp" alt="Card com fundo em tons do marrom escuro ao alaranjado. À esquerda, metade do rosto de um homem negro com cabelo curto e crespos. À direita, metade do rosto de uma mulher negra usando turbante colorido e brincos grandes. No topo da imagem, ao centro, está o logótipo da RENEABI. Descrição do símbolo: composto por um círculo central amarelo com sete raios que se projetam para fora em forma de &quot;V&quot;, alternando entre as cores vermelho e amarelo. Esses raios criam um efeito de movimento ou expansão, inspirado no símbolo adinkra criatividade e sabedoria centralizado, aparece o título do evento: RENEABI – em letras grandes e amarelas, seguido da descrição: V Reunião da Rede dos NEABIs do IF Baiano. 28 de maio de 2025 - Programação Local do Campus Alagoinhas" class="wp-image-6660" srcset="https://www.ifbaiano.edu.br/unidades/alagoinhas/files/2025/05/7038-Programacao-Reneabi-1024x576.webp 1024w, https://www.ifbaiano.edu.br/unidades/alagoinhas/files/2025/05/7038-Programacao-Reneabi-300x169.webp 300w, https://www.ifbaiano.edu.br/unidades/alagoinhas/files/2025/05/7038-Programacao-Reneabi-768x432.webp 768w, https://www.ifbaiano.edu.br/unidades/alagoinhas/files/2025/05/7038-Programacao-Reneabi-100x56.webp 100w, https://www.ifbaiano.edu.br/unidades/alagoinhas/files/2025/05/7038-Programacao-Reneabi.webp 1366w" sizes="(max-width: 1024px) 100vw, 1024px" /></figure>



<p>Link de Inscrição: <a rel="noreferrer noopener" href="https://suap.ifbaiano.edu.br/eventos/inscricao/2352/" target="_blank">https://suap.ifbaiano.edu.br/eventos/inscricao/2352/</a></p>



<p>Todas as imagens possuem Audiodescrição.</p>



<figure class="wp-block-image size-large"><img decoding="async" loading="lazy" width="1024" height="576" src="https://www.ifbaiano.edu.br/unidades/alagoinhas/files/2025/05/6518-2-1024x576.webp" alt="Na tabela aparecem da esquerda para direita o horário, atividade e o  local: Às 8 acolhimento no hall de entrada do Prédio Administrativo. 08 horas 20 minutos. O que é o Neabi, auditório. 9 horas, oficinas, confira a seguir o local nos próximos cards. 11 horas Socialização dos Resultados e Encerramento com Lanche no Pátio dos Fundos do Prédio Administrativo." class="wp-image-6653" srcset="https://www.ifbaiano.edu.br/unidades/alagoinhas/files/2025/05/6518-2-1024x576.webp 1024w, https://www.ifbaiano.edu.br/unidades/alagoinhas/files/2025/05/6518-2-300x169.webp 300w, https://www.ifbaiano.edu.br/unidades/alagoinhas/files/2025/05/6518-2-768x432.webp 768w, https://www.ifbaiano.edu.br/unidades/alagoinhas/files/2025/05/6518-2-100x56.webp 100w, https://www.ifbaiano.edu.br/unidades/alagoinhas/files/2025/05/6518-2.webp 1366w" sizes="(max-width: 1024px) 100vw, 1024px" /></figure>



<figure class="wp-block-image size-large"><img decoding="async" loading="lazy" width="1024" height="576" src="https://www.ifbaiano.edu.br/unidades/alagoinhas/files/2025/05/6527-3-1024x576.webp" alt="Oficinas:

Tema Capoeira Angola e Samba Rural. Local Hall dos fundos do Prédio Administrativo. Proponentes 
Clayton Alves Santos (Majin Boo), João Mateus Nunes Costa (Treinel Ranran), Giulianna Barci Honório (Cachoeira); O primeiro proponente é um homem negro, de cabelo crespo/ cacheado de tamanho médio uma camisa escura, o segundo é homem negro de pele clara, usa touca de crochê sobre aparentemente pelo volume seus dreds, ele está de perfil e de camiseta branca e a última proponente é mulher branca de cabelos curtos e usa colares vermelhos e blusa preta com detalhes em vermelho. " class="wp-image-6654" srcset="https://www.ifbaiano.edu.br/unidades/alagoinhas/files/2025/05/6527-3-1024x576.webp 1024w, https://www.ifbaiano.edu.br/unidades/alagoinhas/files/2025/05/6527-3-300x169.webp 300w, https://www.ifbaiano.edu.br/unidades/alagoinhas/files/2025/05/6527-3-768x432.webp 768w, https://www.ifbaiano.edu.br/unidades/alagoinhas/files/2025/05/6527-3-100x56.webp 100w, https://www.ifbaiano.edu.br/unidades/alagoinhas/files/2025/05/6527-3.webp 1366w" sizes="(max-width: 1024px) 100vw, 1024px" /></figure>



<figure class="wp-block-image size-large"><img decoding="async" loading="lazy" width="1024" height="576" src="https://www.ifbaiano.edu.br/unidades/alagoinhas/files/2025/05/6537-4-1024x576.webp" alt="Tema: Pele, Palavra, Poder: identificação racial no Brasil.
Local: Auditório. A proponente é a professora Fernanda da Silva Machado, uma mulher negra, de cabelos crespos soltos, com luzes, usa óculos de grau e blusa preta." class="wp-image-6655" srcset="https://www.ifbaiano.edu.br/unidades/alagoinhas/files/2025/05/6537-4-1024x576.webp 1024w, https://www.ifbaiano.edu.br/unidades/alagoinhas/files/2025/05/6537-4-300x169.webp 300w, https://www.ifbaiano.edu.br/unidades/alagoinhas/files/2025/05/6537-4-768x432.webp 768w, https://www.ifbaiano.edu.br/unidades/alagoinhas/files/2025/05/6537-4-100x56.webp 100w, https://www.ifbaiano.edu.br/unidades/alagoinhas/files/2025/05/6537-4.webp 1366w" sizes="(max-width: 1024px) 100vw, 1024px" /></figure>



<figure class="wp-block-image size-large"><img decoding="async" loading="lazy" width="1024" height="576" src="https://www.ifbaiano.edu.br/unidades/alagoinhas/files/2025/05/4116-5-1024x576.webp" alt="Tema da Oficina: Beiju e Cultura Afro-Brasileira.
Local: Laboratório de Alimentos. Proponentes: Maria Laura Barbosa dos Santos e Matheus Ferreira dos Santos. A primeira proponente é uma senhora de idade negra utilizando um adereço de cabeça em formato de flor na cor vinho assim como seu vestido e lábios; O segundo proponente é um homem negro, de cabelos cacheados de tamanho médio e utiliza uma regata preta com detalhes em amarelo na gola e na altura das axilas." class="wp-image-6684" srcset="https://www.ifbaiano.edu.br/unidades/alagoinhas/files/2025/05/4116-5-1024x576.webp 1024w, https://www.ifbaiano.edu.br/unidades/alagoinhas/files/2025/05/4116-5-300x169.webp 300w, https://www.ifbaiano.edu.br/unidades/alagoinhas/files/2025/05/4116-5-768x432.webp 768w, https://www.ifbaiano.edu.br/unidades/alagoinhas/files/2025/05/4116-5-100x56.webp 100w, https://www.ifbaiano.edu.br/unidades/alagoinhas/files/2025/05/4116-5.webp 1366w" sizes="(max-width: 1024px) 100vw, 1024px" /></figure>



<figure class="wp-block-image size-large"><img decoding="async" loading="lazy" width="1024" height="576" src="https://www.ifbaiano.edu.br/unidades/alagoinhas/files/2025/05/6595-7-1024x576.webp" alt="Tema da Oficina: Linguiça de cordeiro com Taioba.
Local Laboratório de Alimentos
Proponente Maria Eduarda Estrela Santos." class="wp-image-6658" srcset="https://www.ifbaiano.edu.br/unidades/alagoinhas/files/2025/05/6595-7-1024x576.webp 1024w, https://www.ifbaiano.edu.br/unidades/alagoinhas/files/2025/05/6595-7-300x169.webp 300w, https://www.ifbaiano.edu.br/unidades/alagoinhas/files/2025/05/6595-7-768x432.webp 768w, https://www.ifbaiano.edu.br/unidades/alagoinhas/files/2025/05/6595-7-100x56.webp 100w, https://www.ifbaiano.edu.br/unidades/alagoinhas/files/2025/05/6595-7.webp 1366w" sizes="(max-width: 1024px) 100vw, 1024px" /></figure>

<p>Link de Inscrição: https://suap.ifbaiano.edu.br/eventos/inscricao/2352/ Todas as imagens possuem Audiodescrição.</p>
