{"id":6755,"date":"2025-07-29T22:15:04","date_gmt":"2025-07-30T01:15:04","guid":{"rendered":"https:\/\/www.ifbaiano.edu.br\/unidades\/alagoinhas\/?page_id=6755"},"modified":"2025-07-29T23:59:00","modified_gmt":"2025-07-30T02:59:00","slug":"programas-estudantis","status":"publish","type":"page","link":"https:\/\/www.ifbaiano.edu.br\/unidades\/alagoinhas\/programas-estudantis\/","title":{"rendered":"Programas Estudantis"},"content":{"rendered":"\n<p>Programas Estudantis com Editais geridos pelo <em>Campus <\/em>Alagoinhas.<\/p>\n\n\n\n<figure class=\"wp-block-image size-large is-resized\"><img decoding=\"async\" loading=\"lazy\" src=\"https:\/\/www.ifbaiano.edu.br\/unidades\/alagoinhas\/files\/2025\/07\/1432-programas-estudantis-fundo-transparente-757x1024.webp\" alt=\"C\u00edrculo vermelho com quatro ret\u00e2ngulos em sua \u00f3rbita ligados aos nomes dos programas Paise, Propac, Pae e Pincel nas cores  azul, verde, preto e amarelo respectivamente. Esta \u00e9 a logomarca dos programas estudantis geridos pelo campus Alagoinhas criada em 2025. Fim da audiodescri\u00e7\u00e3o.\" class=\"wp-image-6795\" width=\"189\" height=\"256\" srcset=\"https:\/\/www.ifbaiano.edu.br\/unidades\/alagoinhas\/files\/2025\/07\/1432-programas-estudantis-fundo-transparente-757x1024.webp 757w, https:\/\/www.ifbaiano.edu.br\/unidades\/alagoinhas\/files\/2025\/07\/1432-programas-estudantis-fundo-transparente-222x300.webp 222w, https:\/\/www.ifbaiano.edu.br\/unidades\/alagoinhas\/files\/2025\/07\/1432-programas-estudantis-fundo-transparente-768x1039.webp 768w, https:\/\/www.ifbaiano.edu.br\/unidades\/alagoinhas\/files\/2025\/07\/1432-programas-estudantis-fundo-transparente-100x135.webp 100w, https:\/\/www.ifbaiano.edu.br\/unidades\/alagoinhas\/files\/2025\/07\/1432-programas-estudantis-fundo-transparente.webp 798w\" sizes=\"(max-width: 189px) 100vw, 189px\" \/><\/figure>\n\n\n\n<p><strong>PAISE &#8211; Programa de Assist\u00eancia e Inclus\u00e3o Social do Estudante <\/strong><\/p>\n\n\n\n<p>O Paise, integrante da pol\u00edtica de assist\u00eancia estudantil do IF Baiano, visa contribuir para o bem-estar biopsicossocial, perman\u00eancia e \u00eaxito nas atividades acad\u00eamicas de estudantes em vulnerabilidade socioecon\u00f4mica.<\/p>\n\n\n\n<div class=\"wp-block-gutena-accordion gutena-accordion-block gutena-accordion-block-9e20d9-38 is-layout-flow\" data-single=\"false\">\n<div class=\"wp-block-gutena-accordion-panel gutena-accordion-block__panel\">\n<div class=\"wp-block-gutena-accordion-panel-title gutena-accordion-block__panel-title\"><div class=\"gutena-accordion-block__panel-title-inner\">\n<h6 class=\"wp-block-heading has-text-align-left\" style=\"margin-top:0px;margin-right:0px;margin-bottom:0px;margin-left:0px\">\u00daltimos Editais <strong>PAISE <\/strong>&#8211; Clique para visualizar os \u00faltimos Editais para o recebimento dos Aux\u00edlios<\/h6>\n<div class=\"trigger-plus-minus\"><div class=\"horizontal\"><\/div><div class=\"vertical\"><\/div><\/div><\/div><\/div>\n\n\n\n<div class=\"wp-block-gutena-accordion-panel-content gutena-accordion-block__panel-content\"><div class=\"gutena-accordion-block__panel-content-inner\">\n<figure class=\"wp-block-embed is-type-wp-embed is-provider-campus-alagoinhas wp-block-embed-campus-alagoinhas\"><div class=\"wp-block-embed__wrapper\">\n<blockquote class=\"wp-embedded-content\" data-secret=\"dN2t3TWMA4\"><a href=\"https:\/\/www.ifbaiano.edu.br\/unidades\/alagoinhas\/paise2025\/\">Programa de Assist\u00eancia e Inclus\u00e3o Social do Estudante \u2013 PAISE 2025<\/a><\/blockquote><iframe class=\"wp-embedded-content\" sandbox=\"allow-scripts\" security=\"restricted\" style=\"position: absolute; clip: rect(1px, 1px, 1px, 1px);\" title=\"&#8220;Programa de Assist\u00eancia e Inclus\u00e3o Social do Estudante \u2013 PAISE 2025&#8221; &#8212; Campus Alagoinhas\" src=\"https:\/\/www.ifbaiano.edu.br\/unidades\/alagoinhas\/paise2025\/embed\/#?secret=Bb9eLe0AEw#?secret=dN2t3TWMA4\" data-secret=\"dN2t3TWMA4\" width=\"500\" height=\"282\" frameborder=\"0\" marginwidth=\"0\" marginheight=\"0\" scrolling=\"no\"><\/iframe>\n<\/div><\/figure>\n\n\n\n<figure class=\"wp-block-embed is-type-wp-embed is-provider-campus-alagoinhas wp-block-embed-campus-alagoinhas\"><div class=\"wp-block-embed__wrapper\">\n<blockquote class=\"wp-embedded-content\" data-secret=\"KQlrozVRhv\"><a href=\"https:\/\/www.ifbaiano.edu.br\/unidades\/alagoinhas\/paise2024\/\">PROGRAMA DE ASSIST\u00caNCIA E INCLUS\u00c3O SOCIAL DO ESTUDANTE \u2013 PAISE 2024<\/a><\/blockquote><iframe class=\"wp-embedded-content\" sandbox=\"allow-scripts\" security=\"restricted\" style=\"position: absolute; clip: rect(1px, 1px, 1px, 1px);\" title=\"&#8220;PROGRAMA DE ASSIST\u00caNCIA E INCLUS\u00c3O SOCIAL DO ESTUDANTE \u2013 PAISE 2024&#8221; &#8212; Campus Alagoinhas\" src=\"https:\/\/www.ifbaiano.edu.br\/unidades\/alagoinhas\/paise2024\/embed\/#?secret=Dwjnbne4lF#?secret=KQlrozVRhv\" data-secret=\"KQlrozVRhv\" width=\"500\" height=\"282\" frameborder=\"0\" marginwidth=\"0\" marginheight=\"0\" scrolling=\"no\"><\/iframe>\n<\/div><\/figure>\n\n\n\n<figure class=\"wp-block-embed is-type-wp-embed is-provider-campus-alagoinhas wp-block-embed-campus-alagoinhas\"><div class=\"wp-block-embed__wrapper\">\n<blockquote class=\"wp-embedded-content\" data-secret=\"92uPYkm2bl\"><a href=\"https:\/\/www.ifbaiano.edu.br\/unidades\/alagoinhas\/paise2023\/\">PROGRAMA DE ASSIST\u00caNCIA E INCLUS\u00c3O SOCIAL DO ESTUDANTE \u2013 PAISE 2023<\/a><\/blockquote><iframe class=\"wp-embedded-content\" sandbox=\"allow-scripts\" security=\"restricted\" style=\"position: absolute; clip: rect(1px, 1px, 1px, 1px);\" title=\"&#8220;PROGRAMA DE ASSIST\u00caNCIA E INCLUS\u00c3O SOCIAL DO ESTUDANTE \u2013 PAISE 2023&#8221; &#8212; Campus Alagoinhas\" src=\"https:\/\/www.ifbaiano.edu.br\/unidades\/alagoinhas\/paise2023\/embed\/#?secret=w6eyK0jOX1#?secret=92uPYkm2bl\" data-secret=\"92uPYkm2bl\" width=\"500\" height=\"282\" frameborder=\"0\" marginwidth=\"0\" marginheight=\"0\" scrolling=\"no\"><\/iframe>\n<\/div><\/figure>\n<\/div><\/div>\n<\/div>\n<\/div>\n\n\n\n<p><strong>O Programa de Incentivo \u00e0 Participa\u00e7\u00e3o Pol\u00edtico-Acad\u00eamica \u2013 PROPAC<\/strong> visa apoiar&nbsp;a&nbsp;realiza\u00e7\u00e3o de a\u00e7\u00f5es que contribuam para a produ\u00e7\u00e3o cient\u00edfica, acad\u00eamica e tecnol\u00f3gica, o exerc\u00edcio da cidadania e o direito de organiza\u00e7\u00e3o pol\u00edtica do(a) estudante.<\/p>\n\n\n\n<div class=\"wp-block-gutena-accordion gutena-accordion-block gutena-accordion-block-daf085-27 is-layout-flow\" data-single=\"false\">\n<div class=\"wp-block-gutena-accordion-panel gutena-accordion-block__panel\">\n<div class=\"wp-block-gutena-accordion-panel-title gutena-accordion-block__panel-title\"><div class=\"gutena-accordion-block__panel-title-inner\">\n<h6 class=\"wp-block-heading has-text-align-left\" style=\"margin-top:0px;margin-right:0px;margin-bottom:0px;margin-left:0px\">\u00daltimos Editais <strong>PROPAC <\/strong>&#8211; Clique Aqui<\/h6>\n<div class=\"trigger-plus-minus\"><div class=\"horizontal\"><\/div><div class=\"vertical\"><\/div><\/div><\/div><\/div>\n\n\n\n<div class=\"wp-block-gutena-accordion-panel-content gutena-accordion-block__panel-content\"><div class=\"gutena-accordion-block__panel-content-inner\">\n<figure class=\"wp-block-embed is-type-wp-embed is-provider-campus-alagoinhas wp-block-embed-campus-alagoinhas\"><div class=\"wp-block-embed__wrapper\">\n<blockquote class=\"wp-embedded-content\" data-secret=\"emZd0RYb4n\"><a href=\"https:\/\/www.ifbaiano.edu.br\/unidades\/alagoinhas\/propac2025\/\">Programa de Incentivo \u00e0 Participa\u00e7\u00e3o Pol\u00edtico-Acad\u00eamica &#8211; PROPAC 2025<\/a><\/blockquote><iframe class=\"wp-embedded-content\" sandbox=\"allow-scripts\" security=\"restricted\" style=\"position: absolute; clip: rect(1px, 1px, 1px, 1px);\" title=\"&#8220;Programa de Incentivo \u00e0 Participa\u00e7\u00e3o Pol\u00edtico-Acad\u00eamica &#8211; PROPAC 2025&#8221; &#8212; Campus Alagoinhas\" src=\"https:\/\/www.ifbaiano.edu.br\/unidades\/alagoinhas\/propac2025\/embed\/#?secret=77yZcTKQgn#?secret=emZd0RYb4n\" data-secret=\"emZd0RYb4n\" width=\"500\" height=\"282\" frameborder=\"0\" marginwidth=\"0\" marginheight=\"0\" scrolling=\"no\"><\/iframe>\n<\/div><\/figure>\n\n\n\n<figure class=\"wp-block-embed is-type-wp-embed is-provider-campus-alagoinhas wp-block-embed-campus-alagoinhas\"><div class=\"wp-block-embed__wrapper\">\n<blockquote class=\"wp-embedded-content\" data-secret=\"dYMjHzU3nZ\"><a href=\"https:\/\/www.ifbaiano.edu.br\/unidades\/alagoinhas\/propac2024\/\">PROGRAMA DE INCENTIVO \u00c0 PARTICIPA\u00c7\u00c3O POL\u00cdTICO ACAD\u00caMICA \u2013 PROPAC 2024<\/a><\/blockquote><iframe class=\"wp-embedded-content\" sandbox=\"allow-scripts\" security=\"restricted\" style=\"position: absolute; clip: rect(1px, 1px, 1px, 1px);\" title=\"&#8220;PROGRAMA DE INCENTIVO \u00c0 PARTICIPA\u00c7\u00c3O POL\u00cdTICO ACAD\u00caMICA \u2013 PROPAC 2024&#8221; &#8212; Campus Alagoinhas\" src=\"https:\/\/www.ifbaiano.edu.br\/unidades\/alagoinhas\/propac2024\/embed\/#?secret=b5zgF5zmBN#?secret=dYMjHzU3nZ\" data-secret=\"dYMjHzU3nZ\" width=\"500\" height=\"282\" frameborder=\"0\" marginwidth=\"0\" marginheight=\"0\" scrolling=\"no\"><\/iframe>\n<\/div><\/figure>\n\n\n\n<figure class=\"wp-block-embed is-type-wp-embed is-provider-campus-alagoinhas wp-block-embed-campus-alagoinhas\"><div class=\"wp-block-embed__wrapper\">\n<blockquote class=\"wp-embedded-content\" data-secret=\"ycmXZbjdge\"><a href=\"https:\/\/www.ifbaiano.edu.br\/unidades\/alagoinhas\/paeepropac2023\/\">Programa de Aux\u00edlios Eventuais \u2013 PAE e Programa de Incentivo \u00e0 Participa\u00e7\u00e3o Pol\u00edtico Acad\u00eamica &#8211; PROPAC 2023<\/a><\/blockquote><iframe class=\"wp-embedded-content\" sandbox=\"allow-scripts\" security=\"restricted\" style=\"position: absolute; clip: rect(1px, 1px, 1px, 1px);\" title=\"&#8220;Programa de Aux\u00edlios Eventuais \u2013 PAE e Programa de Incentivo \u00e0 Participa\u00e7\u00e3o Pol\u00edtico Acad\u00eamica &#8211; PROPAC 2023&#8221; &#8212; Campus Alagoinhas\" src=\"https:\/\/www.ifbaiano.edu.br\/unidades\/alagoinhas\/paeepropac2023\/embed\/#?secret=8OLxW9X6k5#?secret=ycmXZbjdge\" data-secret=\"ycmXZbjdge\" width=\"500\" height=\"282\" frameborder=\"0\" marginwidth=\"0\" marginheight=\"0\" scrolling=\"no\"><\/iframe>\n<\/div><\/figure>\n<\/div><\/div>\n<\/div>\n<\/div>\n\n\n\n<p><strong>O Programa de Aux\u00edlios Eventuais \u2013 PAE<\/strong>, integrante da Pol\u00edtica de Assist\u00eancia Estudantil do IF Baiano, visa contribuir para o atendimento de diferentes demandas apresentadas pelos(as) estudantes e\/ou identificadas pela equipe de profissionais da assist\u00eancia estudantil ou demais servidores, sendo estas situa\u00e7\u00f5es eventuais.<br>Observa\u00e7\u00e3o: Entende-se por situa\u00e7\u00f5es eventuais aquelas inesperadas e que tenham car\u00e1ter tempor\u00e1rio que tendem a interferir diretamente nos processos de ensino e aprendizagem do(a) estudante.<\/p>\n\n\n\n<div class=\"wp-block-gutena-accordion gutena-accordion-block gutena-accordion-block-853d59-a2 is-layout-flow\" data-single=\"false\">\n<div class=\"wp-block-gutena-accordion-panel gutena-accordion-block__panel\">\n<div class=\"wp-block-gutena-accordion-panel-title gutena-accordion-block__panel-title\"><div class=\"gutena-accordion-block__panel-title-inner\">\n<h6 class=\"wp-block-heading has-text-align-left\" style=\"margin-top:0px;margin-right:0px;margin-bottom:0px;margin-left:0px\">\u00daltimos Editais <strong>PAE <\/strong><\/h6>\n\n\n\n<ul>\n<li><strong>Tipos de aux\u00edlios dispon\u00edveis:<\/strong><\/li>\n\n\n\n<li>exames m\u00e9dicos e odontol\u00f3gicos;<\/li>\n\n\n\n<li>acompanhamento psicoterap\u00eautico;<\/li>\n\n\n\n<li>compra de medica\u00e7\u00f5es prescritas por m\u00e9dico ou dentista;<\/li>\n\n\n\n<li>aquisi\u00e7\u00e3o de \u00f3culos de grau;<\/li>\n\n\n\n<li>tratamento dent\u00e1rio (n\u00e3o est\u00e9tico);<\/li>\n\n\n\n<li>compra de cama e colch\u00e3o;<\/li>\n\n\n\n<li>avalia\u00e7\u00f5es e acompanhamentos neuropsicol\u00f3gicos.<\/li>\n<\/ul>\n<div class=\"trigger-plus-minus\"><div class=\"horizontal\"><\/div><div class=\"vertical\"><\/div><\/div><\/div><\/div>\n\n\n\n<div class=\"wp-block-gutena-accordion-panel-content gutena-accordion-block__panel-content\"><div class=\"gutena-accordion-block__panel-content-inner\">\n<figure class=\"wp-block-embed is-type-wp-embed is-provider-campus-alagoinhas wp-block-embed-campus-alagoinhas\"><div class=\"wp-block-embed__wrapper\">\n<blockquote class=\"wp-embedded-content\" data-secret=\"7onakZ3f2H\"><a href=\"https:\/\/www.ifbaiano.edu.br\/unidades\/alagoinhas\/programa-de-auxilios-eventuais-pae\/\">PROGRAMA DE AUX\u00cdLIOS EVENTUAIS \u2013 PAE 2025<\/a><\/blockquote><iframe class=\"wp-embedded-content\" sandbox=\"allow-scripts\" security=\"restricted\" style=\"position: absolute; clip: rect(1px, 1px, 1px, 1px);\" title=\"&#8220;PROGRAMA DE AUX\u00cdLIOS EVENTUAIS \u2013 PAE 2025&#8221; &#8212; Campus Alagoinhas\" src=\"https:\/\/www.ifbaiano.edu.br\/unidades\/alagoinhas\/programa-de-auxilios-eventuais-pae\/embed\/#?secret=x39Hgcvkfw#?secret=7onakZ3f2H\" data-secret=\"7onakZ3f2H\" width=\"500\" height=\"282\" frameborder=\"0\" marginwidth=\"0\" marginheight=\"0\" scrolling=\"no\"><\/iframe>\n<\/div><\/figure>\n\n\n\n<figure class=\"wp-block-embed is-type-wp-embed is-provider-campus-alagoinhas wp-block-embed-campus-alagoinhas\"><div class=\"wp-block-embed__wrapper\">\n<blockquote class=\"wp-embedded-content\" data-secret=\"MlmgC3WA6z\"><a href=\"https:\/\/www.ifbaiano.edu.br\/unidades\/alagoinhas\/pae2024\/\">PROGRAMA DE AUX\u00cdLIOS EVENTUAIS \u2013 PAE 2024<\/a><\/blockquote><iframe class=\"wp-embedded-content\" sandbox=\"allow-scripts\" security=\"restricted\" style=\"position: absolute; clip: rect(1px, 1px, 1px, 1px);\" title=\"&#8220;PROGRAMA DE AUX\u00cdLIOS EVENTUAIS \u2013 PAE 2024&#8221; &#8212; Campus Alagoinhas\" src=\"https:\/\/www.ifbaiano.edu.br\/unidades\/alagoinhas\/pae2024\/embed\/#?secret=HrQOS2myJ3#?secret=MlmgC3WA6z\" data-secret=\"MlmgC3WA6z\" width=\"500\" height=\"282\" frameborder=\"0\" marginwidth=\"0\" marginheight=\"0\" scrolling=\"no\"><\/iframe>\n<\/div><\/figure>\n\n\n\n<p><\/p>\n\n\n\n<figure class=\"wp-block-embed is-type-wp-embed is-provider-campus-alagoinhas wp-block-embed-campus-alagoinhas\"><div class=\"wp-block-embed__wrapper\">\n<blockquote class=\"wp-embedded-content\" data-secret=\"ycmXZbjdge\"><a href=\"https:\/\/www.ifbaiano.edu.br\/unidades\/alagoinhas\/paeepropac2023\/\">Programa de Aux\u00edlios Eventuais \u2013 PAE e Programa de Incentivo \u00e0 Participa\u00e7\u00e3o Pol\u00edtico Acad\u00eamica &#8211; PROPAC 2023<\/a><\/blockquote><iframe class=\"wp-embedded-content\" sandbox=\"allow-scripts\" security=\"restricted\" style=\"position: absolute; clip: rect(1px, 1px, 1px, 1px);\" title=\"&#8220;Programa de Aux\u00edlios Eventuais \u2013 PAE e Programa de Incentivo \u00e0 Participa\u00e7\u00e3o Pol\u00edtico Acad\u00eamica &#8211; PROPAC 2023&#8221; &#8212; Campus Alagoinhas\" src=\"https:\/\/www.ifbaiano.edu.br\/unidades\/alagoinhas\/paeepropac2023\/embed\/#?secret=8OLxW9X6k5#?secret=ycmXZbjdge\" data-secret=\"ycmXZbjdge\" width=\"500\" height=\"282\" frameborder=\"0\" marginwidth=\"0\" marginheight=\"0\" scrolling=\"no\"><\/iframe>\n<\/div><\/figure>\n<\/div><\/div>\n<\/div>\n<\/div>\n\n\n\n<p>O <strong>Programa de Incentivo \u00e0 Cultura, Esporte e Lazer &#8211; PINCEL<\/strong> prop\u00f5e-se apoiar a participa\u00e7\u00e3o de estudantes em atividades art\u00edsticas, culturais, esportivas e de lazer, com vistas \u00e0 melhoria do desempenho acad\u00eamico, \u00e0 produ\u00e7\u00e3o do conhecimento e \u00e0 plena forma\u00e7\u00e3o cidad\u00e3. Inclui os aux\u00edlios de Participa\u00e7\u00e3o em Atividades Esportivas, Participa\u00e7\u00e3o em Atividades Art\u00edsticas e Culturais e Realiza\u00e7\u00e3o de Atividades Art\u00edsticas e Culturais.<\/p>\n\n\n\n<div class=\"wp-block-gutena-accordion gutena-accordion-block gutena-accordion-block-dcbce2-c2 is-layout-flow\" data-single=\"false\">\n<div class=\"wp-block-gutena-accordion-panel gutena-accordion-block__panel\">\n<div class=\"wp-block-gutena-accordion-panel-title gutena-accordion-block__panel-title\"><div class=\"gutena-accordion-block__panel-title-inner\">\n<p>\u00daltimos Editais <strong>PINCEL<\/strong><\/p>\n<div class=\"trigger-plus-minus\"><div class=\"horizontal\"><\/div><div class=\"vertical\"><\/div><\/div><\/div><\/div>\n\n\n\n<div class=\"wp-block-gutena-accordion-panel-content gutena-accordion-block__panel-content\"><div class=\"gutena-accordion-block__panel-content-inner\">\n<figure class=\"wp-block-embed is-type-wp-embed is-provider-campus-alagoinhas wp-block-embed-campus-alagoinhas\"><div class=\"wp-block-embed__wrapper\">\n<blockquote class=\"wp-embedded-content\" data-secret=\"9RJBCFMKEs\"><a href=\"https:\/\/www.ifbaiano.edu.br\/unidades\/alagoinhas\/pincel2025\/\">PROGRAMA DE INCENTIVO \u00c0 CULTURA, ESPORTE E LAZER \u2013 PINCEL 2025<\/a><\/blockquote><iframe class=\"wp-embedded-content\" sandbox=\"allow-scripts\" security=\"restricted\" style=\"position: absolute; clip: rect(1px, 1px, 1px, 1px);\" title=\"&#8220;PROGRAMA DE INCENTIVO \u00c0 CULTURA, ESPORTE E LAZER \u2013 PINCEL 2025&#8221; &#8212; Campus Alagoinhas\" src=\"https:\/\/www.ifbaiano.edu.br\/unidades\/alagoinhas\/pincel2025\/embed\/#?secret=JM44hZduVj#?secret=9RJBCFMKEs\" data-secret=\"9RJBCFMKEs\" width=\"500\" height=\"282\" frameborder=\"0\" marginwidth=\"0\" marginheight=\"0\" scrolling=\"no\"><\/iframe>\n<\/div><\/figure>\n\n\n\n<figure class=\"wp-block-embed is-type-wp-embed is-provider-campus-alagoinhas wp-block-embed-campus-alagoinhas\"><div class=\"wp-block-embed__wrapper\">\n<blockquote class=\"wp-embedded-content\" data-secret=\"QDX6GID6jo\"><a href=\"https:\/\/www.ifbaiano.edu.br\/unidades\/alagoinhas\/pincel2024\/\">PROGRAMA DE INCENTIVO \u00c0 CULTURA, ESPORTE E LAZER \u2013 PINCEL 2024<\/a><\/blockquote><iframe class=\"wp-embedded-content\" sandbox=\"allow-scripts\" security=\"restricted\" style=\"position: absolute; clip: rect(1px, 1px, 1px, 1px);\" title=\"&#8220;PROGRAMA DE INCENTIVO \u00c0 CULTURA, ESPORTE E LAZER \u2013 PINCEL 2024&#8221; &#8212; Campus Alagoinhas\" src=\"https:\/\/www.ifbaiano.edu.br\/unidades\/alagoinhas\/pincel2024\/embed\/#?secret=SJCQVvNJ2T#?secret=QDX6GID6jo\" data-secret=\"QDX6GID6jo\" width=\"500\" height=\"282\" frameborder=\"0\" marginwidth=\"0\" marginheight=\"0\" scrolling=\"no\"><\/iframe>\n<\/div><\/figure>\n\n\n\n<p><\/p>\n<\/div><\/div>\n<\/div>\n<\/div>\n","protected":false},"excerpt":{"rendered":"<p>Programas Estudantis com Editais geridos pelo Campus Alagoinhas. PAISE &#8211; Programa de Assist\u00eancia e Inclus\u00e3o Social do Estudante O Paise, integrante da pol\u00edtica de assist\u00eancia estudantil do IF Baiano, visa contribuir para o bem-estar biopsicossocial, perman\u00eancia e \u00eaxito nas atividades acad\u00eamicas de estudantes em vulnerabilidade socioecon\u00f4mica. O Programa de Incentivo \u00e0 Participa\u00e7\u00e3o Pol\u00edtico-Acad\u00eamica \u2013 PROPAC [&hellip;]<\/p>\n","protected":false},"author":156,"featured_media":0,"parent":0,"menu_order":0,"comment_status":"open","ping_status":"closed","template":"","meta":[],"_links":{"self":[{"href":"https:\/\/www.ifbaiano.edu.br\/unidades\/alagoinhas\/wp-json\/wp\/v2\/pages\/6755"}],"collection":[{"href":"https:\/\/www.ifbaiano.edu.br\/unidades\/alagoinhas\/wp-json\/wp\/v2\/pages"}],"about":[{"href":"https:\/\/www.ifbaiano.edu.br\/unidades\/alagoinhas\/wp-json\/wp\/v2\/types\/page"}],"author":[{"embeddable":true,"href":"https:\/\/www.ifbaiano.edu.br\/unidades\/alagoinhas\/wp-json\/wp\/v2\/users\/156"}],"replies":[{"embeddable":true,"href":"https:\/\/www.ifbaiano.edu.br\/unidades\/alagoinhas\/wp-json\/wp\/v2\/comments?post=6755"}],"version-history":[{"count":13,"href":"https:\/\/www.ifbaiano.edu.br\/unidades\/alagoinhas\/wp-json\/wp\/v2\/pages\/6755\/revisions"}],"predecessor-version":[{"id":6808,"href":"https:\/\/www.ifbaiano.edu.br\/unidades\/alagoinhas\/wp-json\/wp\/v2\/pages\/6755\/revisions\/6808"}],"wp:attachment":[{"href":"https:\/\/www.ifbaiano.edu.br\/unidades\/alagoinhas\/wp-json\/wp\/v2\/media?parent=6755"}],"curies":[{"name":"wp","href":"https:\/\/api.w.org\/{rel}","templated":true}]}}