{"id":6952,"date":"2025-11-24T17:35:24","date_gmt":"2025-11-24T20:35:24","guid":{"rendered":"https:\/\/www.ifbaiano.edu.br\/unidades\/alagoinhas\/?page_id=6952"},"modified":"2025-12-15T14:33:28","modified_gmt":"2025-12-15T17:33:28","slug":"chamada-publica-n-132-2025-aquisicao-de-produtos-da-agricultura-familiar-atraves-do-pnae-programa-nacional-de-alimentacao","status":"publish","type":"page","link":"https:\/\/www.ifbaiano.edu.br\/unidades\/alagoinhas\/chamada-publica-n-132-2025-aquisicao-de-produtos-da-agricultura-familiar-atraves-do-pnae-programa-nacional-de-alimentacao\/","title":{"rendered":"CHAMADA P\u00daBLICA N. 132\/2025 &#8211; Aquisi\u00e7\u00e3o de produtos da agricultura familiar atrav\u00e9s do PNAE\u00a0(Programa Nacional de Alimenta\u00e7\u00e3o)"},"content":{"rendered":"<div class=\"wp-block-image\">\n<figure class=\"aligncenter size-full\"><img decoding=\"async\" loading=\"lazy\" width=\"662\" height=\"434\" src=\"https:\/\/www.ifbaiano.edu.br\/unidades\/alagoinhas\/files\/2025\/11\/6336-1-b9fd2072.webp\" alt=\"\" class=\"wp-image-6958\" srcset=\"https:\/\/www.ifbaiano.edu.br\/unidades\/alagoinhas\/files\/2025\/11\/6336-1-b9fd2072.webp 662w, https:\/\/www.ifbaiano.edu.br\/unidades\/alagoinhas\/files\/2025\/11\/6336-1-b9fd2072-300x197.webp 300w, https:\/\/www.ifbaiano.edu.br\/unidades\/alagoinhas\/files\/2025\/11\/6336-1-b9fd2072-100x66.webp 100w\" sizes=\"(max-width: 662px) 100vw, 662px\" \/><\/figure><\/div>\n\n\n<p>O Instituto Federal Baiano \u2013 Campus Alagoinhas torna p\u00fablico, para conhecimento dos interessados, que realizar\u00e1 a Chamada P\u00fablica n\u00ba 132\/2025. Objeto: Aquisi\u00e7\u00e3o de g\u00eaneros aliment\u00edcios da agricultura familiar para atendimento ao Programa Nacional de Alimenta\u00e7\u00e3o Escolar \u2013 PNAE, conforme as pe\u00e7as t\u00e9cnicas constantes no Instrumento Convocat\u00f3rio e seus anexos, partes integrantes desta Chamada P\u00fablica. O Edital encontra-se dispon\u00edvel na sede do Campus e no s\u00edtio&nbsp;<a rel=\"noreferrer noopener\" href=\"https:\/\/www.ifbaiano.edu.br\/unidades\/Alagoinhas\" target=\"_blank\">https:\/\/www.ifbaiano.edu.br\/unidades\/Alagoinhas<\/a>. <\/p>\n\n\n\n<p>Sess\u00e3o de abertura: \u00c0s 09h00 do dia&nbsp;15\/12\/2025&nbsp;(hor\u00e1rio de Bras\u00edlia), na sede do Instituto Federal Baiano \u2013 Campus Alagoinhas. No audit\u00f3rio do Pr\u00e9dio Administrativo, Rua Manoel Rom\u00e3o de Souza, 166\/155. Alagoinhas Velha, Alagoinhas\/BA. CEP: 48007-656.&#8221;<\/p>\n\n\n\n<div class=\"wp-block-file\"><a id=\"wp-block-file--media-2b479699-e1de-42c4-845a-148d11705c1d\" href=\"https:\/\/www.ifbaiano.edu.br\/unidades\/alagoinhas\/files\/2025\/12\/02-Resultado-da-Chamada-Publica-PNAE-Habilitacao.pdf\">02 &#8211; Resultado da Chamada P\u00fablica PNAE &#8211; Habilita\u00e7\u00e3o<\/a><a href=\"https:\/\/www.ifbaiano.edu.br\/unidades\/alagoinhas\/files\/2025\/12\/02-Resultado-da-Chamada-Publica-PNAE-Habilitacao.pdf\" class=\"wp-block-file__button wp-element-button\" download aria-describedby=\"wp-block-file--media-2b479699-e1de-42c4-845a-148d11705c1d\">Baixar<\/a><\/div>\n\n\n\n<div class=\"wp-block-file\"><a id=\"wp-block-file--media-23d12d40-36ae-483a-baa3-cb2454a8012a\" href=\"https:\/\/www.ifbaiano.edu.br\/unidades\/alagoinhas\/files\/2025\/12\/01-ATA-DA-SESSAO-DE-RECEBIMENTO-E-ABERTURA-DOS-ENVELOPES-E-JULGAMENTO-PNAE.pdf\" target=\"_blank\" rel=\"noreferrer noopener\">01 &#8211; ATA DA SESS\u00c3O DE RECEBIMENTO E ABERTURA DOS ENVELOPES E JULGAMENTO &#8211; PNAE<\/a><a href=\"https:\/\/www.ifbaiano.edu.br\/unidades\/alagoinhas\/files\/2025\/12\/01-ATA-DA-SESSAO-DE-RECEBIMENTO-E-ABERTURA-DOS-ENVELOPES-E-JULGAMENTO-PNAE.pdf\" class=\"wp-block-file__button wp-element-button\" download aria-describedby=\"wp-block-file--media-23d12d40-36ae-483a-baa3-cb2454a8012a\">Baixar<\/a><\/div>\n\n\n\n<div class=\"wp-block-file\"><a id=\"wp-block-file--media-d9e6c88e-a2a6-4d2e-ba05-137aa54a6a18\" href=\"https:\/\/www.ifbaiano.edu.br\/unidades\/alagoinhas\/files\/2025\/11\/ANEXO-I-PROJETO-BASICO-PNAE-02-1.pdf\">ANEXO-I-PROJETO-BASICO-PNAE-02-1<\/a><a href=\"https:\/\/www.ifbaiano.edu.br\/unidades\/alagoinhas\/files\/2025\/11\/ANEXO-I-PROJETO-BASICO-PNAE-02-1.pdf\" class=\"wp-block-file__button wp-element-button\" download aria-describedby=\"wp-block-file--media-d9e6c88e-a2a6-4d2e-ba05-137aa54a6a18\">Baixar<\/a><\/div>\n\n\n\n<div class=\"wp-block-file\"><a id=\"wp-block-file--media-ce255114-e1b5-434b-8f98-5b347dd36fc2\" href=\"https:\/\/www.ifbaiano.edu.br\/unidades\/alagoinhas\/files\/2025\/11\/ANEXO-II-PNAE-2025-03.pdf\">ANEXO-II-PNAE-2025-03<\/a><a href=\"https:\/\/www.ifbaiano.edu.br\/unidades\/alagoinhas\/files\/2025\/11\/ANEXO-II-PNAE-2025-03.pdf\" class=\"wp-block-file__button wp-element-button\" download aria-describedby=\"wp-block-file--media-ce255114-e1b5-434b-8f98-5b347dd36fc2\">Baixar<\/a><\/div>\n\n\n\n<div class=\"wp-block-file\"><a id=\"wp-block-file--media-0f6eaebe-e04c-42a6-83e1-11290b560786\" href=\"https:\/\/www.ifbaiano.edu.br\/unidades\/alagoinhas\/files\/2025\/11\/ANEXO-III-A-VI-PNAE-2025-04.pdf\">ANEXO-III-A-VI-PNAE-2025-04<\/a><a href=\"https:\/\/www.ifbaiano.edu.br\/unidades\/alagoinhas\/files\/2025\/11\/ANEXO-III-A-VI-PNAE-2025-04.pdf\" class=\"wp-block-file__button wp-element-button\" download aria-describedby=\"wp-block-file--media-0f6eaebe-e04c-42a6-83e1-11290b560786\">Baixar<\/a><\/div>\n\n\n\n<div class=\"wp-block-file\"><a id=\"wp-block-file--media-ad737991-5625-45cd-9099-5c528917d656\" href=\"https:\/\/www.ifbaiano.edu.br\/unidades\/alagoinhas\/files\/2025\/11\/EDITAL-PNAE-01.pdf\">EDITAL-PNAE-01<\/a><a href=\"https:\/\/www.ifbaiano.edu.br\/unidades\/alagoinhas\/files\/2025\/11\/EDITAL-PNAE-01.pdf\" class=\"wp-block-file__button wp-element-button\" download aria-describedby=\"wp-block-file--media-ad737991-5625-45cd-9099-5c528917d656\">Baixar<\/a><\/div>\n","protected":false},"excerpt":{"rendered":"<p>O Instituto Federal Baiano \u2013 Campus Alagoinhas torna p\u00fablico, para conhecimento dos interessados, que realizar\u00e1 a Chamada P\u00fablica n\u00ba 132\/2025. Objeto: Aquisi\u00e7\u00e3o de g\u00eaneros aliment\u00edcios da agricultura familiar para atendimento ao Programa Nacional de Alimenta\u00e7\u00e3o Escolar \u2013 PNAE, conforme as pe\u00e7as t\u00e9cnicas constantes no Instrumento Convocat\u00f3rio e seus anexos, partes integrantes desta Chamada P\u00fablica. O [&hellip;]<\/p>\n","protected":false},"author":175,"featured_media":0,"parent":0,"menu_order":0,"comment_status":"closed","ping_status":"closed","template":"","meta":[],"_links":{"self":[{"href":"https:\/\/www.ifbaiano.edu.br\/unidades\/alagoinhas\/wp-json\/wp\/v2\/pages\/6952"}],"collection":[{"href":"https:\/\/www.ifbaiano.edu.br\/unidades\/alagoinhas\/wp-json\/wp\/v2\/pages"}],"about":[{"href":"https:\/\/www.ifbaiano.edu.br\/unidades\/alagoinhas\/wp-json\/wp\/v2\/types\/page"}],"author":[{"embeddable":true,"href":"https:\/\/www.ifbaiano.edu.br\/unidades\/alagoinhas\/wp-json\/wp\/v2\/users\/175"}],"replies":[{"embeddable":true,"href":"https:\/\/www.ifbaiano.edu.br\/unidades\/alagoinhas\/wp-json\/wp\/v2\/comments?post=6952"}],"version-history":[{"count":5,"href":"https:\/\/www.ifbaiano.edu.br\/unidades\/alagoinhas\/wp-json\/wp\/v2\/pages\/6952\/revisions"}],"predecessor-version":[{"id":6977,"href":"https:\/\/www.ifbaiano.edu.br\/unidades\/alagoinhas\/wp-json\/wp\/v2\/pages\/6952\/revisions\/6977"}],"wp:attachment":[{"href":"https:\/\/www.ifbaiano.edu.br\/unidades\/alagoinhas\/wp-json\/wp\/v2\/media?parent=6952"}],"curies":[{"name":"wp","href":"https:\/\/api.w.org\/{rel}","templated":true}]}}

CHAMADA PÚBLICA N. 132/2025 &#8211; Aquisição de produtos da agricultura familiar através do PNAE (Programa Nacional de Alimentação)

<div class="wp-block-image">
<figure class="aligncenter size-full"><img decoding="async" loading="lazy" width="662" height="434" src="https://www.ifbaiano.edu.br/unidades/alagoinhas/files/2025/11/6336-1-b9fd2072.webp" alt="" class="wp-image-6958" srcset="https://www.ifbaiano.edu.br/unidades/alagoinhas/files/2025/11/6336-1-b9fd2072.webp 662w, https://www.ifbaiano.edu.br/unidades/alagoinhas/files/2025/11/6336-1-b9fd2072-300x197.webp 300w, https://www.ifbaiano.edu.br/unidades/alagoinhas/files/2025/11/6336-1-b9fd2072-100x66.webp 100w" sizes="(max-width: 662px) 100vw, 662px" /></figure></div>


<p>O Instituto Federal Baiano – Campus Alagoinhas torna público, para conhecimento dos interessados, que realizará a Chamada Pública nº 132/2025. Objeto: Aquisição de gêneros alimentícios da agricultura familiar para atendimento ao Programa Nacional de Alimentação Escolar – PNAE, conforme as peças técnicas constantes no Instrumento Convocatório e seus anexos, partes integrantes desta Chamada Pública. O Edital encontra-se disponível na sede do Campus e no sítio&nbsp;<a rel="noreferrer noopener" href="https://www.ifbaiano.edu.br/unidades/Alagoinhas" target="_blank">https://www.ifbaiano.edu.br/unidades/Alagoinhas</a>. </p>



<p>Sessão de abertura: Às 09h00 do dia&nbsp;15/12/2025&nbsp;(horário de Brasília), na sede do Instituto Federal Baiano – Campus Alagoinhas. No auditório do Prédio Administrativo, Rua Manoel Romão de Souza, 166/155. Alagoinhas Velha, Alagoinhas/BA. CEP: 48007-656.&#8221;</p>



<div class="wp-block-file"><a id="wp-block-file--media-2b479699-e1de-42c4-845a-148d11705c1d" href="https://www.ifbaiano.edu.br/unidades/alagoinhas/files/2025/12/02-Resultado-da-Chamada-Publica-PNAE-Habilitacao.pdf">02 &#8211; Resultado da Chamada Pública PNAE &#8211; Habilitação</a><a href="https://www.ifbaiano.edu.br/unidades/alagoinhas/files/2025/12/02-Resultado-da-Chamada-Publica-PNAE-Habilitacao.pdf" class="wp-block-file__button wp-element-button" download aria-describedby="wp-block-file--media-2b479699-e1de-42c4-845a-148d11705c1d">Baixar</a></div>



<div class="wp-block-file"><a id="wp-block-file--media-23d12d40-36ae-483a-baa3-cb2454a8012a" href="https://www.ifbaiano.edu.br/unidades/alagoinhas/files/2025/12/01-ATA-DA-SESSAO-DE-RECEBIMENTO-E-ABERTURA-DOS-ENVELOPES-E-JULGAMENTO-PNAE.pdf" target="_blank" rel="noreferrer noopener">01 &#8211; ATA DA SESSÃO DE RECEBIMENTO E ABERTURA DOS ENVELOPES E JULGAMENTO &#8211; PNAE</a><a href="https://www.ifbaiano.edu.br/unidades/alagoinhas/files/2025/12/01-ATA-DA-SESSAO-DE-RECEBIMENTO-E-ABERTURA-DOS-ENVELOPES-E-JULGAMENTO-PNAE.pdf" class="wp-block-file__button wp-element-button" download aria-describedby="wp-block-file--media-23d12d40-36ae-483a-baa3-cb2454a8012a">Baixar</a></div>



<div class="wp-block-file"><a id="wp-block-file--media-d9e6c88e-a2a6-4d2e-ba05-137aa54a6a18" href="https://www.ifbaiano.edu.br/unidades/alagoinhas/files/2025/11/ANEXO-I-PROJETO-BASICO-PNAE-02-1.pdf">ANEXO-I-PROJETO-BASICO-PNAE-02-1</a><a href="https://www.ifbaiano.edu.br/unidades/alagoinhas/files/2025/11/ANEXO-I-PROJETO-BASICO-PNAE-02-1.pdf" class="wp-block-file__button wp-element-button" download aria-describedby="wp-block-file--media-d9e6c88e-a2a6-4d2e-ba05-137aa54a6a18">Baixar</a></div>



<div class="wp-block-file"><a id="wp-block-file--media-ce255114-e1b5-434b-8f98-5b347dd36fc2" href="https://www.ifbaiano.edu.br/unidades/alagoinhas/files/2025/11/ANEXO-II-PNAE-2025-03.pdf">ANEXO-II-PNAE-2025-03</a><a href="https://www.ifbaiano.edu.br/unidades/alagoinhas/files/2025/11/ANEXO-II-PNAE-2025-03.pdf" class="wp-block-file__button wp-element-button" download aria-describedby="wp-block-file--media-ce255114-e1b5-434b-8f98-5b347dd36fc2">Baixar</a></div>



<div class="wp-block-file"><a id="wp-block-file--media-0f6eaebe-e04c-42a6-83e1-11290b560786" href="https://www.ifbaiano.edu.br/unidades/alagoinhas/files/2025/11/ANEXO-III-A-VI-PNAE-2025-04.pdf">ANEXO-III-A-VI-PNAE-2025-04</a><a href="https://www.ifbaiano.edu.br/unidades/alagoinhas/files/2025/11/ANEXO-III-A-VI-PNAE-2025-04.pdf" class="wp-block-file__button wp-element-button" download aria-describedby="wp-block-file--media-0f6eaebe-e04c-42a6-83e1-11290b560786">Baixar</a></div>



<div class="wp-block-file"><a id="wp-block-file--media-ad737991-5625-45cd-9099-5c528917d656" href="https://www.ifbaiano.edu.br/unidades/alagoinhas/files/2025/11/EDITAL-PNAE-01.pdf">EDITAL-PNAE-01</a><a href="https://www.ifbaiano.edu.br/unidades/alagoinhas/files/2025/11/EDITAL-PNAE-01.pdf" class="wp-block-file__button wp-element-button" download aria-describedby="wp-block-file--media-ad737991-5625-45cd-9099-5c528917d656">Baixar</a></div>

<p>O Instituto Federal Baiano – Campus Alagoinhas torna público, para conhecimento dos interessados, que realizará a Chamada Pública nº 132/2025. Objeto: Aquisição de gêneros alimentícios da agricultura familiar para atendimento ao Programa Nacional de Alimentação Escolar – PNAE, conforme as peças técnicas constantes no Instrumento Convocatório e seus anexos, partes integrantes desta Chamada Pública. O [&hellip;]</p>
