{"id":91,"date":"2017-02-13T12:05:34","date_gmt":"2017-02-13T14:05:34","guid":{"rendered":"http:\/\/www.ifbaiano.edu.br\/unidades\/alagoinhas\/?page_id=91"},"modified":"2024-04-24T16:26:24","modified_gmt":"2024-04-24T19:26:24","slug":"tecnicos","status":"publish","type":"page","link":"https:\/\/www.ifbaiano.edu.br\/unidades\/alagoinhas\/tecnicos\/","title":{"rendered":"Cursos T\u00e9cnicos"},"content":{"rendered":"\n<p><em><strong>Nesta se\u00e7\u00e3o \u00e9 divulgada a rela\u00e7\u00e3o dos cursos t\u00e9cnicos ofertados pelo Campus Alagoinhas.<\/strong><\/em><\/p>\n\n\n\n<p><strong><span class=\"has-inline-color has-vivid-red-color\">CURSO T\u00c9CNICO INTEGRADO AO ENSINO M\u00c9DIO<\/span><\/strong><br><\/p>\n\n\n\n<p><strong>Agroecologia<\/strong><br><strong>Pr\u00e9-requisito:<\/strong> Ensino Fundamental Completo<br><strong>Dura\u00e7\u00e3o:<\/strong> 3 anos<br><strong>Per\u00edodo:<\/strong> diurno, das 7:20 \u00e0s 17:20, de segunda a sexta-feira<br><strong>Coordena\u00e7\u00e3o:<\/strong> Carla da Silva Sousa <br><strong>E-mail:<\/strong> agroecologia@alagoinhas.ifbaiano.edu.br <\/p>\n\n\n\n<div class=\"wp-block-file\"><a id=\"wp-block-file--media-11aa6414-2cbd-4898-b41e-9bf43b38ee46\" href=\"https:\/\/www.ifbaiano.edu.br\/unidades\/alagoinhas\/files\/2022\/12\/PPC-do-Curso-Tecnico-em-Agroecologia.pdf\">PPC do Curso T\u00e9cnico em Agroecologia<\/a><a href=\"https:\/\/www.ifbaiano.edu.br\/unidades\/alagoinhas\/files\/2022\/12\/PPC-do-Curso-Tecnico-em-Agroecologia.pdf\" class=\"wp-block-file__button wp-element-button\" download aria-describedby=\"wp-block-file--media-11aa6414-2cbd-4898-b41e-9bf43b38ee46\">Baixar<\/a><\/div>\n\n\n\n<p><\/p>\n\n\n\n<p><strong>Agroind\u00fastria<\/strong><\/p>\n\n\n\n<p><strong>Pr\u00e9-requisito:<\/strong> Ensino Fundamental Completo<br><strong>Dura\u00e7\u00e3o:<\/strong> 3 anos<br><strong>Per\u00edodo:<\/strong> diurno, das 7:20 \u00e0s 17:20, de segunda a sexta-feira<br><strong>Coordena\u00e7\u00e3o:<\/strong> Henrique Reis Sereno<br><strong>E-mail:<\/strong> integrado.agroindustria@alagoinhas.ifbaiano.edu.br<\/p>\n\n\n\n<div class=\"wp-block-file\"><a id=\"wp-block-file--media-120bdc78-afa9-4626-a270-720bb6b85c0f\" href=\"https:\/\/www.ifbaiano.edu.br\/unidades\/alagoinhas\/files\/2022\/12\/PPC-do-Curso-Integrado-em-Agoindustria.pdf\">PPC do Curso Integrado em Agroind\u00fastria<\/a><a href=\"https:\/\/www.ifbaiano.edu.br\/unidades\/alagoinhas\/files\/2022\/12\/PPC-do-Curso-Integrado-em-Agoindustria.pdf\" class=\"wp-block-file__button wp-element-button\" download aria-describedby=\"wp-block-file--media-120bdc78-afa9-4626-a270-720bb6b85c0f\">Baixar<\/a><\/div>\n\n\n\n<p><strong>Inform\u00e1tica<\/strong><\/p>\n\n\n\n<p><strong>Pr\u00e9-requisito:<\/strong> Ensino Fundamental Completo<br><strong>Dura\u00e7\u00e3o:<\/strong> 3 anos<br><strong>Per\u00edodo:<\/strong> diurno, das 7:20 \u00e0s 17:20, de segunda a sexta-feira<br><strong>Coordena\u00e7\u00e3o:<\/strong> Fabr\u00edcio Santos de Faro<br><strong>E-mail:<\/strong> integrado.informatica@alagoinhas.ifbaiano.edu.br<br><\/p>\n\n\n\n<div class=\"wp-block-file\"><a id=\"wp-block-file--media-26a20478-f036-451c-b026-6ee91b7ed653\" href=\"https:\/\/www.ifbaiano.edu.br\/unidades\/alagoinhas\/files\/2022\/12\/PPC-do-Curso-Tecnico-em-Informatica.pdf\">PPC do Curso T\u00e9cnico em Inform\u00e1tica<\/a><a href=\"https:\/\/www.ifbaiano.edu.br\/unidades\/alagoinhas\/files\/2022\/12\/PPC-do-Curso-Tecnico-em-Informatica.pdf\" class=\"wp-block-file__button wp-element-button\" download aria-describedby=\"wp-block-file--media-26a20478-f036-451c-b026-6ee91b7ed653\">Baixar<\/a><\/div>\n\n\n\n<p><strong><span class=\"has-inline-color has-vivid-red-color\">CURSO T\u00c9CNICO SUBSEQUENTE AO ENSINO M\u00c9DIO<\/span><\/strong><\/p>\n\n\n\n<p><br><strong>Agroind\u00fastria<\/strong><br><strong>Pr\u00e9-requisito:<\/strong> Ensino M\u00e9dio Completo<br><strong>Dura\u00e7\u00e3o:<\/strong> 1,5 ano<br><strong>Per\u00edodo:<\/strong> matutino (das 7:20 as 11:40) ou noturno(das 18:20 \u00e0s 22:30), de segunda a sexta-feira<br><strong>Coordena\u00e7\u00e3o:<\/strong> Mario Marcos de Santana Faria <br><strong>E-mail:<\/strong> agroindustria@alagoinhas.ifbaiano.edu.br <\/p>\n\n\n\n<div class=\"wp-block-file\"><a id=\"wp-block-file--media-d56739f2-34cf-437d-a606-3920fec657de\" href=\"https:\/\/www.ifbaiano.edu.br\/unidades\/alagoinhas\/files\/2022\/12\/PPC-do-Curso-Tecnico-em-Agroindustria-Subsequente.-1.pdf\">PPC do Curso T\u00e9cnico em Agroind\u00fastria Subsequente<\/a><a href=\"https:\/\/www.ifbaiano.edu.br\/unidades\/alagoinhas\/files\/2022\/12\/PPC-do-Curso-Tecnico-em-Agroindustria-Subsequente.-1.pdf\" class=\"wp-block-file__button wp-element-button\" download aria-describedby=\"wp-block-file--media-d56739f2-34cf-437d-a606-3920fec657de\">Baixar<\/a><\/div>\n\n\n\n<p><strong><span class=\"has-inline-color has-vivid-red-color\">CURSO T\u00c9CNICO SUBSEQUENTE AO ENSINO M\u00c9DIO (EAD)<\/span><\/strong><\/p>\n\n\n\n<p><br><strong>Multimeios Did\u00e1ticos<br>Secretaria Escolar<br>Vendas<\/strong><br>Pr\u00e9-requisito: Ensino M\u00e9dio Completo<br>Coordena\u00e7\u00e3o: Fabr\u00edcio Santos de Faro<br>E-mail: fabricio.faro@ifbaiano.edu.br <\/p>\n\n\n<p><strong>Saiba mais<\/strong> no <a href=\"http:\/\/portal.mec.gov.br\/index.php?option=com_docman&amp;view=download&amp;alias=41271-cnct-3-edicao-pdf&amp;category_slug=maio-2016-pdf&amp;Itemid=30192\">Cat\u00e1logo Nacional de Cursos T\u00e9cnicos<\/a> do <a href=\"https:\/\/www.mec.gov.br\/\">MEC<\/a><\/p>","protected":false},"excerpt":{"rendered":"<p>Nesta se\u00e7\u00e3o \u00e9 divulgada a rela\u00e7\u00e3o dos cursos t\u00e9cnicos ofertados pelo Campus Alagoinhas. CURSO T\u00c9CNICO INTEGRADO AO ENSINO M\u00c9DIO AgroecologiaPr\u00e9-requisito: Ensino Fundamental CompletoDura\u00e7\u00e3o: 3 anosPer\u00edodo: diurno, das 7:20 \u00e0s 17:20, de segunda a sexta-feiraCoordena\u00e7\u00e3o: Carla da Silva Sousa E-mail: agroecologia@alagoinhas.ifbaiano.edu.br Agroind\u00fastria Pr\u00e9-requisito: Ensino Fundamental CompletoDura\u00e7\u00e3o: 3 anosPer\u00edodo: diurno, das 7:20 \u00e0s 17:20, de segunda a [&hellip;]<\/p>\n","protected":false},"author":47,"featured_media":0,"parent":0,"menu_order":37,"comment_status":"closed","ping_status":"closed","template":"","meta":[],"_links":{"self":[{"href":"https:\/\/www.ifbaiano.edu.br\/unidades\/alagoinhas\/wp-json\/wp\/v2\/pages\/91"}],"collection":[{"href":"https:\/\/www.ifbaiano.edu.br\/unidades\/alagoinhas\/wp-json\/wp\/v2\/pages"}],"about":[{"href":"https:\/\/www.ifbaiano.edu.br\/unidades\/alagoinhas\/wp-json\/wp\/v2\/types\/page"}],"author":[{"embeddable":true,"href":"https:\/\/www.ifbaiano.edu.br\/unidades\/alagoinhas\/wp-json\/wp\/v2\/users\/47"}],"replies":[{"embeddable":true,"href":"https:\/\/www.ifbaiano.edu.br\/unidades\/alagoinhas\/wp-json\/wp\/v2\/comments?post=91"}],"version-history":[{"count":20,"href":"https:\/\/www.ifbaiano.edu.br\/unidades\/alagoinhas\/wp-json\/wp\/v2\/pages\/91\/revisions"}],"predecessor-version":[{"id":5744,"href":"https:\/\/www.ifbaiano.edu.br\/unidades\/alagoinhas\/wp-json\/wp\/v2\/pages\/91\/revisions\/5744"}],"wp:attachment":[{"href":"https:\/\/www.ifbaiano.edu.br\/unidades\/alagoinhas\/wp-json\/wp\/v2\/media?parent=91"}],"curies":[{"name":"wp","href":"https:\/\/api.w.org\/{rel}","templated":true}]}}

Cursos Técnicos

<p><em><strong>Nesta seção é divulgada a relação dos cursos técnicos ofertados pelo Campus Alagoinhas.</strong></em></p>



<p><strong><span class="has-inline-color has-vivid-red-color">CURSO TÉCNICO INTEGRADO AO ENSINO MÉDIO</span></strong><br></p>



<p><strong>Agroecologia</strong><br><strong>Pré-requisito:</strong> Ensino Fundamental Completo<br><strong>Duração:</strong> 3 anos<br><strong>Período:</strong> diurno, das 7:20 às 17:20, de segunda a sexta-feira<br><strong>Coordenação:</strong> Carla da Silva Sousa <br><strong>E-mail:</strong> agroecologia@alagoinhas.ifbaiano.edu.br </p>



<div class="wp-block-file"><a id="wp-block-file--media-11aa6414-2cbd-4898-b41e-9bf43b38ee46" href="https://www.ifbaiano.edu.br/unidades/alagoinhas/files/2022/12/PPC-do-Curso-Tecnico-em-Agroecologia.pdf">PPC do Curso Técnico em Agroecologia</a><a href="https://www.ifbaiano.edu.br/unidades/alagoinhas/files/2022/12/PPC-do-Curso-Tecnico-em-Agroecologia.pdf" class="wp-block-file__button wp-element-button" download aria-describedby="wp-block-file--media-11aa6414-2cbd-4898-b41e-9bf43b38ee46">Baixar</a></div>



<p></p>



<p><strong>Agroindústria</strong></p>



<p><strong>Pré-requisito:</strong> Ensino Fundamental Completo<br><strong>Duração:</strong> 3 anos<br><strong>Período:</strong> diurno, das 7:20 às 17:20, de segunda a sexta-feira<br><strong>Coordenação:</strong> Henrique Reis Sereno<br><strong>E-mail:</strong> integrado.agroindustria@alagoinhas.ifbaiano.edu.br</p>



<div class="wp-block-file"><a id="wp-block-file--media-120bdc78-afa9-4626-a270-720bb6b85c0f" href="https://www.ifbaiano.edu.br/unidades/alagoinhas/files/2022/12/PPC-do-Curso-Integrado-em-Agoindustria.pdf">PPC do Curso Integrado em Agroindústria</a><a href="https://www.ifbaiano.edu.br/unidades/alagoinhas/files/2022/12/PPC-do-Curso-Integrado-em-Agoindustria.pdf" class="wp-block-file__button wp-element-button" download aria-describedby="wp-block-file--media-120bdc78-afa9-4626-a270-720bb6b85c0f">Baixar</a></div>



<p><strong>Informática</strong></p>



<p><strong>Pré-requisito:</strong> Ensino Fundamental Completo<br><strong>Duração:</strong> 3 anos<br><strong>Período:</strong> diurno, das 7:20 às 17:20, de segunda a sexta-feira<br><strong>Coordenação:</strong> Fabrício Santos de Faro<br><strong>E-mail:</strong> integrado.informatica@alagoinhas.ifbaiano.edu.br<br></p>



<div class="wp-block-file"><a id="wp-block-file--media-26a20478-f036-451c-b026-6ee91b7ed653" href="https://www.ifbaiano.edu.br/unidades/alagoinhas/files/2022/12/PPC-do-Curso-Tecnico-em-Informatica.pdf">PPC do Curso Técnico em Informática</a><a href="https://www.ifbaiano.edu.br/unidades/alagoinhas/files/2022/12/PPC-do-Curso-Tecnico-em-Informatica.pdf" class="wp-block-file__button wp-element-button" download aria-describedby="wp-block-file--media-26a20478-f036-451c-b026-6ee91b7ed653">Baixar</a></div>



<p><strong><span class="has-inline-color has-vivid-red-color">CURSO TÉCNICO SUBSEQUENTE AO ENSINO MÉDIO</span></strong></p>



<p><br><strong>Agroindústria</strong><br><strong>Pré-requisito:</strong> Ensino Médio Completo<br><strong>Duração:</strong> 1,5 ano<br><strong>Período:</strong> matutino (das 7:20 as 11:40) ou noturno(das 18:20 às 22:30), de segunda a sexta-feira<br><strong>Coordenação:</strong> Mario Marcos de Santana Faria <br><strong>E-mail:</strong> agroindustria@alagoinhas.ifbaiano.edu.br </p>



<div class="wp-block-file"><a id="wp-block-file--media-d56739f2-34cf-437d-a606-3920fec657de" href="https://www.ifbaiano.edu.br/unidades/alagoinhas/files/2022/12/PPC-do-Curso-Tecnico-em-Agroindustria-Subsequente.-1.pdf">PPC do Curso Técnico em Agroindústria Subsequente</a><a href="https://www.ifbaiano.edu.br/unidades/alagoinhas/files/2022/12/PPC-do-Curso-Tecnico-em-Agroindustria-Subsequente.-1.pdf" class="wp-block-file__button wp-element-button" download aria-describedby="wp-block-file--media-d56739f2-34cf-437d-a606-3920fec657de">Baixar</a></div>



<p><strong><span class="has-inline-color has-vivid-red-color">CURSO TÉCNICO SUBSEQUENTE AO ENSINO MÉDIO (EAD)</span></strong></p>



<p><br><strong>Multimeios Didáticos<br>Secretaria Escolar<br>Vendas</strong><br>Pré-requisito: Ensino Médio Completo<br>Coordenação: Fabrício Santos de Faro<br>E-mail: fabricio.faro@ifbaiano.edu.br </p>


<p><strong>Saiba mais</strong> no <a href="http://portal.mec.gov.br/index.php?option=com_docman&amp;view=download&amp;alias=41271-cnct-3-edicao-pdf&amp;category_slug=maio-2016-pdf&amp;Itemid=30192">Catálogo Nacional de Cursos Técnicos</a> do <a href="https://www.mec.gov.br/">MEC</a></p>

<p>Nesta seção é divulgada a relação dos cursos técnicos ofertados pelo Campus Alagoinhas. CURSO TÉCNICO INTEGRADO AO ENSINO MÉDIO AgroecologiaPré-requisito: Ensino Fundamental CompletoDuração: 3 anosPeríodo: diurno, das 7:20 às 17:20, de segunda a sexta-feiraCoordenação: Carla da Silva Sousa E-mail: agroecologia@alagoinhas.ifbaiano.edu.br Agroindústria Pré-requisito: Ensino Fundamental CompletoDuração: 3 anosPeríodo: diurno, das 7:20 às 17:20, de segunda a [&hellip;]</p>
