{"id":10918,"date":"2019-07-17T16:02:04","date_gmt":"2019-07-17T19:02:04","guid":{"rendered":"http:\/\/www.ifbaiano.edu.br\/unidades\/bonfim\/?page_id=10918"},"modified":"2019-07-19T12:07:32","modified_gmt":"2019-07-19T15:07:32","slug":"patrimonio","status":"publish","type":"page","link":"https:\/\/www.ifbaiano.edu.br\/unidades\/bonfim\/patrimonio\/","title":{"rendered":"Patrim\u00f4nio"},"content":{"rendered":"<p><strong>Documentos\u00a0<\/strong><\/p>\n<p>Autoriza\u00e7\u00e3o de Sa\u00edda<\/p>\n<p><strong>Finalidade<\/strong><\/p>\n<p><strong>Legisla\u00e7\u00e3o aplic\u00e1vel<\/strong><\/p>\n<p><a href=\"http:\/\/www.planalto.gov.br\/ccivil_03\/leis\/l8666cons.htm\">Lei 8.666\/1993<\/a> &#8211; Regulamenta o art. 37, inciso XXI, da Constitui\u00e7\u00e3o Federal, institui normas para licita\u00e7\u00f5es e contratos da Administra\u00e7\u00e3o P\u00fablica e d\u00e1 outras provid\u00eancias.<\/p>\n<p><a href=\"http:\/\/www.planalto.gov.br\/ccivil_03\/_Ato2015-2018\/2018\/Decreto\/D9373.htm\">Decreto 9373\/2018<\/a> &#8211; Disp\u00f5e sobre a aliena\u00e7\u00e3o, a cess\u00e3o, a transfer\u00eancia, a destina\u00e7\u00e3o e a disposi\u00e7\u00e3o final ambientalmente adequadas de bens m\u00f3veis no \u00e2mbito da administra\u00e7\u00e3o p\u00fablica federal direta, aut\u00e1rquica e fundacional.<\/p>\n<p><strong>Informa\u00e7\u00f5es<\/strong><\/p>\n<p>Jos\u00e9 Jacinto do Nascimento J\u00fanior | Ramal:4014<\/p>\n\n\n<p style=\"text-align:center\" class=\"has-text-color has-background has-medium-font-size has-vivid-red-color has-cyan-bluish-gray-background-color\"><strong>AUTORIZA\u00c7\u00c3O DE SA\u00cdDA<\/strong><\/p>\n","protected":false},"excerpt":{"rendered":"<p>Documentos\u00a0 Autoriza\u00e7\u00e3o de Sa\u00edda Finalidade Legisla\u00e7\u00e3o aplic\u00e1vel Lei 8.666\/1993 &#8211; Regulamenta o art. 37, inciso XXI, da Constitui\u00e7\u00e3o Federal, institui normas para licita\u00e7\u00f5es e contratos da Administra\u00e7\u00e3o P\u00fablica e d\u00e1 outras provid\u00eancias. Decreto 9373\/2018 &#8211; Disp\u00f5e sobre a aliena\u00e7\u00e3o, a cess\u00e3o, a transfer\u00eancia, a destina\u00e7\u00e3o e a disposi\u00e7\u00e3o final ambientalmente adequadas de bens m\u00f3veis no [&hellip;]<\/p>\n","protected":false},"author":110,"featured_media":0,"parent":0,"menu_order":0,"comment_status":"closed","ping_status":"closed","template":"","meta":[],"_links":{"self":[{"href":"https:\/\/www.ifbaiano.edu.br\/unidades\/bonfim\/wp-json\/wp\/v2\/pages\/10918"}],"collection":[{"href":"https:\/\/www.ifbaiano.edu.br\/unidades\/bonfim\/wp-json\/wp\/v2\/pages"}],"about":[{"href":"https:\/\/www.ifbaiano.edu.br\/unidades\/bonfim\/wp-json\/wp\/v2\/types\/page"}],"author":[{"embeddable":true,"href":"https:\/\/www.ifbaiano.edu.br\/unidades\/bonfim\/wp-json\/wp\/v2\/users\/110"}],"replies":[{"embeddable":true,"href":"https:\/\/www.ifbaiano.edu.br\/unidades\/bonfim\/wp-json\/wp\/v2\/comments?post=10918"}],"version-history":[{"count":9,"href":"https:\/\/www.ifbaiano.edu.br\/unidades\/bonfim\/wp-json\/wp\/v2\/pages\/10918\/revisions"}],"predecessor-version":[{"id":21497,"href":"https:\/\/www.ifbaiano.edu.br\/unidades\/bonfim\/wp-json\/wp\/v2\/pages\/10918\/revisions\/21497"}],"wp:attachment":[{"href":"https:\/\/www.ifbaiano.edu.br\/unidades\/bonfim\/wp-json\/wp\/v2\/media?parent=10918"}],"curies":[{"name":"wp","href":"https:\/\/api.w.org\/{rel}","templated":true}]}}

Patrimônio

<p><strong>Documentos </strong></p>
<p>Autorização de Saída</p>
<p><strong>Finalidade</strong></p>
<p><strong>Legislação aplicável</strong></p>
<p><a href="http://www.planalto.gov.br/ccivil_03/leis/l8666cons.htm">Lei 8.666/1993</a> &#8211; Regulamenta o art. 37, inciso XXI, da Constituição Federal, institui normas para licitações e contratos da Administração Pública e dá outras providências.</p>
<p><a href="http://www.planalto.gov.br/ccivil_03/_Ato2015-2018/2018/Decreto/D9373.htm">Decreto 9373/2018</a> &#8211; Dispõe sobre a alienação, a cessão, a transferência, a destinação e a disposição final ambientalmente adequadas de bens móveis no âmbito da administração pública federal direta, autárquica e fundacional.</p>
<p><strong>Informações</strong></p>
<p>José Jacinto do Nascimento Júnior | Ramal:4014</p>


<p style="text-align:center" class="has-text-color has-background has-medium-font-size has-vivid-red-color has-cyan-bluish-gray-background-color"><strong>AUTORIZAÇÃO DE SAÍDA</strong></p>

<p>Documentos  Autorização de Saída Finalidade Legislação aplicável Lei 8.666/1993 &#8211; Regulamenta o art. 37, inciso XXI, da Constituição Federal, institui normas para licitações e contratos da Administração Pública e dá outras providências. Decreto 9373/2018 &#8211; Dispõe sobre a alienação, a cessão, a transferência, a destinação e a disposição final ambientalmente adequadas de bens móveis no [&hellip;]</p>
