{"id":11041,"date":"2019-07-18T13:12:43","date_gmt":"2019-07-18T16:12:43","guid":{"rendered":"http:\/\/www.ifbaiano.edu.br\/unidades\/bonfim\/?page_id=11041"},"modified":"2024-05-10T17:23:58","modified_gmt":"2024-05-10T20:23:58","slug":"vagas-de-estagio","status":"publish","type":"page","link":"https:\/\/www.ifbaiano.edu.br\/unidades\/bonfim\/vagas-de-estagio\/","title":{"rendered":"Vagas de est\u00e1gio"},"content":{"rendered":"<p><strong>2024<\/strong><\/p>\n<p><a href=\"https:\/\/www.ifbaiano.edu.br\/unidades\/bonfim\/selecao-de-estagiario-de-nivel-superior-2024\/\">Sele\u00e7\u00e3o de Estagi\u00e1rio de N\u00edvel Superior 2024<\/a><\/p>\n<p><strong>2023<\/strong><\/p>\n<p><a href=\"https:\/\/www.ifbaiano.edu.br\/unidades\/bonfim\/files\/2023\/08\/Retificacao-Selecao-de-estagio-curso-tecnico-em-agropecuaria-e-alimentos.pdf\">RETIFICA\u00c7\u00c3O &#8211; SELE\u00c7\u00c3O DE EST\u00c1GIO CURRICULAR PARA ALUNOS DO CURSO T\u00c9CNICO EM AGROPECU\u00c1RIA E ALIMENTOS<\/a><\/p>\n<p><a href=\"https:\/\/www.ifbaiano.edu.br\/unidades\/bonfim\/files\/2023\/08\/Edital-Interno-no-36_2023-Estagio-CURSO-TECNICO-EM-AGROPECUARIA-E-ALIMENTOS.pdf\">SELE\u00c7\u00c3O DE EST\u00c1GIO CURRICULAR PARA ALUNOS DO CURSO T\u00c9CNICO EM AGROPECU\u00c1RIA E ALIMENTOS<\/a><\/p>\n<p><strong>2019<\/strong><\/p>\n<p><a href=\"http:\/\/www.ifbaiano.edu.br\/unidades\/bonfim\/2019\/07\/30\/selecao-de-estagio-na-area-de-informatica-01-a-07-de-agosto-de-2019\/\">Sele\u00e7\u00e3o de Est\u00e1gio &#8211; \u00c1rea de Inform\u00e1tica &#8211; N\u00facleo de Rela\u00e7\u00f5es Institucionais e 1 (uma) para o N\u00facleo de Gest\u00e3o de Tecnologia da Informa\u00e7\u00e3o (Em )<\/a><\/p>\n","protected":false},"excerpt":{"rendered":"<p>2024 Sele\u00e7\u00e3o de Estagi\u00e1rio de N\u00edvel Superior 2024 2023 RETIFICA\u00c7\u00c3O &#8211; SELE\u00c7\u00c3O DE EST\u00c1GIO CURRICULAR PARA ALUNOS DO CURSO T\u00c9CNICO EM AGROPECU\u00c1RIA E ALIMENTOS SELE\u00c7\u00c3O DE EST\u00c1GIO CURRICULAR PARA ALUNOS DO CURSO T\u00c9CNICO EM AGROPECU\u00c1RIA E ALIMENTOS 2019 Sele\u00e7\u00e3o de Est\u00e1gio &#8211; \u00c1rea de Inform\u00e1tica &#8211; N\u00facleo de Rela\u00e7\u00f5es Institucionais e 1 (uma) para o [&hellip;]<\/p>\n","protected":false},"author":110,"featured_media":0,"parent":0,"menu_order":0,"comment_status":"closed","ping_status":"closed","template":"","meta":[],"_links":{"self":[{"href":"https:\/\/www.ifbaiano.edu.br\/unidades\/bonfim\/wp-json\/wp\/v2\/pages\/11041"}],"collection":[{"href":"https:\/\/www.ifbaiano.edu.br\/unidades\/bonfim\/wp-json\/wp\/v2\/pages"}],"about":[{"href":"https:\/\/www.ifbaiano.edu.br\/unidades\/bonfim\/wp-json\/wp\/v2\/types\/page"}],"author":[{"embeddable":true,"href":"https:\/\/www.ifbaiano.edu.br\/unidades\/bonfim\/wp-json\/wp\/v2\/users\/110"}],"replies":[{"embeddable":true,"href":"https:\/\/www.ifbaiano.edu.br\/unidades\/bonfim\/wp-json\/wp\/v2\/comments?post=11041"}],"version-history":[{"count":6,"href":"https:\/\/www.ifbaiano.edu.br\/unidades\/bonfim\/wp-json\/wp\/v2\/pages\/11041\/revisions"}],"predecessor-version":[{"id":18369,"href":"https:\/\/www.ifbaiano.edu.br\/unidades\/bonfim\/wp-json\/wp\/v2\/pages\/11041\/revisions\/18369"}],"wp:attachment":[{"href":"https:\/\/www.ifbaiano.edu.br\/unidades\/bonfim\/wp-json\/wp\/v2\/media?parent=11041"}],"curies":[{"name":"wp","href":"https:\/\/api.w.org\/{rel}","templated":true}]}}

Vagas de estágio

<p><strong>2024</strong></p>
<p><a href="https://www.ifbaiano.edu.br/unidades/bonfim/selecao-de-estagiario-de-nivel-superior-2024/">Seleção de Estagiário de Nível Superior 2024</a></p>
<p><strong>2023</strong></p>
<p><a href="https://www.ifbaiano.edu.br/unidades/bonfim/files/2023/08/Retificacao-Selecao-de-estagio-curso-tecnico-em-agropecuaria-e-alimentos.pdf">RETIFICAÇÃO &#8211; SELEÇÃO DE ESTÁGIO CURRICULAR PARA ALUNOS DO CURSO TÉCNICO EM AGROPECUÁRIA E ALIMENTOS</a></p>
<p><a href="https://www.ifbaiano.edu.br/unidades/bonfim/files/2023/08/Edital-Interno-no-36_2023-Estagio-CURSO-TECNICO-EM-AGROPECUARIA-E-ALIMENTOS.pdf">SELEÇÃO DE ESTÁGIO CURRICULAR PARA ALUNOS DO CURSO TÉCNICO EM AGROPECUÁRIA E ALIMENTOS</a></p>
<p><strong>2019</strong></p>
<p><a href="http://www.ifbaiano.edu.br/unidades/bonfim/2019/07/30/selecao-de-estagio-na-area-de-informatica-01-a-07-de-agosto-de-2019/">Seleção de Estágio &#8211; Área de Informática &#8211; Núcleo de Relações Institucionais e 1 (uma) para o Núcleo de Gestão de Tecnologia da Informação (Em )</a></p>

<p>2024 Seleção de Estagiário de Nível Superior 2024 2023 RETIFICAÇÃO &#8211; SELEÇÃO DE ESTÁGIO CURRICULAR PARA ALUNOS DO CURSO TÉCNICO EM AGROPECUÁRIA E ALIMENTOS SELEÇÃO DE ESTÁGIO CURRICULAR PARA ALUNOS DO CURSO TÉCNICO EM AGROPECUÁRIA E ALIMENTOS 2019 Seleção de Estágio &#8211; Área de Informática &#8211; Núcleo de Relações Institucionais e 1 (uma) para o [&hellip;]</p>
