{"id":11054,"date":"2019-07-18T14:00:58","date_gmt":"2019-07-18T17:00:58","guid":{"rendered":"http:\/\/www.ifbaiano.edu.br\/unidades\/bonfim\/?page_id=11054"},"modified":"2025-04-15T13:54:10","modified_gmt":"2025-04-15T16:54:10","slug":"secretaria-de-registros-academico","status":"publish","type":"page","link":"https:\/\/www.ifbaiano.edu.br\/unidades\/bonfim\/secretaria-de-registros-academico\/","title":{"rendered":"SRA &#8211; Secretaria de Registros Acad\u00eamicos"},"content":{"rendered":"\n<p class=\"has-text-align-center has-background\" style=\"background-color:#e1e9ef\"><strong>CONHE\u00c7A A SECRETARIA DE REGISTROS ACAD\u00caMICOS (SRA)<\/strong><\/p>\n\n\n\n<p><strong>O QUE \u00c9 A SRA?<\/strong><br><\/p>\n\n\n\n<p>A Secretaria de Registros Acad\u00eamicos (SRA) \u00e9 um setor vinculado \u00e0 Dire\u00e7\u00e3o Acad\u00eamica, respons\u00e1vel pelo registro, verifica\u00e7\u00e3o, controle, manuten\u00e7\u00e3o e arquivamento documentos que integram a vida acad\u00eamica dos discentes, desde o ingresso na institui\u00e7\u00e3o at\u00e9 a conclus\u00e3o do curso; receber protocolos acad\u00eamicos referentes \u00e0 solicita\u00e7\u00f5es discentes;&nbsp;tramitar as solicita\u00e7\u00f5es discentes: declara\u00e7\u00f5es, hist\u00f3rico escolar, diplomas e outros renova\u00e7\u00e3o de matr\u00edcula, trancamento de matr\u00edcula, mudan\u00e7a de turno,&nbsp;<em>aproveitamento de estudos,<\/em>&nbsp;exerc\u00edcio domiciliar, revis\u00e3o de avalia\u00e7\u00e3o, segunda chamada de avalia\u00e7\u00f5es, cola\u00e7\u00e3o de grau e demais documentos referentes \u00e0 quest\u00f5es acad\u00eamicas. Compete ainda \u00e0 SRA realizar atendimentos a servidores, discentes e \u00e0 comunidade externa fornecendo informa\u00e7\u00f5es e encaminhando solicita\u00e7\u00f5es.<\/p>\n\n\n\n<p>Toda solicita\u00e7\u00e3o dos alunos, deve ser feita mediamente requerimento especifico a ser preenchido e entregue na Secretaria de Registros Acad\u00eamicos, que o encaminhar\u00e1 aos setores competentes. Devem ser anexados ao requerimento documentos que comprovem e justifiquem, quando for o caso, os motivos da solicita\u00e7\u00e3o, respeitadas as datas e os prazos estabelecidos.<\/p>\n\n\n\n<p><strong>COMO SE D\u00c1 O CONTATO DO DISCENTE COM A SRA?<\/strong><br>Presencialmente no setor do <em>Campus<\/em>.<br>Atrav\u00e9s do Telefone: (74) 9 9100-0424.<br>Via e-mail institucional: <a href=\"mailto:secretaria.escolar@bonfim.ifbaiano.edu.br\">secretaria.escolar@bonfim.ifbaiano.edu.br<\/a>                                            <\/p>\n\n\n\n<p><strong>Hor\u00e1rio de Funcionamento SRA<\/strong><br>Segunda a sexta-feira, das 8h \u00e0s 21h, excetos feriados.<\/p>\n\n\n\n<hr class=\"wp-block-separator has-alpha-channel-opacity\" \/>\n\n\n\n<p class=\"has-text-align-center has-small-font-size\">                                 <strong>PRAZOS PARA EMISS\u00c3O E SOLICITA\u00c7\u00c3O DE DOCUMENTOS NA SRA<\/strong><\/p>\n\n\n\n<figure class=\"wp-block-image size-large\"><a href=\"https:\/\/www.ifbaiano.edu.br\/unidades\/bonfim\/files\/2025\/04\/5418-prazos-sra.webp\"><img decoding=\"async\" loading=\"lazy\" width=\"1024\" height=\"323\" src=\"https:\/\/www.ifbaiano.edu.br\/unidades\/bonfim\/files\/2025\/04\/5418-prazos-sra-1024x323.webp\" alt=\"\" class=\"wp-image-20824\" srcset=\"https:\/\/www.ifbaiano.edu.br\/unidades\/bonfim\/files\/2025\/04\/5418-prazos-sra-1024x323.webp 1024w, https:\/\/www.ifbaiano.edu.br\/unidades\/bonfim\/files\/2025\/04\/5418-prazos-sra-300x95.webp 300w, https:\/\/www.ifbaiano.edu.br\/unidades\/bonfim\/files\/2025\/04\/5418-prazos-sra-768x242.webp 768w, https:\/\/www.ifbaiano.edu.br\/unidades\/bonfim\/files\/2025\/04\/5418-prazos-sra-100x32.webp 100w, https:\/\/www.ifbaiano.edu.br\/unidades\/bonfim\/files\/2025\/04\/5418-prazos-sra.webp 1040w\" sizes=\"(max-width: 1024px) 100vw, 1024px\" \/><\/a><\/figure>\n\n\n\n<figure class=\"wp-block-image size-large is-resized\"><a href=\"https:\/\/www.ifbaiano.edu.br\/unidades\/bonfim\/files\/2025\/01\/5374-image.webp\"><img decoding=\"async\" loading=\"lazy\" src=\"https:\/\/www.ifbaiano.edu.br\/unidades\/bonfim\/files\/2025\/01\/5374-image-1024x403.webp\" alt=\"\" class=\"wp-image-20101\" width=\"932\" height=\"366\" srcset=\"https:\/\/www.ifbaiano.edu.br\/unidades\/bonfim\/files\/2025\/01\/5374-image-1024x403.webp 1024w, https:\/\/www.ifbaiano.edu.br\/unidades\/bonfim\/files\/2025\/01\/5374-image-300x118.webp 300w, https:\/\/www.ifbaiano.edu.br\/unidades\/bonfim\/files\/2025\/01\/5374-image-768x302.webp 768w, https:\/\/www.ifbaiano.edu.br\/unidades\/bonfim\/files\/2025\/01\/5374-image-100x39.webp 100w, https:\/\/www.ifbaiano.edu.br\/unidades\/bonfim\/files\/2025\/01\/5374-image.webp 1488w\" sizes=\"(max-width: 932px) 100vw, 932px\" \/><\/a><\/figure>\n\n\n\n<p class=\"has-text-align-center has-background\" style=\"background-color:#e1e9ef\"><strong><mark class=\"has-inline-color has-vivid-cyan-blue-color\">FA\u00c7A SUA MATR\u00cdCULA DO SISU 2025 &#8211; 6\u00aa CHAMADA NO LINK ABAIXO<\/mark><\/strong><\/p>\n\n\n\n<p><strong><mark class=\"has-inline-color has-vivid-red-color\">ATEN\u00c7\u00c3O:<\/mark><\/strong> Preencha seus dados corretamente e, ao realizar o upload dos documentos (em formato PDF), verifique a qualidade da digitaliza\u00e7\u00e3o antes do envio. <\/p>\n\n\n<div class=\"wp-block-image\">\n<figure class=\"aligncenter size-full is-resized\"><a href=\"https:\/\/www.ifbaiano.edu.br\/unidades\/bonfim\/files\/2025\/01\/7884-seta-para-baixo.webp\"><img decoding=\"async\" loading=\"lazy\" src=\"https:\/\/www.ifbaiano.edu.br\/unidades\/bonfim\/files\/2025\/01\/7884-seta-para-baixo.webp\" alt=\"\" class=\"wp-image-20251\" width=\"102\" height=\"120\" srcset=\"https:\/\/www.ifbaiano.edu.br\/unidades\/bonfim\/files\/2025\/01\/7884-seta-para-baixo.webp 371w, https:\/\/www.ifbaiano.edu.br\/unidades\/bonfim\/files\/2025\/01\/7884-seta-para-baixo-255x300.webp 255w, https:\/\/www.ifbaiano.edu.br\/unidades\/bonfim\/files\/2025\/01\/7884-seta-para-baixo-100x118.webp 100w\" sizes=\"(max-width: 102px) 100vw, 102px\" \/><\/a><\/figure><\/div>\n\n\n<p class=\"has-text-align-center\"><a rel=\"noreferrer noopener\" href=\"https:\/\/opinanovo.ifbaiano.edu.br\/index.php\/456941?lang=pt-BR\" target=\"_blank\">6\u00aa CHAMADA LISTA DE ESPERA MATR\u00cdCULA SISU 2025.1 IF BAIANO &#8211; CAMPUS SENHOR DO BONFIM<\/a><\/p>\n\n\n\n<p class=\"has-text-align-center\"><\/p>\n\n\n\n<p><\/p>\n\n\n\n<p class=\"has-text-align-left\"><mark class=\"has-inline-color has-vivid-red-color\">Ao Inserir o RG, enviar FRENTE E VERSO. <\/mark><\/p>\n\n\n\n<p class=\"has-text-align-left\"><mark class=\"has-inline-color has-vivid-red-color\">Ao Inserir o Hist\u00f3rico Escolar, enviar FRENTE E VERSO. <\/mark><\/p>\n\n\n\n<p class=\"has-text-align-left\"><mark class=\"has-inline-color has-vivid-red-color\">Se candidato (a) maior de 18 anos, ENVIAR quita\u00e7\u00e3o ELEITORAL. <\/mark><\/p>\n\n\n\n<p class=\"has-text-align-left\"><mark class=\"has-inline-color has-vivid-cyan-blue-color\">LINK: www.tse.jus.br\/servicos-eleitorais\/autoatendimento-eleitoral#\/certidoes-eleitor<\/mark><\/p>\n\n\n\n<p class=\"has-text-align-left\"><mark class=\"has-inline-color has-vivid-red-color\">Se candidato do sexo MASCULINO, com idade igual ou maior que 18 anos,  enviar RESERVISTA ou            Protocolo de ALISTAMENTO MILITAR. <\/mark><\/p>\n\n\n\n<p><\/p>\n\n\n\n<p class=\"has-text-align-center\"><\/p>\n\n\n\n<p><\/p>\n\n\n\n<hr class=\"wp-block-separator has-alpha-channel-opacity\" \/>\n\n\n\n<h2 class=\"wp-block-heading has-text-align-center\"><mark style=\"background-color:#ffffff;color:#12b378\" class=\"has-inline-color\">ARQUIVOS SISU 2025<\/mark><\/h2>\n\n\n\n<p><a rel=\"noreferrer noopener\" href=\"https:\/\/opinanovo.ifbaiano.edu.br\/index.php\/456941?lang=pt-BR\" target=\"_blank\">6\u00aa CHAMADA LISTA DE ESPERA MATR\u00cdCULA SISU 2025.1 IF BAIANO \u2013 CAMPUS SENHOR DO BONFIM<\/a><br><a rel=\"noreferrer noopener\" href=\"https:\/\/concurso.ifbaiano.edu.br\/portal\/ingresso-2025-cursos-superiores-sisu-bonfim-janeiro-2025\/wp-content\/uploads\/sites\/1139\/2025\/03\/5a-Chamada-da-Lista-de-Espera.pdf\" target=\"_blank\">5\u00aa Chamada da Lista de Espera<\/a><\/p>\n\n\n\n<p><a rel=\"noreferrer noopener\" href=\"https:\/\/concurso.ifbaiano.edu.br\/portal\/ingresso-2025-cursos-superiores-sisu-bonfim-janeiro-2025\/wp-content\/uploads\/sites\/1139\/2025\/03\/QUARTA-CHAMADA-DA-LISTA-DE-ESPERA.pdf\" target=\"_blank\">4\u00aa Chamada da Lista de Espera<\/a><\/p>\n\n\n\n<p><a rel=\"noreferrer noopener\" href=\"https:\/\/concurso.ifbaiano.edu.br\/portal\/ingresso-2025-cursos-superiores-sisu-bonfim-janeiro-2025\/wp-content\/uploads\/sites\/1139\/2025\/03\/Resultado-Preliminar-Banca-Heteroidentificacao.pdf\" target=\"_blank\">Resultado Definitivo da Banca de Heteroidentifica\u00e7\u00e3o (3\u00aa Chamada da Lista de Espera)<\/a><\/p>\n\n\n\n<p><a rel=\"noreferrer noopener\" href=\"https:\/\/concurso.ifbaiano.edu.br\/portal\/ingresso-2025-cursos-superiores-sisu-bonfim-janeiro-2025\/wp-content\/uploads\/sites\/1139\/2025\/02\/Resultado-Preliminar-Banca-Heteroidentificacao.docx\" target=\"_blank\">Resultado Preliminar \u2013 Banca Heteroidentifica\u00e7\u00e3o da 3\u00aa chamada Lista de Espera<\/a> <\/p>\n\n\n\n<p><a rel=\"noreferrer noopener\" href=\"https:\/\/concurso.ifbaiano.edu.br\/portal\/ingresso-2025-cursos-superiores-sisu-bonfim-janeiro-2025\/wp-content\/uploads\/sites\/1139\/2025\/02\/Convocacao-para-Matricula-e-Banca-de-Heteroidentificacao-3a-Chamada-da-Lista-de-Espera-RETIFICACAO.pdf\" target=\"_blank\">Convoca\u00e7\u00e3o Matr\u00edcula e Banca de Heteroidentifica\u00e7\u00e3o 3\u00aa Chamada Lista de Espera \u2013 Retifica\u00e7\u00e3o<\/a> <\/p>\n\n\n\n<p><a rel=\"noreferrer noopener\" href=\"https:\/\/concurso.ifbaiano.edu.br\/portal\/ingresso-2025-cursos-superiores-sisu-bonfim-janeiro-2025\/wp-content\/uploads\/sites\/1139\/2025\/02\/COMUNICADO-05.pdf\" target=\"_blank\">Comunicado n\u00ba 05 \u2013 Convoca\u00e7\u00e3o para Matr\u00edcula \u2013 3\u00aa Chamada da Lista de Espera<\/a> <\/p>\n\n\n\n<p><a rel=\"noreferrer noopener\" href=\"https:\/\/concurso.ifbaiano.edu.br\/portal\/ingresso-2025-cursos-superiores-sisu-bonfim-janeiro-2025\/wp-content\/uploads\/sites\/1139\/2025\/02\/Resultado-Definitivo-Banca-Heteroidentificacao-24.02.2025-Segunda-Chamada-da-Lista-de-Espera.pdf\" target=\"_blank\">Resultado Definitivo \u2013 Banca Heteroidentifica\u00e7\u00e3o \u2013 2\u00aa Chamada da Lista de Espera<\/a> <\/p>\n\n\n\n<p><a rel=\"noreferrer noopener\" href=\"https:\/\/concurso.ifbaiano.edu.br\/portal\/ingresso-2025-cursos-superiores-sisu-bonfim-janeiro-2025\/wp-content\/uploads\/sites\/1139\/2025\/02\/COMUNICADO-04-CONVOCACAO-PARA-MATRICULAS.pdf\" target=\"_blank\">Comunicado n\u00ba 04: Convoca\u00e7\u00e3o para Matr\u00edculas \u2013 2\u00aa Chamada da Lista de Espera<\/a><\/p>\n\n\n\n<p><a rel=\"noreferrer noopener\" href=\"https:\/\/concurso.ifbaiano.edu.br\/portal\/ingresso-2025-cursos-superiores-sisu-bonfim-janeiro-2025\/wp-content\/uploads\/sites\/1139\/2025\/02\/Resultado-Definitivo-Banca-Heteroidentificacao-17.02.2025-RETIFICADO.pdf\" target=\"_blank\">Resultado Definitivo- Banca Heteroidentifica\u00e7\u00e3o 17.02.2025 (Retificado)<\/a><\/p>\n\n\n\n<p><a rel=\"noreferrer noopener\" href=\"https:\/\/concurso.ifbaiano.edu.br\/portal\/ingresso-2025-cursos-superiores-sisu-bonfim-janeiro-2025\/wp-content\/uploads\/sites\/1139\/2025\/02\/DOC-20250217-WA0016.pdf\" target=\"_blank\">Resultado Definitivo da Banca de Heteroidentifica\u00e7\u00e3o \u2013 1\u00aa Chamada da Lista de Espera<\/a><\/p>\n\n\n\n<p><a href=\"https:\/\/www.ifbaiano.edu.br\/unidades\/bonfim\/files\/2025\/02\/COMUNICADO-02-MATRICULAS-DA-CHAMADA-REGULAR.pdf\">Comunicado 02: Matr\u00edculas da chamada regular<\/a><\/p>\n\n\n\n<p><a href=\"https:\/\/www.ifbaiano.edu.br\/unidades\/bonfim\/files\/2025\/02\/RESULTADO-DEFINITIVO-DA-BANCA-DE-HETEROIDENTIFICACAO-RECONVOCACAO-\u2013-CHAMADA-REGULAR.pdf\">Resultado Definitivo da Banca de Heteroidentifica\u00e7\u00e3o da Chamada Regular ap\u00f3s Reconvoca\u00e7\u00f5es <\/a><\/p>\n\n\n\n<p><a rel=\"noreferrer noopener\" href=\"https:\/\/www.ifbaiano.edu.br\/unidades\/bonfim\/files\/2025\/02\/RESULTADO-PRELIMINAR-DA-BANCA-DE-HETEROIDENTIFICACAO-\u2013-CHAMADA-REGULAR-Apos-Reconvocacao.pdf\" target=\"_blank\">Resultado Preliminar da Banca de Heteroidentifica\u00e7\u00e3o da Chamada Regular ap\u00f3s Reconvoca\u00e7\u00f5es<\/a> <\/p>\n\n\n\n<p><a rel=\"noreferrer noopener\" href=\"https:\/\/concurso.ifbaiano.edu.br\/portal\/ingresso-2025-cursos-superiores-sisu-bonfim-janeiro-2025\/wp-content\/uploads\/sites\/1139\/2025\/01\/RESULTADO-DEFINITIVO-POS-RECURSO-DA-BANCA-DE-HETEROIDENTIFICACAO-%E2%80%93-CHAMADA-REGULAR.pdf\" target=\"_blank\">Resultado Definitivo (P\u00f3s Recurso) da Banca de Heteroidentifica\u00e7\u00e3o \u2013 Chamada Regular<\/a><\/p>\n\n\n\n<p><a rel=\"noreferrer noopener\" href=\"https:\/\/concurso.ifbaiano.edu.br\/portal\/ingresso-2025-cursos-superiores-sisu-bonfim-janeiro-2025\/wp-content\/uploads\/sites\/1139\/2025\/01\/RESULTADO-PRELIMINAR-DA-BANCA-DE-HETEROIDENTIFICACAO-%E2%80%93-CHAMADA-REGULAR.pdf\" target=\"_blank\">Resultado Preliminar da Banca de Heteroidentifica\u00e7\u00e3o \u2013 Chamada Regular<\/a><\/p>\n\n\n\n<p><a rel=\"noreferrer noopener\" href=\"https:\/\/concurso.ifbaiano.edu.br\/portal\/ingresso-2025-cursos-superiores-sisu-bonfim-janeiro-2025\/wp-content\/uploads\/sites\/1139\/2025\/01\/COMUNICADO.pdf\" target=\"_blank\"><br>Comunicado &#8211; Novo Cronograma de Matr\u00edcula e Banca de Heteroidentifica\u00e7\u00e3o<\/a><\/p>\n\n\n\n<p><a rel=\"noreferrer noopener\" href=\"https:\/\/concurso.ifbaiano.edu.br\/portal\/ingresso-2025-cursos-superiores-sisu-bonfim-janeiro-2025\/wp-content\/uploads\/sites\/1139\/2025\/01\/EDITAL-10-CHAMADA-PARA-MATRICULA-E-LISTAS-DE-ESPERA-1a-RETIFICACAO.pdf\" target=\"_blank\">Chamada para Matr\u00edcula e Listas de Espera (1\u00aa Retifica\u00e7\u00e3o)<\/a><\/p>\n\n\n\n<p><a rel=\"noreferrer noopener\" href=\"https:\/\/concurso.ifbaiano.edu.br\/portal\/ingresso-2025-cursos-superiores-sisu-bonfim-janeiro-2025\/wp-content\/uploads\/sites\/1139\/2025\/01\/Edital-no-08.pdf\" target=\"_blank\">Edital n\u00ba 8 -Sele\u00e7\u00e3o Estudantes SISU 2025 &#8211; vagas em gradua\u00e7\u00f5es IF Baiano &#8211; Campus Senhor do Bonfim<\/a><\/p>\n\n\n\n<p><a rel=\"noreferrer noopener\" href=\"https:\/\/concurso.ifbaiano.edu.br\/portal\/ingresso-2025-cursos-superiores-sisu-bonfim-janeiro-2025\/wp-content\/uploads\/sites\/1139\/2025\/01\/Edital-no-05-de-15-de-Janeiro-de-2025.pdf\" target=\"_blank\">Edital n\u00ba 5 &#8211; Chamadas para Matr\u00edcula e Listas de Espera SISU 2025<\/a><\/p>\n\n\n\n<p><\/p>\n\n\n\n<p class=\"has-text-align-center\"><strong><mark class=\"has-inline-color has-vivid-red-color\">Para acessar o site de Concursos e Sele\u00e7\u00f5es do IF Baiano que cont\u00e9m a p\u00e1gina do Sisu 2025 do Campus Senhor do Bonfim, clique no link abaixo:<\/mark><\/strong><\/p>\n\n\n\n<p class=\"has-text-align-center\"><a rel=\"noreferrer noopener\" href=\"https:\/\/concurso.ifbaiano.edu.br\/portal\/ingresso-2025-cursos-superiores-sisu-bonfim-janeiro-2025\/\" target=\"_blank\">Ingresso de Estudantes 2025 \u2013 Cursos Superiores \u2013 SISU \u2013 Campus Senhor do Bonfim \u2013 Janeiro 2025<\/a><\/p>\n\n\n\n<p><\/p>\n\n\n\n<p><\/p>\n\n\n\n<p><strong>PRAZOS PARA EMISS\u00c3O DE DOCUMENTOS<\/strong><\/p>\n\n\n\n<p class=\"has-text-align-center has-background\" style=\"background-color:#e1e9ef\"><strong>SOLICITA\u00c7\u00c3O DE COLOCA\u00c7\u00c3O DE GRAU E DE EMISS\u00c3O DE DIPLOMA<\/strong><\/p>\n\n\n\n<p>PRAZO:  <strong>Cinco primeiros dias \u00fateis de cada m\u00eas <\/strong><\/p>\n\n\n\n<p>A partir de janeiro de 2025, a abertura de processos de Cola\u00e7\u00e3o de Grau ser\u00e1 de dois e dois meses. Este crit\u00e9rio valer\u00e1 para os cursos Integrados, Subsequentes, Superiores e P\u00f3s-Gradua\u00e7\u00e3o, seguindo o cronograma abaixo: <\/p>\n\n\n<div class=\"wp-block-image\">\n<figure class=\"aligncenter size-full\"><a href=\"https:\/\/www.ifbaiano.edu.br\/unidades\/bonfim\/files\/2025\/01\/1983-cronograma-de-colacao-de-grau-atualizada.webp\"><img decoding=\"async\" loading=\"lazy\" width=\"638\" height=\"382\" src=\"https:\/\/www.ifbaiano.edu.br\/unidades\/bonfim\/files\/2025\/01\/1983-cronograma-de-colacao-de-grau-atualizada.webp\" alt=\"\" class=\"wp-image-20075\" srcset=\"https:\/\/www.ifbaiano.edu.br\/unidades\/bonfim\/files\/2025\/01\/1983-cronograma-de-colacao-de-grau-atualizada.webp 638w, https:\/\/www.ifbaiano.edu.br\/unidades\/bonfim\/files\/2025\/01\/1983-cronograma-de-colacao-de-grau-atualizada-300x180.webp 300w, https:\/\/www.ifbaiano.edu.br\/unidades\/bonfim\/files\/2025\/01\/1983-cronograma-de-colacao-de-grau-atualizada-100x60.webp 100w\" sizes=\"(max-width: 638px) 100vw, 638px\" \/><\/a><\/figure><\/div>\n\n<div class=\"wp-block-image\">\n<figure class=\"aligncenter size-full is-resized\"><a href=\"https:\/\/www.ifbaiano.edu.br\/unidades\/bonfim\/files\/2025\/01\/5180-SOLICITACAO-DE-DIPLOMA-AVISO.webp\"><img decoding=\"async\" loading=\"lazy\" src=\"https:\/\/www.ifbaiano.edu.br\/unidades\/bonfim\/files\/2025\/01\/5180-SOLICITACAO-DE-DIPLOMA-AVISO.webp\" alt=\"\" class=\"wp-image-20244\" width=\"662\" height=\"403\" srcset=\"https:\/\/www.ifbaiano.edu.br\/unidades\/bonfim\/files\/2025\/01\/5180-SOLICITACAO-DE-DIPLOMA-AVISO.webp 582w, https:\/\/www.ifbaiano.edu.br\/unidades\/bonfim\/files\/2025\/01\/5180-SOLICITACAO-DE-DIPLOMA-AVISO-300x182.webp 300w, https:\/\/www.ifbaiano.edu.br\/unidades\/bonfim\/files\/2025\/01\/5180-SOLICITACAO-DE-DIPLOMA-AVISO-100x61.webp 100w\" sizes=\"(max-width: 662px) 100vw, 662px\" \/><\/a><\/figure><\/div>\n\n\n<p><strong>Email: secretaria.escolar@bonfim.ifbaiano.edu.br<\/strong><\/p>\n\n\n\n<p><strong>Contato INEP: 29403340<\/strong><\/p>\n","protected":false},"excerpt":{"rendered":"<p>CONHE\u00c7A A SECRETARIA DE REGISTROS ACAD\u00caMICOS (SRA) O QUE \u00c9 A SRA? A Secretaria de Registros Acad\u00eamicos (SRA) \u00e9 um setor vinculado \u00e0 Dire\u00e7\u00e3o Acad\u00eamica, respons\u00e1vel pelo registro, verifica\u00e7\u00e3o, controle, manuten\u00e7\u00e3o e arquivamento documentos que integram a vida acad\u00eamica dos discentes, desde o ingresso na institui\u00e7\u00e3o at\u00e9 a conclus\u00e3o do curso; receber protocolos acad\u00eamicos referentes [&hellip;]<\/p>\n","protected":false},"author":110,"featured_media":0,"parent":0,"menu_order":0,"comment_status":"closed","ping_status":"closed","template":"","meta":[],"_links":{"self":[{"href":"https:\/\/www.ifbaiano.edu.br\/unidades\/bonfim\/wp-json\/wp\/v2\/pages\/11054"}],"collection":[{"href":"https:\/\/www.ifbaiano.edu.br\/unidades\/bonfim\/wp-json\/wp\/v2\/pages"}],"about":[{"href":"https:\/\/www.ifbaiano.edu.br\/unidades\/bonfim\/wp-json\/wp\/v2\/types\/page"}],"author":[{"embeddable":true,"href":"https:\/\/www.ifbaiano.edu.br\/unidades\/bonfim\/wp-json\/wp\/v2\/users\/110"}],"replies":[{"embeddable":true,"href":"https:\/\/www.ifbaiano.edu.br\/unidades\/bonfim\/wp-json\/wp\/v2\/comments?post=11054"}],"version-history":[{"count":111,"href":"https:\/\/www.ifbaiano.edu.br\/unidades\/bonfim\/wp-json\/wp\/v2\/pages\/11054\/revisions"}],"predecessor-version":[{"id":20839,"href":"https:\/\/www.ifbaiano.edu.br\/unidades\/bonfim\/wp-json\/wp\/v2\/pages\/11054\/revisions\/20839"}],"wp:attachment":[{"href":"https:\/\/www.ifbaiano.edu.br\/unidades\/bonfim\/wp-json\/wp\/v2\/media?parent=11054"}],"curies":[{"name":"wp","href":"https:\/\/api.w.org\/{rel}","templated":true}]}}