{"id":11093,"date":"2019-07-18T15:57:13","date_gmt":"2019-07-18T18:57:13","guid":{"rendered":"http:\/\/www.ifbaiano.edu.br\/unidades\/bonfim\/?page_id=11093"},"modified":"2025-05-09T07:41:46","modified_gmt":"2025-05-09T10:41:46","slug":"ingresso","status":"publish","type":"page","link":"https:\/\/www.ifbaiano.edu.br\/unidades\/bonfim\/ingresso\/","title":{"rendered":"INGRESSO DE ESTUDANTES"},"content":{"rendered":"\n<div class=\"wp-block-group is-layout-constrained\"><div class=\"wp-block-group__inner-container\">\n<figure class=\"wp-block-image size-full\"><a href=\"https:\/\/www.ifbaiano.edu.br\/unidades\/bonfim\/files\/2024\/09\/Captura-.png\"><img decoding=\"async\" loading=\"lazy\" width=\"1247\" height=\"247\" src=\"https:\/\/www.ifbaiano.edu.br\/unidades\/bonfim\/files\/2024\/09\/Captura-.png\" alt=\"\" class=\"wp-image-19144\" \/><\/a><\/figure>\n\n\n\n<strong><div id=\"TituloMenu\" class=\"dnone\"> confira o edital de cada modalidade<\/div> <\/strong><\/p><p>\n<\/div><\/div>\n\n\n\n<div class=\"wp-block-buttons is-layout-flex\">\n<div class=\"wp-block-button is-style-outline\"><a class=\"wp-block-button__link has-white-color has-text-color has-background wp-element-button\" href=\"https:\/\/www.ifbaiano.edu.br\/unidades\/bonfim\/processos-seletivos-para-ingresso-de-estudantes-nos-cursos-da-educacao-profissional-tecnica-de-nivel-medio-na-forma-integrada-ao-ensino-medio-modalidade-presencial\/\" style=\"border-radius:12px;background-color:#083525\"><strong>Curso T\u00e9cnico Integrado ao Ensino M\u00e9dio<\/strong><\/a><\/div>\n\n\n\n<div class=\"wp-block-button is-style-outline\"><a class=\"wp-block-button__link has-white-color has-text-color has-background wp-element-button\" href=\"https:\/\/www.ifbaiano.edu.br\/unidades\/bonfim\/rocessos-seletivos-para-ingresso-de-estudantes-nos-cursos-da-educacao-profissional-tecnica-de-nivel-medio-na-forma-subsequente-ao-ensino-medio-modalidade-presencial\/\" style=\"border-radius:12px;background-color:#083525\"><strong>Curso T\u00e9cnico Subsequente<\/strong> &#8211;<strong> Presencial<\/strong><\/a><\/div>\n\n\n\n<div class=\"wp-block-button\"><a class=\"wp-block-button__link has-white-color has-text-color has-background wp-element-button\" href=\"https:\/\/www.ifbaiano.edu.br\/unidades\/bonfim\/processo-seletivo-para-ingresso-de-estudantes-nos-cursos-da-educacao-profissional-tecnica-de-nivel-medio-na-forma-subsequente-ao-ensino-medio-modalidade-ead\/\" style=\"border-radius:12px;background-color:#083525\"><strong>Curso T\u00e9cnico Subsequente &#8211; EAD<\/strong><\/a><\/div>\n\n\n\n<div class=\"wp-block-button is-style-outline\"><a class=\"wp-block-button__link has-luminous-vivid-amber-to-luminous-vivid-orange-gradient-background has-text-color has-background wp-element-button\" href=\"https:\/\/www.ifbaiano.edu.br\/unidades\/bonfim\/bacharelado-em-administracao-2\/\" style=\"border-radius:12px;color:#023451\"><strong>Bacharelado em Administra\u00e7\u00e3o<\/strong><\/a><\/div>\n\n\n\n<div class=\"wp-block-button is-style-outline\"><a class=\"wp-block-button__link has-white-color has-text-color has-background wp-element-button\" href=\"https:\/\/www.ifbaiano.edu.br\/unidades\/bonfim\/licenciatura-em-quimica-2\/\" style=\"border-radius:12px;background:linear-gradient(135deg,rgb(6,147,227) 0%,rgb(81,224,224) 100%)\"><strong>Licenciatura em Qu\u00edmica<\/strong><\/a><\/div>\n<\/div>\n\n\n\n<p><\/p>\n\n\n\n<strong><div id=\"TituloMenu\" class=\"dnone\">Integrado ou subsequente? Conhe\u00e7a as diferen\u00e7as!<\/div> <\/strong><\/p><p>\n\n\n\n<p><strong>Curso T\u00e9cnico Integrado ao Ensino M\u00e9dio<\/strong> &#8211;  Nessa modalidade voc\u00ea faz o curso t\u00e9cnico e o ensino m\u00e9dio ao mesmo tempo, de forma INTEGRADA (entendeu a refer\u00eancia? Vai ficar mais f\u00e1cil de lembrar agora, n\u00e9? )<\/p>\n\n\n\n<p><strong>P\u00fablico Alvo:<\/strong> Estudantes que est\u00e3o concluindo ou conclu\u00edram o 9\u00ba ano do ensino fundamental.<\/p>\n\n\n\n<p><strong>Curso T\u00e9cnico Subsequente ao Ensino M\u00e9dio<\/strong> &#8211; J\u00e1 os cursos ofertados de forma subsequente s\u00e3o voltados a quem J\u00c1 CONCLUIU O ENSINO M\u00c9DIO, ou seja, s\u00e3o cursados SUBSEQUENTEMENTE ao ensino m\u00e9dio. (Agora essa palavra grande parece fazer mais sentido, n\u00e3o \u00e9 mesmo?)<\/p>\n\n\n\n<p><strong>P\u00fablico Alvo<\/strong>: Estudantes que j\u00e1 conclu\u00edram ou ir\u00e3o concluir neste ano o 3\u00ba ano do ensino m\u00e9dio.<\/p>\n\n\n\n<p>Quer saber mais sobre os cursos do IF Baiano, Campus Senhor do Bonfim ? <a href=\"https:\/\/www.ifbaiano.edu.br\/unidades\/bonfim\/cursos\/\">clique aqui <\/a><\/p>\n\n\n\n<p>D\u00favidas? Envie uma mensagem para o e-mail prosel@bonfim.ifbaiano.edu.br  <\/p>\n\n\n\n<p>Telefone &#8211; whats app: (71) 992050114<\/p>\n\n\n\n<p>Siga nossas redes sociais! <a href=\"https:\/\/www.instagram.com\/ifbaianobonfimoficial\/\" target=\"_blank\" rel=\"noreferrer noopener\">@ifbaianobonfimoficial<\/a><\/p>\n","protected":false},"excerpt":{"rendered":"<p>confira o edital de cada modalidade Integrado ou subsequente? Conhe\u00e7a as diferen\u00e7as! Curso T\u00e9cnico Integrado ao Ensino M\u00e9dio &#8211; Nessa modalidade voc\u00ea faz o curso t\u00e9cnico e o ensino m\u00e9dio ao mesmo tempo, de forma INTEGRADA (entendeu a refer\u00eancia? Vai ficar mais f\u00e1cil de lembrar agora, n\u00e9? ) P\u00fablico Alvo: Estudantes que est\u00e3o concluindo ou [&hellip;]<\/p>\n","protected":false},"author":110,"featured_media":17344,"parent":0,"menu_order":0,"comment_status":"closed","ping_status":"closed","template":"","meta":[],"_links":{"self":[{"href":"https:\/\/www.ifbaiano.edu.br\/unidades\/bonfim\/wp-json\/wp\/v2\/pages\/11093"}],"collection":[{"href":"https:\/\/www.ifbaiano.edu.br\/unidades\/bonfim\/wp-json\/wp\/v2\/pages"}],"about":[{"href":"https:\/\/www.ifbaiano.edu.br\/unidades\/bonfim\/wp-json\/wp\/v2\/types\/page"}],"author":[{"embeddable":true,"href":"https:\/\/www.ifbaiano.edu.br\/unidades\/bonfim\/wp-json\/wp\/v2\/users\/110"}],"replies":[{"embeddable":true,"href":"https:\/\/www.ifbaiano.edu.br\/unidades\/bonfim\/wp-json\/wp\/v2\/comments?post=11093"}],"version-history":[{"count":170,"href":"https:\/\/www.ifbaiano.edu.br\/unidades\/bonfim\/wp-json\/wp\/v2\/pages\/11093\/revisions"}],"predecessor-version":[{"id":21620,"href":"https:\/\/www.ifbaiano.edu.br\/unidades\/bonfim\/wp-json\/wp\/v2\/pages\/11093\/revisions\/21620"}],"wp:featuredmedia":[{"embeddable":true,"href":"https:\/\/www.ifbaiano.edu.br\/unidades\/bonfim\/wp-json\/wp\/v2\/media\/17344"}],"wp:attachment":[{"href":"https:\/\/www.ifbaiano.edu.br\/unidades\/bonfim\/wp-json\/wp\/v2\/media?parent=11093"}],"curies":[{"name":"wp","href":"https:\/\/api.w.org\/{rel}","templated":true}]}}