{"id":11556,"date":"2019-08-22T11:00:34","date_gmt":"2019-08-22T14:00:34","guid":{"rendered":"http:\/\/www.ifbaiano.edu.br\/unidades\/bonfim\/?page_id=11556"},"modified":"2025-05-22T10:57:35","modified_gmt":"2025-05-22T13:57:35","slug":"estrategia","status":"publish","type":"page","link":"https:\/\/www.ifbaiano.edu.br\/unidades\/bonfim\/estrategia\/","title":{"rendered":"Estrat\u00e9gia"},"content":{"rendered":"\n<strong><div id=\"TituloMenu\" class=\"dnone\"> miss\u00e3o<\/div> <\/strong><\/p><p>\n\n\n\n<p>Miss\u00e3o (fun\u00e7\u00e3o social) Oferecer educa\u00e7\u00e3o profissional e tecnol\u00f3gica de qualidade, p\u00fablica e gratuita, nas diferentes modalidades, preparando pessoas para o pleno exerc\u00edcio da cidadania e contribuindo para o desenvolvimento social e econ\u00f4mico do pa\u00eds, atrav\u00e9s de a\u00e7\u00f5es de ensino, pesquisa e extens\u00e3o.<\/p>\n\n\n\n<strong><div id=\"TituloMenu\" class=\"dnone\"> vis\u00e3o<\/div> <\/strong><\/p><p>\n\n\n\n<p>Vis\u00e3o Ser uma institui\u00e7\u00e3o de educa\u00e7\u00e3o profissional e tecnol\u00f3gica refer\u00eancia na Bahia, em todas as \u00e1reas e modalidades de oferta, sobretudo, no desenvolvimento e fortalecimento de tecnologias agr\u00e1rias que contribuam para o crescimento socioecon\u00f4mico e cultural do estado.<\/p>\n\n\n\n<strong><div id=\"TituloMenu\" class=\"dnone\"> valores<\/div> <\/strong><\/p><p>\n\n\n\n<ol>\n<li>a) Excel\u00eancia \u2013 pautada na efici\u00eancia, efic\u00e1cia e efetividade nos processos de gest\u00e3o.<\/li>\n\n\n\n<li>b) Gest\u00e3o democr\u00e1tica \u2013 pautada nos princ\u00edpios de justi\u00e7a, participa\u00e7\u00e3o, corresponsabilidade, igualdade nas rela\u00e7\u00f5es sociais e nos processos de gest\u00e3o.<\/li>\n\n\n\n<li>c) \u00c9tica \u2013 pautada nos princ\u00edpios de transpar\u00eancia, justi\u00e7a social e responsabilidade com o bem p\u00fablico.<\/li>\n\n\n\n<li>d) Valoriza\u00e7\u00e3o dos servidores \u2013 pautada no fortalecimento e reconhecimento que que o desempenho da institui\u00e7\u00e3o depende da valoriza\u00e7\u00e3o, do desenvolvimento pessoal e t\u00e9cnico, do bem-estar e da realiza\u00e7\u00e3o profissional de todos os servidores.<\/li>\n\n\n\n<li>e) Comprometimento \u2013 pautado no comprometimento dos servidores com o atendimento aos objetivos e da miss\u00e3o institucional. e) Compromisso social \u2013 pautado no reconhecimento de diferen\u00e7as hist\u00f3ricas, econ\u00f4micas, culturais e sociais<\/li>\n\n\n\n<li>f) Sustentabilidade \u2013 pautada na responsabilidade social e ambiental.<\/li>\n<\/ol>\n\n\n\n<hr class=\"wp-block-separator has-alpha-channel-opacity\" \/>\n\n\n\n<p class=\"has-medium-font-size\"><strong>Objetivos Estrat\u00e9gicos<\/strong><\/p>\n\n\n\n<p>Os objetivos estrat\u00e9gicos s\u00e3o os elementos que traduzem os anseios da comunidade acad\u00eamica, os resultados que devem ser apresentados \u00e0 sociedade e os desafios postos ao IF Baiano enquanto institui\u00e7\u00e3o de educa\u00e7\u00e3o que tem suas finalidades previstas em legisla\u00e7\u00e3o pr\u00f3pria. Em outras palavras, eles orientar\u00e3o o que dever\u00e1 ser feito para que a institui\u00e7\u00e3o cumpra sua miss\u00e3o e alcance a sua vis\u00e3o de futuro.<\/p>\n\n\n\n<ol>\n<li>Consolidar os cursos ofertados.<\/li>\n\n\n\n<li>Fortalecer e ampliar as a\u00e7\u00f5es de pesquisa, inova\u00e7\u00e3o e p\u00f3s-gradua\u00e7\u00e3o.<\/li>\n\n\n\n<li>Fortalecer e ampliar as a\u00e7\u00f5es de extens\u00e3o.<\/li>\n\n\n\n<li>Expandir a oferta de cursos e vagas EPT.<\/li>\n\n\n\n<li>Consolidar a identidade e imagem institucional.<\/li>\n\n\n\n<li>Consolidar e ampliar as pol\u00edticas inclusivas e afirmativas.<\/li>\n<\/ol>\n\n\n\n<hr class=\"wp-block-separator has-alpha-channel-opacity\" \/>\n\n\n\n<p>Fonte:<\/p>\n\n\n\n<p><a href=\"https:\/\/www.ifbaiano.edu.br\/unidades\/bonfim\/files\/2025\/05\/PDI-2021-2025.pdf\">PDI 2021-2025<\/a><\/p>\n\n\n\n<p><a href=\"https:\/\/ifbaiano.edu.br\/portal\/wp-content\/uploads\/2015\/12\/pdi-2015-2019-versao-2018.pdf\">PDI 2015-2019<\/a><\/p>\n\n\n\n<p><\/p>\n","protected":false},"excerpt":{"rendered":"<p>miss\u00e3o Miss\u00e3o (fun\u00e7\u00e3o social) Oferecer educa\u00e7\u00e3o profissional e tecnol\u00f3gica de qualidade, p\u00fablica e gratuita, nas diferentes modalidades, preparando pessoas para o pleno exerc\u00edcio da cidadania e contribuindo para o desenvolvimento social e econ\u00f4mico do pa\u00eds, atrav\u00e9s de a\u00e7\u00f5es de ensino, pesquisa e extens\u00e3o. vis\u00e3o Vis\u00e3o Ser uma institui\u00e7\u00e3o de educa\u00e7\u00e3o profissional e tecnol\u00f3gica refer\u00eancia na [&hellip;]<\/p>\n","protected":false},"author":124,"featured_media":0,"parent":0,"menu_order":0,"comment_status":"closed","ping_status":"closed","template":"","meta":[],"_links":{"self":[{"href":"https:\/\/www.ifbaiano.edu.br\/unidades\/bonfim\/wp-json\/wp\/v2\/pages\/11556"}],"collection":[{"href":"https:\/\/www.ifbaiano.edu.br\/unidades\/bonfim\/wp-json\/wp\/v2\/pages"}],"about":[{"href":"https:\/\/www.ifbaiano.edu.br\/unidades\/bonfim\/wp-json\/wp\/v2\/types\/page"}],"author":[{"embeddable":true,"href":"https:\/\/www.ifbaiano.edu.br\/unidades\/bonfim\/wp-json\/wp\/v2\/users\/124"}],"replies":[{"embeddable":true,"href":"https:\/\/www.ifbaiano.edu.br\/unidades\/bonfim\/wp-json\/wp\/v2\/comments?post=11556"}],"version-history":[{"count":5,"href":"https:\/\/www.ifbaiano.edu.br\/unidades\/bonfim\/wp-json\/wp\/v2\/pages\/11556\/revisions"}],"predecessor-version":[{"id":21815,"href":"https:\/\/www.ifbaiano.edu.br\/unidades\/bonfim\/wp-json\/wp\/v2\/pages\/11556\/revisions\/21815"}],"wp:attachment":[{"href":"https:\/\/www.ifbaiano.edu.br\/unidades\/bonfim\/wp-json\/wp\/v2\/media?parent=11556"}],"curies":[{"name":"wp","href":"https:\/\/api.w.org\/{rel}","templated":true}]}}