{"id":14485,"date":"2022-02-21T16:22:39","date_gmt":"2022-02-21T19:22:39","guid":{"rendered":"https:\/\/www.ifbaiano.edu.br\/unidades\/bonfim\/?page_id=14485"},"modified":"2022-02-21T16:22:39","modified_gmt":"2022-02-21T19:22:39","slug":"paise2021","status":"publish","type":"page","link":"https:\/\/www.ifbaiano.edu.br\/unidades\/bonfim\/paise2021\/","title":{"rendered":"Programa de Assist\u00eancia e Inclus\u00e3o Social de Estudante \u2013 PAISE"},"content":{"rendered":"\n<p>O Diretor Geral do Instituto Federal de Educa\u00e7\u00e3o, Ci\u00eancia e Tecnologia Baiano &#8211; IF Baiano &#8211; Campus Senhor do Bonfim, Portaria n\u00ba 451, de 19\/03\/2018, Publicada no D.O.U. em 20\/03\/2018, de acordo com as disposi\u00e7\u00f5es da legisla\u00e7\u00e3o em vigor, no uso de suas atribui\u00e7\u00f5es legais, torna p\u00fablico o presente Edital que estabelece as normas e crit\u00e9rios para sele\u00e7\u00e3o de estudantes em vulnerabilidade socioecon\u00f4mica, de cursos presencias e \u00e0 dist\u00e2ncia, com a finalidade de participa\u00e7\u00e3o na Pol\u00edtica de Assist\u00eancia Estudantil deste Instituto, por meio do PAISE.<\/p>\n\n\n\n<p><strong>CLAE INFORMA: <\/strong>as inscri\u00e7\u00f5es dos aux\u00edlios PAISE e Digital foram prorrogadas at\u00e9 dia 19\/11\/2021<\/p>\n\n\n\n<h3 class=\"wp-block-heading\">R<strong>esultado Final <\/strong><\/h3>\n\n\n\n<p>A Comiss\u00e3o Local de Assist\u00eancia Estudantil do Campus Senhor do Bonfim torna p\u00fablico os Resultados dos Recursos e Resultados Finais para a concess\u00e3o de aux\u00edlios estudantis.&nbsp;<\/p>\n\n\n\n<p>Esclarecemos que as altera\u00e7\u00f5es na classifica\u00e7\u00e3o dos candidatos se devem ao processo de an\u00e1lise dos recursos interpostos, al\u00e9m da observ\u00e2ncia dos crit\u00e9rios de classifica\u00e7\u00e3o e desempate que constam nos editais 11\/2021 (Aux\u00edlios Digitais) e 12\/2021 PAISE (Programa de Assist\u00eancia e Inclus\u00e3o Social do Estudante), como descrito abaixo:<\/p>\n\n\n\n<p>Item 4 do Edital &#8211; Da inscri\u00e7\u00e3o e sele\u00e7\u00e3o, e seus subitens:<em>&nbsp;<\/em><\/p>\n\n\n\n<p><strong><em>\u201c4.2 A sele\u00e7\u00e3o dos candidatos ser\u00e1 realizada por meio da an\u00e1lise de alguns indicadores como definidores da classifica\u00e7\u00e3o, a serem avaliados por Assistente Social, tais como renda familiar percapita, origem escolar, composi\u00e7\u00e3o familiar, exist\u00eancia de idoso e crian\u00e7a de at\u00e9 5 (cinco) anos de idade na fam\u00edlia. O Barema vinculado \u00e0 avalia\u00e7\u00e3o foi elaborado pelos profissionais de Servi\u00e7o Social no ano de 2021;<\/em><\/strong><\/p>\n\n\n\n<p><strong>&nbsp;<\/strong><strong><em>4.5&nbsp; Em&nbsp; caso&nbsp; de&nbsp; empate,&nbsp; ser\u00e3o&nbsp; adotados&nbsp; os&nbsp; seguintes&nbsp; crit\u00e9rios:&nbsp;<\/em><\/strong><\/p>\n\n\n\n<p><strong><em>I. <\/em><\/strong><strong><em>N\u00e3o estar recebendo outro&nbsp; aux\u00edlio&nbsp; ou&nbsp; bolsa&nbsp; de&nbsp; natureza&nbsp; assistencial&nbsp; no&nbsp; \u00e2mbito&nbsp; acad\u00eamico;&nbsp;<\/em><\/strong><\/p>\n\n\n\n<p><strong><em>II. <\/em><\/strong><strong><em>Estar&nbsp; em&nbsp; semestre\/ano&nbsp; mais&nbsp; avan\u00e7ado;&nbsp;<\/em><\/strong><\/p>\n\n\n\n<p><strong><em>III.&nbsp; Maior&nbsp; idade,&nbsp; considerando&nbsp; ano,&nbsp; m\u00eas&nbsp; e&nbsp; dia.\u201d<\/em><\/strong><\/p>\n\n\n\n<p>Quaisquer d\u00favidas podem ser enviadas para o e-mail: cae@bonfim.ifbaiano.edu.br<\/p>\n\n\n\n<p><a href=\"https:\/\/www.ifbaiano.edu.br\/unidades\/bonfim\/files\/2021\/11\/Resultado-dos-Recursos-PAISE.pdf\">Resultado dos Recursos &#8211; PAISE<\/a><\/p>\n\n\n\n<p><a href=\"https:\/\/www.ifbaiano.edu.br\/unidades\/bonfim\/files\/2021\/11\/Final-Material-Academico.pdf\">Final &#8211; Material Acad\u00eamico<\/a><\/p>\n\n\n\n<p><a href=\"https:\/\/www.ifbaiano.edu.br\/unidades\/bonfim\/files\/2021\/11\/Final-Creche-Presencial.pdf\">Final &#8211; Creche Presencial<\/a><\/p>\n\n\n\n<p><a href=\"https:\/\/www.ifbaiano.edu.br\/unidades\/bonfim\/files\/2021\/11\/Final-Creche-EAD.pdf\">Final &#8211; Creche EAD<\/a><\/p>\n\n\n\n<p><a href=\"https:\/\/www.ifbaiano.edu.br\/unidades\/bonfim\/files\/2021\/11\/Final-Copia-e-Impressao.pdf\">Final &#8211; Copia e Impress\u00e3o<\/a><\/p>\n\n\n\n<p><a href=\"https:\/\/www.ifbaiano.edu.br\/unidades\/bonfim\/files\/2021\/11\/Final-Alimentacao.pdf\">Final &#8211; Alimenta\u00e7\u00e3o<\/a><\/p>\n\n\n\n<p><a href=\"https:\/\/www.ifbaiano.edu.br\/unidades\/bonfim\/files\/2021\/11\/Final-Transporte-Presencial.pdf\">Final -Transporte Presencial<\/a><\/p>\n\n\n\n<p><a href=\"https:\/\/www.ifbaiano.edu.br\/unidades\/bonfim\/files\/2021\/11\/Final-Uniforme.pdf\">Final &#8211; Uniforme<\/a><\/p>\n\n\n\n<p><a href=\"https:\/\/www.ifbaiano.edu.br\/unidades\/bonfim\/files\/2021\/11\/Final-Transporte-EAD.pdf\">Final &#8211; Transporte EAD<\/a><\/p>\n\n\n\n<p><a href=\"https:\/\/www.ifbaiano.edu.br\/unidades\/bonfim\/files\/2021\/11\/Final-Permanencia.pdf\">Final &#8211; Perman\u00eancia<\/a><\/p>\n\n\n\n<p><a href=\"https:\/\/www.ifbaiano.edu.br\/unidades\/bonfim\/files\/2021\/11\/Final-Moradia.pdf\">Final &#8211; Moradia<\/a><\/p>\n\n\n\n<p><\/p>\n\n\n\n<h3 class=\"wp-block-heading\"><strong>Resultado de preliminar<\/strong><\/h3>\n\n\n\n<p><a href=\"https:\/\/www.ifbaiano.edu.br\/unidades\/bonfim\/files\/2021\/11\/Preliminar-Creche-EAD.pdf\">Preliminar &#8211; Creche EAD<\/a><\/p>\n\n\n\n<p><a href=\"https:\/\/www.ifbaiano.edu.br\/unidades\/bonfim\/files\/2021\/11\/Preliminar-Copia-e-Impressao.pdf\">Preliminar &#8211; Copia e Impressao<\/a><\/p>\n\n\n\n<p><a href=\"https:\/\/www.ifbaiano.edu.br\/unidades\/bonfim\/files\/2021\/11\/Preliminar-AlimentaA\u00a7Ao.pdf\">Preliminar &#8211; Alimenta\u00e7\u00e3o<\/a><\/p>\n\n\n\n<p><a href=\"https:\/\/www.ifbaiano.edu.br\/unidades\/bonfim\/files\/2021\/11\/Preliminar-Uniforme.pdf\">Preliminar &#8211; Uniforme<\/a><\/p>\n\n\n\n<p><a href=\"https:\/\/www.ifbaiano.edu.br\/unidades\/bonfim\/files\/2021\/11\/Preliminar-Transporte-Presencial.pdf\">Preliminar &#8211; Transporte Presencial<\/a><\/p>\n\n\n\n<p><a href=\"https:\/\/www.ifbaiano.edu.br\/unidades\/bonfim\/files\/2021\/11\/Preliminar-Transporte-EAD.pdf\">Preliminar &#8211; Transporte EAD<\/a><\/p>\n\n\n\n<p><a href=\"https:\/\/www.ifbaiano.edu.br\/unidades\/bonfim\/files\/2021\/11\/Preliminar-Permanencia.pdf\">Preliminar &#8211; Perman\u00eancia<\/a><\/p>\n\n\n\n<p><a href=\"https:\/\/www.ifbaiano.edu.br\/unidades\/bonfim\/files\/2021\/11\/Preliminar-Moradia.pdf\">Preliminar &#8211; Moradia<\/a><\/p>\n\n\n\n<p><a href=\"https:\/\/www.ifbaiano.edu.br\/unidades\/bonfim\/files\/2021\/11\/Preliminar-Mat.-Academico.pdf\">Preliminar &#8211; Mat. Acad\u00eamico<\/a><\/p>\n\n\n\n<p><a href=\"https:\/\/www.ifbaiano.edu.br\/unidades\/bonfim\/files\/2021\/11\/Preliminar-Creche-Presencial.pdf\">Preliminar &#8211; Creche Presencial<\/a><\/p>\n\n\n\n<h3 class=\"wp-block-heading\"><strong>Acesse o edital:<\/strong><\/h3>\n\n\n\n<p><a href=\"https:\/\/www.ifbaiano.edu.br\/unidades\/bonfim\/files\/2021\/11\/2021-de-25-de-outubro-de-2021-PAISE-Retificacao-no-02.pdf\">PAISE &#8211; Retifica\u00e7\u00e3o n\u00ba 02<\/a><\/p>\n\n\n\n<p><a href=\"https:\/\/www.ifbaiano.edu.br\/unidades\/bonfim\/files\/2021\/11\/2021-de-25-de-outubro-de-2021-PAISE-Retificacao-no-01.pdf\">PAISE &#8211; Retifica\u00e7\u00e3o n\u00ba 01 &#8211; Cronograma<\/a><\/p>\n\n\n\n<p><a href=\"https:\/\/www.ifbaiano.edu.br\/unidades\/bonfim\/files\/2021\/10\/2021-DE-25-DE-OUTUBRO-DE-2021-PROGRAMA-DE-ASSISTENCIA-E-INCLUSAO-SOCIAL-DO-ESTUDANTE-\u2013-PAISE.pdf\">Edital N\u00ba 12\/2021, DE 25 DE OUTUBRO DE 2021<\/a><\/p>\n\n\n\n<p><a href=\"https:\/\/www.ifbaiano.edu.br\/unidades\/bonfim\/files\/2021\/10\/Edital-12-2021-PAISE-2021.2-Certo-1.txt\">Edital N\u00ba 12\/2021 &#8211; Acess\u00edvel aos leitores de tela <\/a><\/p>\n\n\n\n<figure class=\"wp-block-audio\"><audio controls src=\"https:\/\/www.ifbaiano.edu.br\/unidades\/bonfim\/files\/2021\/10\/Edital-12-2021-PAISE-2021.2-Certo.mp3\"><\/audio><figcaption><img decoding=\"async\" loading=\"lazy\" width=\"50\" height=\"50\" class=\"wp-image-14183\" style=\"width: 50px\" src=\"https:\/\/www.ifbaiano.edu.br\/unidades\/bonfim\/files\/2021\/10\/pngwing.com_.png\" alt=\"\">\u00c1udio Descri\u00e7\u00e3o<\/figcaption><\/figure>\n","protected":false},"excerpt":{"rendered":"<p>O Diretor Geral do Instituto Federal de Educa\u00e7\u00e3o, Ci\u00eancia e Tecnologia Baiano &#8211; IF Baiano &#8211; Campus Senhor do Bonfim, Portaria n\u00ba 451, de 19\/03\/2018, Publicada no D.O.U. em 20\/03\/2018, de acordo com as disposi\u00e7\u00f5es da legisla\u00e7\u00e3o em vigor, no uso de suas atribui\u00e7\u00f5es legais, torna p\u00fablico o presente Edital que estabelece as normas e [&hellip;]<\/p>\n","protected":false},"author":136,"featured_media":0,"parent":0,"menu_order":0,"comment_status":"closed","ping_status":"closed","template":"","meta":[],"_links":{"self":[{"href":"https:\/\/www.ifbaiano.edu.br\/unidades\/bonfim\/wp-json\/wp\/v2\/pages\/14485"}],"collection":[{"href":"https:\/\/www.ifbaiano.edu.br\/unidades\/bonfim\/wp-json\/wp\/v2\/pages"}],"about":[{"href":"https:\/\/www.ifbaiano.edu.br\/unidades\/bonfim\/wp-json\/wp\/v2\/types\/page"}],"author":[{"embeddable":true,"href":"https:\/\/www.ifbaiano.edu.br\/unidades\/bonfim\/wp-json\/wp\/v2\/users\/136"}],"replies":[{"embeddable":true,"href":"https:\/\/www.ifbaiano.edu.br\/unidades\/bonfim\/wp-json\/wp\/v2\/comments?post=14485"}],"version-history":[{"count":1,"href":"https:\/\/www.ifbaiano.edu.br\/unidades\/bonfim\/wp-json\/wp\/v2\/pages\/14485\/revisions"}],"predecessor-version":[{"id":14487,"href":"https:\/\/www.ifbaiano.edu.br\/unidades\/bonfim\/wp-json\/wp\/v2\/pages\/14485\/revisions\/14487"}],"wp:attachment":[{"href":"https:\/\/www.ifbaiano.edu.br\/unidades\/bonfim\/wp-json\/wp\/v2\/media?parent=14485"}],"curies":[{"name":"wp","href":"https:\/\/api.w.org\/{rel}","templated":true}]}}