{"id":14927,"date":"2022-07-04T16:24:27","date_gmt":"2022-07-04T19:24:27","guid":{"rendered":"https:\/\/www.ifbaiano.edu.br\/unidades\/bonfim\/?page_id=14927"},"modified":"2025-05-09T13:39:42","modified_gmt":"2025-05-09T16:39:42","slug":"programa-de-gestao","status":"publish","type":"page","link":"https:\/\/www.ifbaiano.edu.br\/unidades\/bonfim\/programa-de-gestao\/","title":{"rendered":"Programa de Gest\u00e3o &#8211; TELETRABALHO"},"content":{"rendered":"\n<strong><div id=\"TituloMenu\" class=\"dnone\"> legisla\u00e7\u00e3o<\/div> <\/strong><\/p><p>\n\n\n\n<ol>\n<li><a href=\"https:\/\/www.ifbaiano.edu.br\/unidades\/bonfim\/files\/2022\/07\/Instrucao-Normativa-No-65-de-30-de-julho-de-2020.pdf\"><strong>INSTRU\u00c7\u00c3O NORMATIVA N\u00ba 65, DE&nbsp;30 DE JULHO&nbsp;DE 2020<\/strong><\/a><\/li>\n\n\n\n<li><a href=\"https:\/\/www.ifbaiano.edu.br\/unidades\/bonfim\/files\/2022\/07\/Resolucao-182-2022-Programa-gestao-do-Teletrabalho.pdf\"><strong>Resolu\u00e7\u00e3o 182\/2022 \u2013 OS-CONSUP\/IFBAIANO, DE&nbsp;1 DE FEVEREIRO&nbsp;DE 2022<\/strong><\/a><\/li>\n\n\n\n<li><a href=\"https:\/\/www.ifbaiano.edu.br\/unidades\/bonfim\/files\/2022\/07\/Portaria-02-2022-RET-SCS.pdf\">PORTARIA<strong> 2\/2022 \u2013 RET-SCS\/RET-GAB\/RET\/IFBAIANO, de&nbsp;18 de fevereiro&nbsp;de 202<\/strong>2<\/a><\/li>\n<\/ol>\n\n\n\n<strong><div id=\"TituloMenu\" class=\"dnone\"> comiss\u00f5es<\/div> <\/strong><\/p><p>\n\n\n\n<ul>\n<li><a href=\"https:\/\/www.ifbaiano.edu.br\/unidades\/bonfim\/files\/2022\/07\/portaria-comissao-Tele-trabalho.pdf\"><strong>PORTARIA 26\/2022 &#8211; SBF-GAB\/SBF-DG\/RET\/IFBAIANO, de 4 de maio de 2022<\/strong><\/a><\/li>\n<\/ul>\n\n\n\n<strong><div id=\"TituloMenu\" class=\"dnone\"> EDITAIS E DOCUMENTOS <\/div> <\/strong><\/p><p>\n\n\n\n<p class=\"has-medium-font-size\"><a href=\"https:\/\/www.ifbaiano.edu.br\/unidades\/bonfim\/programa-de-gestao-teletrabalho-2024\/\" data-type=\"URL\" data-id=\"https:\/\/www.ifbaiano.edu.br\/unidades\/bonfim\/programa-de-gestao-teletrabalho-2024\/\">2024<\/a><\/p>\n\n\n\n<p class=\"has-medium-font-size\"><a href=\"https:\/\/www.ifbaiano.edu.br\/unidades\/bonfim\/programa-de-gestao-teletrabalho-2023\/\" data-type=\"URL\" data-id=\"https:\/\/www.ifbaiano.edu.br\/unidades\/bonfim\/programa-de-gestao-teletrabalho-2023\/\">2023<\/a><\/p>\n\n\n\n<p class=\"has-medium-font-size\"><a href=\"https:\/\/www.ifbaiano.edu.br\/unidades\/bonfim\/programa-de-gestao-teletrabalho-2022\/\" data-type=\"URL\" data-id=\"https:\/\/www.ifbaiano.edu.br\/unidades\/bonfim\/programa-de-gestao-teletrabalho-2022\/\">2022<\/a><\/p>\n\n\n\n<h4 class=\"wp-block-heading\"><\/h4>\n","protected":false},"excerpt":{"rendered":"<p>legisla\u00e7\u00e3o comiss\u00f5es EDITAIS E DOCUMENTOS 2024 2023 2022<\/p>\n","protected":false},"author":136,"featured_media":0,"parent":0,"menu_order":0,"comment_status":"closed","ping_status":"closed","template":"","meta":[],"_links":{"self":[{"href":"https:\/\/www.ifbaiano.edu.br\/unidades\/bonfim\/wp-json\/wp\/v2\/pages\/14927"}],"collection":[{"href":"https:\/\/www.ifbaiano.edu.br\/unidades\/bonfim\/wp-json\/wp\/v2\/pages"}],"about":[{"href":"https:\/\/www.ifbaiano.edu.br\/unidades\/bonfim\/wp-json\/wp\/v2\/types\/page"}],"author":[{"embeddable":true,"href":"https:\/\/www.ifbaiano.edu.br\/unidades\/bonfim\/wp-json\/wp\/v2\/users\/136"}],"replies":[{"embeddable":true,"href":"https:\/\/www.ifbaiano.edu.br\/unidades\/bonfim\/wp-json\/wp\/v2\/comments?post=14927"}],"version-history":[{"count":31,"href":"https:\/\/www.ifbaiano.edu.br\/unidades\/bonfim\/wp-json\/wp\/v2\/pages\/14927\/revisions"}],"predecessor-version":[{"id":21639,"href":"https:\/\/www.ifbaiano.edu.br\/unidades\/bonfim\/wp-json\/wp\/v2\/pages\/14927\/revisions\/21639"}],"wp:attachment":[{"href":"https:\/\/www.ifbaiano.edu.br\/unidades\/bonfim\/wp-json\/wp\/v2\/media?parent=14927"}],"curies":[{"name":"wp","href":"https:\/\/api.w.org\/{rel}","templated":true}]}}