{"id":15152,"date":"2022-08-26T13:53:08","date_gmt":"2022-08-26T16:53:08","guid":{"rendered":"https:\/\/www.ifbaiano.edu.br\/unidades\/bonfim\/?page_id=15152"},"modified":"2022-08-26T13:53:08","modified_gmt":"2022-08-26T16:53:08","slug":"paise-edital-01-2022","status":"publish","type":"page","link":"https:\/\/www.ifbaiano.edu.br\/unidades\/bonfim\/paise-edital-01-2022\/","title":{"rendered":"PAISE Edital 01\/2022"},"content":{"rendered":"<p><em>Destina-se a inscri\u00e7\u00e3o dos aux\u00edlios do PAISE \u2013 Edital N\u00ba 01\/2022, DE 21 DE FEVEREIRO DE 2022<\/em>,<em>\u00a0os estudantes do primeiro semestre dos cursos T\u00e9cnicos em Inform\u00e1tica, Agrimensura e Zootecnia, que iniciaram o curso em fevereiro de 2022.<\/em><\/p>\n<p>O DIRETOR GERAL DO INSTITUTO FEDERAL DE EDUCA\u00c7\u00c3O, CI\u00caNCIA E TECNOLOGIA BAIANO \u2013 IF BAIANO \u2013 CAMPUS SENHOR DO BONFIM, Portaria n\u00ba 451, de 19\/03\/2018, Publicada no D.O.U. em 20\/03\/2018, de acordo com as disposi\u00e7\u00f5es da legisla\u00e7\u00e3o em vigor, no uso de suas atribui\u00e7\u00f5es legais, torna p\u00fablico o presente Edital que estabelece as normas e crit\u00e9rios para sele\u00e7\u00e3o de estudantes em vulnerabilidade socioecon\u00f4mica, de cursos presencias e \u00e0 dist\u00e2ncia, com a finalidade de participa\u00e7\u00e3o na Pol\u00edtica de Assist\u00eancia Estudantil deste Instituto, por meio do PAISE.<\/p>\n<p><strong>07\/03\/2022 \u2013 A Comiss\u00e3o Local de Assist\u00eancia Estudantil \u2013 CLAE do Campus Senhor do Bonfim, comunica que o resultado dos pr\u00e9-selecionados por auxilio, com divulga\u00e7\u00e3o prevista para\u00a0<span id=\"OBJ_PREFIX_DWT90_com_zimbra_date\" class=\"Object\" role=\"link\"><span id=\"OBJ_PREFIX_DWT94_com_zimbra_date\" class=\"Object\" role=\"link\">hoje<\/span><\/span>, foi prorrogado para amanh\u00e3, dia\u00a0<span id=\"OBJ_PREFIX_DWT91_com_zimbra_date\" class=\"Object\" role=\"link\"><span id=\"OBJ_PREFIX_DWT95_com_zimbra_date\" class=\"Object\" role=\"link\">08\/03\/2022<\/span><\/span><\/strong><\/p>\n<p><strong>Documentos:<\/strong><\/p>\n<p><a href=\"https:\/\/www.ifbaiano.edu.br\/unidades\/bonfim\/files\/2022\/03\/Lista-de-selecionados-Auxilio-Moradia.pdf\">Lista de selecionados \u2013 Auxilio Moradia<\/a><\/p>\n<p><a href=\"https:\/\/www.ifbaiano.edu.br\/unidades\/bonfim\/files\/2022\/03\/Lista-de-selecionados-Auxilio-Permanencia.pdf\">Lista de selecionados \u2013 Auxilio Perman\u00eancia<\/a><\/p>\n<p><a href=\"https:\/\/www.ifbaiano.edu.br\/unidades\/bonfim\/files\/2022\/03\/Lista-de-selecionados-Auxilio-Transporte.pdf\">Lista de selecionados \u2013 Auxilio Transporte<\/a><\/p>\n<p><a href=\"https:\/\/www.ifbaiano.edu.br\/unidades\/bonfim\/files\/2022\/03\/Lista-de-selecionados-Auxilio-Alimentacao.pdf\">Lista de selecionados \u2013 Auxilio Alimenta\u00e7\u00e3o<\/a><\/p>\n<p><a href=\"https:\/\/www.ifbaiano.edu.br\/unidades\/bonfim\/files\/2022\/03\/Lista-de-selecionados-Auxilio-Copia-e-Impressao.pdf\">Lista de selecionados \u2013 Auxilio C\u00f3pia e Impress\u00e3o<\/a><\/p>\n<p><a href=\"https:\/\/www.ifbaiano.edu.br\/unidades\/bonfim\/files\/2022\/03\/Lista-de-selecionados-Auxilio-Mat.-Academico.pdf\">Lista de selecionados \u2013 Auxilio Mat. Acad\u00eamico<\/a><\/p>\n<p><a href=\"https:\/\/www.ifbaiano.edu.br\/unidades\/bonfim\/files\/2022\/03\/Resultado-de-Recurso.pdf\">Resultado de Recurso<\/a><\/p>\n<p><a href=\"https:\/\/www.ifbaiano.edu.br\/unidades\/bonfim\/files\/2022\/03\/Resultado-pre-selecionados-AUXILIO-MAT-ACADEMICO.pdf\">Resultado pr\u00e9-selecionados \u2013 AUX\u00cdLIO MAT ACAD\u00caMICO<\/a><\/p>\n<p><a href=\"https:\/\/www.ifbaiano.edu.br\/unidades\/bonfim\/files\/2022\/03\/Resultado-pre-selecionados-AUXILIO-MORADIA.pdf\">Resultado pr\u00e9-selecionados \u2013 AUX\u00cdLIO MORADIA<\/a><\/p>\n<p><a href=\"https:\/\/www.ifbaiano.edu.br\/unidades\/bonfim\/files\/2022\/03\/Resultado-pre-selecionados-AUXILIO-TRANSPORTE.pdf\">Resultado pr\u00e9-selecionados \u2013 AUX\u00cdLIO TRANSPORTE<\/a><\/p>\n<p><a href=\"https:\/\/www.ifbaiano.edu.br\/unidades\/bonfim\/files\/2022\/03\/Resultado-pre-selecionados-AUXILIO-PERMANENCIA.pdf\">Resultado pr\u00e9-selecionados \u2013 AUX\u00cdLIO PERMAN\u00caNCIA<\/a><\/p>\n<p><a href=\"https:\/\/www.ifbaiano.edu.br\/unidades\/bonfim\/files\/2022\/03\/Resultado-pre-selecionados-AUXILIO-ALIMENTACAO.pdf\">Resultado pr\u00e9-selecionados \u2013 AUX\u00cdLIO ALIMENTA\u00c7\u00c3O<\/a><\/p>\n<p><a href=\"https:\/\/www.ifbaiano.edu.br\/unidades\/bonfim\/files\/2022\/03\/Resultado-pre-selecionados-AUXILIO-COPIA-E-IMPRESSAO.pdf\">Resultado pr\u00e9-selecionados \u2013 AUX\u00cdLIO C\u00d3PIA E IMPRESS\u00c3O<\/a><\/p>\n<p><a href=\"https:\/\/www.ifbaiano.edu.br\/unidades\/bonfim\/files\/2022\/02\/2022-DE-21-DE-FEVEREIRO-DE-2022-PROGRAMA-DE-ASSISTENCIA-E-INCLUSAO-SOCIAL-DO-ESTUDANTE-%E2%80%93-PAISE.pdf\">Edital n\u00ba 01\/2022, de 21 de dezembro de 2021<\/a><\/p>\n<p>D\u00favidas: cae@bonfim.ifbaiano.edu.br<\/p>\n","protected":false},"excerpt":{"rendered":"<p>Destina-se a inscri\u00e7\u00e3o dos aux\u00edlios do PAISE \u2013 Edital N\u00ba 01\/2022, DE 21 DE FEVEREIRO DE 2022,\u00a0os estudantes do primeiro semestre dos cursos T\u00e9cnicos em Inform\u00e1tica, Agrimensura e Zootecnia, que iniciaram o curso em fevereiro de 2022. O DIRETOR GERAL DO INSTITUTO FEDERAL DE EDUCA\u00c7\u00c3O, CI\u00caNCIA E TECNOLOGIA BAIANO \u2013 IF BAIANO \u2013 CAMPUS SENHOR [&hellip;]<\/p>\n","protected":false},"author":136,"featured_media":0,"parent":0,"menu_order":0,"comment_status":"closed","ping_status":"closed","template":"","meta":[],"_links":{"self":[{"href":"https:\/\/www.ifbaiano.edu.br\/unidades\/bonfim\/wp-json\/wp\/v2\/pages\/15152"}],"collection":[{"href":"https:\/\/www.ifbaiano.edu.br\/unidades\/bonfim\/wp-json\/wp\/v2\/pages"}],"about":[{"href":"https:\/\/www.ifbaiano.edu.br\/unidades\/bonfim\/wp-json\/wp\/v2\/types\/page"}],"author":[{"embeddable":true,"href":"https:\/\/www.ifbaiano.edu.br\/unidades\/bonfim\/wp-json\/wp\/v2\/users\/136"}],"replies":[{"embeddable":true,"href":"https:\/\/www.ifbaiano.edu.br\/unidades\/bonfim\/wp-json\/wp\/v2\/comments?post=15152"}],"version-history":[{"count":2,"href":"https:\/\/www.ifbaiano.edu.br\/unidades\/bonfim\/wp-json\/wp\/v2\/pages\/15152\/revisions"}],"predecessor-version":[{"id":16299,"href":"https:\/\/www.ifbaiano.edu.br\/unidades\/bonfim\/wp-json\/wp\/v2\/pages\/15152\/revisions\/16299"}],"wp:attachment":[{"href":"https:\/\/www.ifbaiano.edu.br\/unidades\/bonfim\/wp-json\/wp\/v2\/media?parent=15152"}],"curies":[{"name":"wp","href":"https:\/\/api.w.org\/{rel}","templated":true}]}}