{"id":15387,"date":"2022-11-04T16:24:24","date_gmt":"2022-11-04T19:24:24","guid":{"rendered":"https:\/\/www.ifbaiano.edu.br\/unidades\/bonfim\/?page_id=15387"},"modified":"2025-04-23T08:11:36","modified_gmt":"2025-04-23T11:11:36","slug":"prosel2023-subsequente","status":"publish","type":"page","link":"https:\/\/www.ifbaiano.edu.br\/unidades\/bonfim\/prosel2023-subsequente\/","title":{"rendered":"SUBSEQUENTE AO ENSINO M\u00c9DIO &#8211; MODALIDADE PRESENCIAL &#8211; 2023"},"content":{"rendered":"\n<h2 class=\"wp-block-heading\"><mark style=\"color:#136346\" class=\"has-inline-color\">PROCESSO SELETIVO PARA INGRESSO DE ESTUDANTES NOS CURSOS DA EDUCA\u00c7\u00c3O PROFISSIONAL T\u00c9CNICA DE N\u00cdVEL M\u00c9DIO NA FORMA SUBSEQUENTE AO ENSINO M\u00c9DIO &#8211; MODALIDADE PRESENCIAL<\/mark><\/h2>\n\n\n\n<figure class=\"wp-block-table is-style-stripes\"><table class=\"has-text-color has-background\" style=\"color:#136346;background:linear-gradient(135deg,rgb(202,248,128) 61%,rgb(113,206,126) 100%)\"><thead><tr><th class=\"has-text-align-left\" data-align=\"left\">APRESENTA\u00c7\u00c3O<\/th><\/tr><\/thead><\/table><\/figure>\n\n\n\n<p class=\"has-text-align-left\">O DIRETOR-GERAL DO INSTITUTO FEDERAL DE EDUCA\u00c7\u00c3O, CI\u00caNCIA E TECNOLOGIA BAIANO &#8211; IF BAIANO, CAMPUS SENHOR DO BONFIM, no uso de suas atribui\u00e7\u00f5es delegadas pela Portaria n\u00ba 283, de 18\/03\/2022, publicada no DOU de 21\/03\/2022, torna p\u00fablica a abertura de inscri\u00e7\u00f5es no processo de ingresso de estudantes de 2023 nos cursos da Educa\u00e7\u00e3o Profissional T\u00e9cnica de N\u00edvel M\u00e9dio Subsequente, na modalidade presencial, no <em>Campus <\/em>Senhor do Bonfim<em>,<\/em> conforme o n\u00famero de vagas e os cursos relacionados no Quadro 2 do subitem 7.1 do edital n\u00ba 23, de 30 de maio de 2023.<\/p>\n\n\n\n<h2 class=\"wp-block-heading\">PROCESSO SELETIVO 2023.2<\/h2>\n\n\n\n<figure class=\"wp-block-table is-style-stripes\"><table class=\"has-text-color has-background\" style=\"color:#136346;background:linear-gradient(135deg,rgb(202,248,128) 61%,rgb(113,206,126) 100%)\"><thead><tr><th class=\"has-text-align-left\" data-align=\"left\">INSCRI\u00c7\u00c3O<\/th><\/tr><\/thead><tbody><tr><td class=\"has-text-align-left\" data-align=\"left\"> <mark style=\"color:#045910\" class=\"has-inline-color\"><strong>Inscri\u00e7\u00f5es e Matr\u00edcula de Vagas Remanescentes at\u00e9<\/strong><\/mark> <strong><mark class=\"has-inline-color has-vivid-red-color\"><strong>24\/08<\/strong><\/mark><\/strong><\/td><\/tr><\/tbody><\/table><\/figure>\n\n\n\n<figure class=\"wp-block-table is-style-stripes\"><table class=\"has-text-color has-background\" style=\"color:#136346;background:linear-gradient(135deg,rgb(202,248,128) 61%,rgb(113,206,126) 100%)\"><thead><tr><th class=\"has-text-align-left\" data-align=\"left\">EDITAIS E DOCUMENTOS &#8211; PROCESSO SELETIVO 2023.2<\/th><\/tr><\/thead><\/table><\/figure>\n\n\n\n<p><a href=\"https:\/\/www.ifbaiano.edu.br\/unidades\/bonfim\/files\/2023\/08\/Edital-34-de-04-de-agosto-de-2023-edital-remanescente-subsequente-agrimensura-e-zootec.pdf\" data-type=\"URL\" data-id=\"https:\/\/www.ifbaiano.edu.br\/unidades\/bonfim\/files\/2023\/08\/Edital-34-de-04-de-agosto-de-2023-edital-remanescente-subsequente-agrimensura-e-zootec.pdf\">Edital n\u00ba 34, de 04 de agosto de 2023 &#8211; Vagas Remanescente &#8211; Agrimensura e Zootecnia<\/a><\/p>\n\n\n\n<p><a href=\"https:\/\/www.ifbaiano.edu.br\/unidades\/bonfim\/files\/2023\/08\/RESULTADO-FINAL-DA-BANCA-DE-HETEROIDENTIFICACAO-SUBSEQUENTE-PRESENCIAL-EDITAL-23-DE-30-DE-MAIO-DE-2023-2a-CHAMADA.pdf\" data-type=\"URL\" data-id=\"https:\/\/www.ifbaiano.edu.br\/unidades\/bonfim\/files\/2023\/08\/RESULTADO-FINAL-DA-BANCA-DE-HETEROIDENTIFICACAO-SUBSEQUENTE-PRESENCIAL-EDITAL-23-DE-30-DE-MAIO-DE-2023-2a-CHAMADA.pdf\">Resultado final da banca heteroidentifica\u00e7\u00e3o 2\u00aa chamada &#8211; Agrimensura e Zootecnia<\/a><\/p>\n\n\n\n<p><a href=\"https:\/\/www.ifbaiano.edu.br\/unidades\/bonfim\/files\/2023\/07\/RESULTADO-PRELIMINAR-DA-BANCA-DE-HETEROIDENTIFICACAO-SUBSEQUENTE-PRESENCIAL-EDITAL-23-DE-30-DE-MAIO-DE-2023-2a-CHAMADA.pdf\" data-type=\"URL\" data-id=\"https:\/\/www.ifbaiano.edu.br\/unidades\/bonfim\/files\/2023\/07\/RESULTADO-PRELIMINAR-DA-BANCA-DE-HETEROIDENTIFICACAO-SUBSEQUENTE-PRESENCIAL-EDITAL-23-DE-30-DE-MAIO-DE-2023-2a-CHAMADA.pdf\">Resultado preliminar da banca heteroidentifica\u00e7\u00e3o 2\u00aa chamada &#8211; Agrimensura e Zootecnia<\/a><\/p>\n\n\n\n<p><a href=\"https:\/\/www.ifbaiano.edu.br\/unidades\/bonfim\/files\/2023\/07\/Convocacao-banca-heteroidentificacao-2a-chamada-agrimensua-e-zootecnia.pdf\" data-type=\"URL\" data-id=\"https:\/\/www.ifbaiano.edu.br\/unidades\/bonfim\/files\/2023\/07\/Convocacao-banca-heteroidentificacao-2a-chamada-agrimensua-e-zootecnia.pdf\">Convoca\u00e7\u00e3o banca heteroidentifica\u00e7\u00e3o 2\u00aa chamada &#8211; Agrimensura e Zootecnia<\/a><\/p>\n\n\n\n<p><a href=\"https:\/\/www.ifbaiano.edu.br\/unidades\/bonfim\/files\/2023\/07\/CONVOCACAO-PARA-MATRICULAS-\u2013-2a-CHAMADA-AGRIMENSURA.pdf\" data-type=\"URL\" data-id=\"https:\/\/www.ifbaiano.edu.br\/unidades\/bonfim\/files\/2023\/07\/CONVOCACAO-PARA-MATRICULAS-\u2013-2a-CHAMADA-AGRIMENSURA.pdf\">CONVOCA\u00c7\u00c3O PARA MATR\u00cdCULAS \u2013 2\u00aa CHAMADA AGRIMENSURA<\/a><\/p>\n\n\n\n<p><a href=\"https:\/\/www.ifbaiano.edu.br\/unidades\/bonfim\/files\/2023\/07\/CONVOCACAO-PARA-MATRICULAS-\u2013-2a-CHAMADA-ZOOTECNIA.pdf\" data-type=\"URL\" data-id=\"https:\/\/www.ifbaiano.edu.br\/unidades\/bonfim\/files\/2023\/07\/CONVOCACAO-PARA-MATRICULAS-\u2013-2a-CHAMADA-ZOOTECNIA.pdf\">CONVOCA\u00c7\u00c3O PARA MATR\u00cdCULAS \u2013 2\u00aa CHAMADA ZOOTECNIA<\/a><\/p>\n\n\n\n<p><a href=\"https:\/\/www.ifbaiano.edu.br\/unidades\/bonfim\/files\/2023\/07\/RESULTADO-PARA-CURSO-DE-ZOOTECNIA-POS-BANCA-DE-HETEROIDENTIFICACAO.pdf\" data-type=\"URL\" data-id=\"https:\/\/www.ifbaiano.edu.br\/unidades\/bonfim\/files\/2023\/07\/RESULTADO-PARA-CURSO-DE-ZOOTECNIA-POS-BANCA-DE-HETEROIDENTIFICACAO.pdf\">RESULTADO PARA CURSO DE ZOOTECNIA P\u00d3S BANCA DE HETEROIDENTIFICA\u00c7\u00c3O<\/a><\/p>\n\n\n\n<p><a href=\"https:\/\/www.ifbaiano.edu.br\/unidades\/bonfim\/files\/2023\/07\/RESULTADO-PARA-CURSO-DE-AGRIMENSURA-POS-BANCA-DE-HETEROIDENTIFICACAO.pdf\" data-type=\"URL\" data-id=\"https:\/\/www.ifbaiano.edu.br\/unidades\/bonfim\/files\/2023\/07\/RESULTADO-PARA-CURSO-DE-AGRIMENSURA-POS-BANCA-DE-HETEROIDENTIFICACAO.pdf\">RESULTADO PARA CURSO DE AGRIMENSURA P\u00d3S BANCA DE HETEROIDENTIFICA\u00c7\u00c3O<\/a><\/p>\n\n\n\n<p><a href=\"https:\/\/www.ifbaiano.edu.br\/unidades\/bonfim\/files\/2023\/07\/RESULTADO-PRELIMINAR-DA-BANCA-DE-HETEROIDENTIFICACAO-SUBSEQUENTE-PRESENCIAL-EDITAL-23-DE-30-DE-MAIO-DE-2023.pdf\" data-type=\"URL\" data-id=\"https:\/\/www.ifbaiano.edu.br\/unidades\/bonfim\/files\/2023\/07\/RESULTADO-PRELIMINAR-DA-BANCA-DE-HETEROIDENTIFICACAO-SUBSEQUENTE-PRESENCIAL-EDITAL-23-DE-30-DE-MAIO-DE-2023.pdf\">Resultado preliminar Banca de heteroidentifica\u00e7\u00e3o<\/a><\/p>\n\n\n\n<p><a href=\"https:\/\/www.ifbaiano.edu.br\/unidades\/bonfim\/files\/2023\/07\/EDITAL-No-31-31-de-11-de-julho-de-2023de-11-de-julho-de-2023-EDITAL-DE-CONVOCACAO-PARA-MATRICULA.pdf\" data-type=\"URL\" data-id=\"https:\/\/www.ifbaiano.edu.br\/unidades\/bonfim\/files\/2023\/07\/EDITAL-No-31-31-de-11-de-julho-de-2023de-11-de-julho-de-2023-EDITAL-DE-CONVOCACAO-PARA-MATRICULA.pdf\">Convoca\u00e7\u00e3o de Matr\u00edcula do T\u00e9cnico Subsequente &#8211; Agrimensura e Zootecnia<\/a><\/p>\n\n\n\n<p><a href=\"https:\/\/www.ifbaiano.edu.br\/unidades\/bonfim\/files\/2023\/07\/Lista-final-de-inscricoes-aceitas_subsequente-2023.2.pdf\" data-type=\"URL\" data-id=\"https:\/\/www.ifbaiano.edu.br\/unidades\/bonfim\/files\/2023\/07\/Lista-final-de-inscricoes-aceitas_subsequente-2023.2.pdf\">Lista final de inscri\u00e7\u00f5es aceitas<\/a><\/p>\n\n\n\n<p><a href=\"https:\/\/www.ifbaiano.edu.br\/unidades\/bonfim\/files\/2023\/07\/Resultado-Zootecnia.pdf\" data-type=\"URL\" data-id=\"https:\/\/www.ifbaiano.edu.br\/unidades\/bonfim\/files\/2023\/07\/Resultado-Zootecnia.pdf\">Resultado Zootecnia&nbsp;<\/a><\/p>\n\n\n\n<p><a href=\"https:\/\/www.ifbaiano.edu.br\/unidades\/bonfim\/files\/2023\/07\/Resultado-Agrimensura.pdf\" data-type=\"URL\" data-id=\"https:\/\/www.ifbaiano.edu.br\/unidades\/bonfim\/files\/2023\/07\/Resultado-Agrimensura.pdf\">Resultado Agrimensura<\/a><\/p>\n\n\n\n<p><a href=\"https:\/\/www.ifbaiano.edu.br\/unidades\/bonfim\/files\/2023\/07\/Convocacao-para-banca-de-heteroidentificacao-etnico-racial.pdf\" data-type=\"URL\" data-id=\"https:\/\/www.ifbaiano.edu.br\/unidades\/bonfim\/files\/2023\/07\/Convocacao-para-banca-de-heteroidentificacao-etnico-racial.pdf\">Convoca\u00e7\u00e3o para banca de&nbsp;heteroidentifica\u00e7\u00e3o \u00e9tnico-racial<\/a><\/p>\n\n\n\n<p><a href=\"https:\/\/www.ifbaiano.edu.br\/unidades\/bonfim\/files\/2023\/07\/Curriculos-dos-membros-da-banca-heteroidentificacao-etnico-racial.pdf\" data-type=\"URL\" data-id=\"https:\/\/www.ifbaiano.edu.br\/unidades\/bonfim\/files\/2023\/07\/Curriculos-dos-membros-da-banca-heteroidentificacao-etnico-racial.pdf\">Curr\u00edculos dos membros da&nbsp;banca&nbsp;heteroidentifica\u00e7\u00e3o \u00e9tnico-racial<\/a><\/p>\n\n\n\n<p><a href=\"https:\/\/www.ifbaiano.edu.br\/unidades\/bonfim\/files\/2023\/07\/Lista_preliminar_inscritos-subsequente2023.2.pdf\" data-type=\"URL\" data-id=\"https:\/\/www.ifbaiano.edu.br\/unidades\/bonfim\/files\/2023\/07\/Lista_preliminar_inscritos-subsequente2023.2.pdf\">Lista preliminar de inscritos<\/a><\/p>\n\n\n\n<p><a rel=\"noreferrer noopener\" href=\"https:\/\/www.ifbaiano.edu.br\/unidades\/bonfim\/files\/2023\/05\/Edital-n\u00b0-23-de-30-de-maio-de-2023.pdf\" data-type=\"URL\" data-id=\"https:\/\/www.ifbaiano.edu.br\/unidades\/bonfim\/files\/2023\/05\/Edital-n\u00b0-23-de-30-de-maio-de-2023.pdf\" target=\"_blank\">Edital n\u00b0 23, de 30 de maio de 2023<\/a><\/p>\n\n\n\n<p><a href=\"https:\/\/www.ifbaiano.edu.br\/unidades\/bonfim\/files\/2023\/06\/RETIFICACAO-No-01.pdf\" data-type=\"URL\" data-id=\"https:\/\/www.ifbaiano.edu.br\/unidades\/bonfim\/files\/2023\/06\/RETIFICACAO-No-01.pdf\">Retifica\u00e7\u00e3o n\u00ba 01<\/a><\/p>\n\n\n\n<hr class=\"wp-block-separator has-alpha-channel-opacity\" \/>\n\n\n\n<h2 class=\"wp-block-heading\">PROCESSO SELETIVO 2022<\/h2>\n\n\n\n<p><a href=\"https:\/\/www.ifbaiano.edu.br\/unidades\/bonfim\/files\/2023\/02\/CHAMADA-PARA-VAGAS-REMANESCENTES-SUBSEQUENTE-INFORMATICA-2aCH.pdf\">CHAMADA PARA VAGAS REMANESCENTES- SUBSEQUENTE INFORM\u00c1TICA-2\u00aa chamada<\/a><\/p>\n\n\n\n<p><a href=\"https:\/\/www.ifbaiano.edu.br\/unidades\/bonfim\/files\/2023\/02\/SUBSEQUENTE-INFORMATICA-PARA-MATRICULA-vagas-remanescentes-1.pdf\">SUBSEQUENTE INFORM\u00c1TICA-PARA MATR\u00cdCULA- Vagas remanescentes<\/a><\/p>\n\n\n\n<p><a href=\"https:\/\/www.ifbaiano.edu.br\/unidades\/bonfim\/files\/2023\/02\/CONVOCACAO_MATRICULA_INFORMATICA-SUBSEQUENTE-3achamada-1.pdf\">CONVOCA\u00c7\u00c3O_MATRICULA_INFORMATICA-SUBSEQUENTE-3\u00aachamada<\/a><\/p>\n\n\n\n<p><a href=\"https:\/\/www.ifbaiano.edu.br\/unidades\/bonfim\/files\/2023\/01\/CONVOCACAO_MATRICULA_INFORMATICA-SUBSEQUENTE-2achamada.pdf\">CONVOCA\u00c7\u00c3O_MATRICULA_INFORMATICA-SUBSEQUENTE-2\u00aachamada<\/a><\/p>\n\n\n\n<p><a href=\"https:\/\/www.ifbaiano.edu.br\/unidades\/bonfim\/files\/2023\/01\/Tecnico-em-Informatica-SUBSEQUENTE-ListadeMatriculados-1achamada.pdf\">T\u00e9cnico em Inform\u00e1tica- SUBSEQUENTE-ListadeMatriculados-1\u00aachamada<\/a><\/p>\n\n\n\n<p><a href=\"https:\/\/www.ifbaiano.edu.br\/unidades\/bonfim\/files\/2023\/01\/CONVOCACAO_MATRICULA_INFORMATICA-SUBSEQUENTE-1.pdf\">LISTA DE CONVOCA\u00c7\u00c3O PARA MATR\u00cdCULAS 1\u00aa CHAMADA<\/a><\/p>\n\n\n\n<p><a href=\"https:\/\/www.ifbaiano.edu.br\/unidades\/bonfim\/files\/2023\/01\/Edital-03-matricula-subsequente.pdf\">EDITAL DE CONVOCA\u00c7\u00c3O PARA MATR\u00cdCUL<\/a><a href=\"http:\/\/\\https:\/\/www.ifbaiano.edu.br\/unidades\/bonfim\/files\/2023\/01\/Edital-03-matricula-subsequente.pdf\">A N\u00ba 03 de 27 de janeiro de 2023<\/a><\/p>\n\n\n\n<p><a href=\"https:\/\/www.ifbaiano.edu.br\/unidades\/bonfim\/files\/2023\/01\/RESULTADO-FINAL-SUBSEQUENTE-INFORMATICA-1.pdf\">RESULTADO FINAL<\/a><\/p>\n\n\n\n<p><a href=\"https:\/\/www.ifbaiano.edu.br\/unidades\/bonfim\/files\/2023\/01\/RESULTADO-FINAL-DA-BANCA-DE-HETEROIDENTIFICACAO-POS-RECURSO-Informatica-Subsequente.docx.pdf\">RESULTADO FINAL DA BANCA DE HETEROIDENTIFICA\u00c7\u00c3O P\u00d3S-RECURSO &#8211; Inform\u00e1tica Subsequente<\/a><\/p>\n\n\n\n<p><a href=\"https:\/\/www.ifbaiano.edu.br\/unidades\/bonfim\/files\/2023\/01\/CURRICULO-DOS-MEMBROS-DA-BANCA-RECURSAL.pdf\">Curr\u00edculos dos membros da banca recursal respons\u00e1vel pela avalia\u00e7\u00e3o dos recursos dos candidatos a reserva de vagas<\/a><\/p>\n\n\n\n<p><a href=\"https:\/\/www.ifbaiano.edu.br\/unidades\/bonfim\/files\/2023\/01\/RESULTADO-PRELIMINAR-DA-BANCA-DE-HETEROIDENTIFICACAO-Informatica-Subsequente.pdf\">Resultado preliminar da Banca de Heteroidentifica\u00e7\u00e3o &#8211; Subsequente Inform\u00e1tica <\/a><\/p>\n\n\n\n<p><a href=\"https:\/\/www.ifbaiano.edu.br\/unidades\/bonfim\/files\/2023\/01\/RESULTADO-PRELIMINAR-SUBSEQUENTE-2023.pdf\">Resultado preliminar p\u00f3s recursos<\/a><\/p>\n\n\n\n<p><a href=\"https:\/\/www.ifbaiano.edu.br\/unidades\/bonfim\/files\/2023\/01\/RESULTADO-RECURSOS-SUBSEQUENTE-PROSEL-2023-1.pdf\">Resultado dos recursos ao resultado preliminar<\/a><\/p>\n\n\n\n<p><a href=\"https:\/\/www.ifbaiano.edu.br\/unidades\/bonfim\/files\/2023\/01\/HETEROID_SUBSEQUENTEINFOR-RETIFICADO-1.pdf\">Convoca\u00e7\u00e3o para procedimento de heteroidentifica\u00e7\u00e3o<\/a><\/p>\n\n\n\n<p><a href=\"https:\/\/www.ifbaiano.edu.br\/unidades\/bonfim\/files\/2023\/01\/CURRICULO-DOS-MEMBRO-DA-BANCA-DE-HETEROIDENTIFICACAO.pdf\">Curr\u00edculos dos(as) membros(as) das bancas de aferi\u00e7\u00e3o respons\u00e1vel pela avalia\u00e7\u00e3o da autodeclara\u00e7\u00f5es<\/a><\/p>\n\n\n\n<p><a href=\"https:\/\/www.ifbaiano.edu.br\/unidades\/bonfim\/files\/2023\/01\/RESULTADO-PRELIMINAR-SUBSEQUENTE-2023-2-1.pdf\">Resultado preliminar<\/a><\/p>\n\n\n\n<p><a rel=\"noreferrer noopener\" href=\"https:\/\/www.ifbaiano.edu.br\/unidades\/bonfim\/files\/2023\/01\/CONCORRENCIA_SUBSEQUENTE-retificacao.pdf\" data-type=\"URL\" target=\"_blank\">Concorr\u00eancia por vaga &#8211; Retificada<\/a><\/p>\n\n\n\n<p><a rel=\"noreferrer noopener\" href=\"https:\/\/www.ifbaiano.edu.br\/unidades\/bonfim\/files\/2023\/01\/CONCORRENCIA_SUBSEQUENTE.pdf\" data-type=\"URL\" data-id=\"https:\/\/www.ifbaiano.edu.br\/unidades\/bonfim\/files\/2023\/01\/CONCORRENCIA_SUBSEQUENTE.pdf\" target=\"_blank\">Concorr\u00eancia por vaga<\/a><\/p>\n\n\n\n<p><a rel=\"noreferrer noopener\" href=\"https:\/\/www.ifbaiano.edu.br\/unidades\/bonfim\/files\/2023\/01\/RESULTADO-FINAL-LISTA-DE-HOMOLOGADOS-SUBSEQUENTE.pdf\" target=\"_blank\">Lista final da Homologa\u00e7\u00e3o dos candidatos inscritos<\/a><\/p>\n\n\n\n<p><a rel=\"noreferrer noopener\" href=\"https:\/\/www.ifbaiano.edu.br\/unidades\/bonfim\/files\/2023\/01\/RESULTADO-DOS-RECURSOS-A-LISTA-PRELIMINAR-DE-INSCRICOES-HOMOLOGADAS-INTEGRADO-2023.pdf\" target=\"_blank\">R<\/a><a href=\"https:\/\/www.ifbaiano.edu.br\/unidades\/bonfim\/files\/2023\/01\/RESULTADO-RECURSOS-SUBSEQUENTE-PROSEL-2023.pdf\" data-type=\"URL\" data-id=\"https:\/\/www.ifbaiano.edu.br\/unidades\/bonfim\/files\/2023\/01\/RESULTADO-RECURSOS-SUBSEQUENTE-PROSEL-2023.pdf\" target=\"_blank\" rel=\"noreferrer noopener\">esultado dos recursos \u00e0 lista preliminar de inscri\u00e7\u00f5es homologadas<\/a><\/p>\n\n\n\n<p><a href=\"https:\/\/www.ifbaiano.edu.br\/unidades\/bonfim\/files\/2022\/12\/ProSel-subsequente-1.pdf\">Lista preliminar de inscri\u00e7\u00f5es aceitas<\/a><\/p>\n\n\n\n<p><a href=\"https:\/\/www.ifbaiano.edu.br\/unidades\/bonfim\/files\/2022\/12\/Edital-33-Retifica-o-26-Subsequente.pdf\">Retifica\u00e7\u00e3o n\u00ba33, de 15 de dezembro 2022 <\/a><span class=\"has-inline-color has-vivid-red-color\"><strong>*Novo cronograma <\/strong><\/span><\/p>\n\n\n\n<p><a href=\"https:\/\/www.ifbaiano.edu.br\/unidades\/bonfim\/files\/2022\/11\/EDITAL-28-RETIFICA-O-26.pdf\">Retifica\u00e7\u00e3o n\u00ba 28, 08 de novembro 2022 <\/a><\/p>\n\n\n\n<p><a href=\"https:\/\/www.ifbaiano.edu.br\/unidades\/bonfim\/files\/2022\/11\/EDITAL-26-SUBSEQUENTE.pdf\">Edital N\u00ba 26 , de 04 de novembro de 2022.<\/a><\/p>\n\n\n\n<p><\/p>\n","protected":false},"excerpt":{"rendered":"<p>PROCESSO SELETIVO PARA INGRESSO DE ESTUDANTES NOS CURSOS DA EDUCA\u00c7\u00c3O PROFISSIONAL T\u00c9CNICA DE N\u00cdVEL M\u00c9DIO NA FORMA SUBSEQUENTE AO ENSINO M\u00c9DIO &#8211; MODALIDADE PRESENCIAL APRESENTA\u00c7\u00c3O O DIRETOR-GERAL DO INSTITUTO FEDERAL DE EDUCA\u00c7\u00c3O, CI\u00caNCIA E TECNOLOGIA BAIANO &#8211; IF BAIANO, CAMPUS SENHOR DO BONFIM, no uso de suas atribui\u00e7\u00f5es delegadas pela Portaria n\u00ba 283, de 18\/03\/2022, [&hellip;]<\/p>\n","protected":false},"author":136,"featured_media":0,"parent":0,"menu_order":0,"comment_status":"closed","ping_status":"closed","template":"","meta":[],"_links":{"self":[{"href":"https:\/\/www.ifbaiano.edu.br\/unidades\/bonfim\/wp-json\/wp\/v2\/pages\/15387"}],"collection":[{"href":"https:\/\/www.ifbaiano.edu.br\/unidades\/bonfim\/wp-json\/wp\/v2\/pages"}],"about":[{"href":"https:\/\/www.ifbaiano.edu.br\/unidades\/bonfim\/wp-json\/wp\/v2\/types\/page"}],"author":[{"embeddable":true,"href":"https:\/\/www.ifbaiano.edu.br\/unidades\/bonfim\/wp-json\/wp\/v2\/users\/136"}],"replies":[{"embeddable":true,"href":"https:\/\/www.ifbaiano.edu.br\/unidades\/bonfim\/wp-json\/wp\/v2\/comments?post=15387"}],"version-history":[{"count":61,"href":"https:\/\/www.ifbaiano.edu.br\/unidades\/bonfim\/wp-json\/wp\/v2\/pages\/15387\/revisions"}],"predecessor-version":[{"id":21092,"href":"https:\/\/www.ifbaiano.edu.br\/unidades\/bonfim\/wp-json\/wp\/v2\/pages\/15387\/revisions\/21092"}],"wp:attachment":[{"href":"https:\/\/www.ifbaiano.edu.br\/unidades\/bonfim\/wp-json\/wp\/v2\/media?parent=15387"}],"curies":[{"name":"wp","href":"https:\/\/api.w.org\/{rel}","templated":true}]}}