{"id":17207,"date":"2023-09-25T11:42:55","date_gmt":"2023-09-25T14:42:55","guid":{"rendered":"https:\/\/www.ifbaiano.edu.br\/unidades\/bonfim\/?page_id=17207"},"modified":"2023-11-16T08:46:35","modified_gmt":"2023-11-16T11:46:35","slug":"referencia-2023-concorrencia","status":"publish","type":"page","link":"https:\/\/www.ifbaiano.edu.br\/unidades\/bonfim\/referencia-2023-concorrencia\/","title":{"rendered":"Refer\u00eancia 2023 &#8211; Modalidade Concorr\u00eancia"},"content":{"rendered":"\n<div id=\"ProreitoriaTopoTitulo\">CONCORR\u00caNCIA N\u00ba 01\/2023<\/div>\n\n\n\n<pre class=\"wp-block-preformatted\"><a href=\"https:\/\/www.ifbaiano.edu.br\/unidades\/bonfim\/files\/2023\/11\/AVISO-DE-SUSPENSAO-CONCORRENCIA-No-1_2023-.pdf\" data-type=\"URL\" data-id=\"https:\/\/www.ifbaiano.edu.br\/unidades\/bonfim\/files\/2023\/11\/AVISO-DE-SUSPENSAO-CONCORRENCIA-No-1_2023-.pdf\"><mark class=\"has-inline-color has-vivid-red-color\">AVISO DE SUSPENS\u00c3O CONCORR\u00caNCIA N\u00ba 1_2023\n<\/mark><\/a><a rel=\"noreferrer noopener\" href=\"https:\/\/www.ifbaiano.edu.br\/unidades\/bonfim\/files\/2023\/11\/AVISO-DE-RESULTADO-DE-LICITACAO-DIARIO-OFICIAL-DA-UNIAO.pdf\" data-type=\"URL\" data-id=\"https:\/\/www.ifbaiano.edu.br\/unidades\/bonfim\/files\/2023\/11\/AVISO-DE-RESULTADO-DE-LICITACAO-DIARIO-OFICIAL-DA-UNIAO.pdf\" target=\"_blank\">AVISO DE RESULTADO DE LICITA\u00c7\u00c3O - DI\u00c1RIO OFICIAL DA UNI\u00c3O\n<\/a><a rel=\"noreferrer noopener\" href=\"https:\/\/www.ifbaiano.edu.br\/unidades\/bonfim\/files\/2023\/11\/ATA-DE-CREDENCIAMENTO-E-JULGAMENTO.pdf\" data-type=\"URL\" data-id=\"https:\/\/www.ifbaiano.edu.br\/unidades\/bonfim\/files\/2023\/11\/ATA-DE-CREDENCIAMENTO-E-JULGAMENTO.pdf\" target=\"_blank\">ATA DE CREDENCIAMENTO E JULGAMENTO<\/a>\n\n<a rel=\"noreferrer noopener\" href=\"https:\/\/www.ifbaiano.edu.br\/unidades\/bonfim\/files\/2023\/09\/01-PROJETO-DO-CUBICULO-DE-MEDICAO-E-PROTECAO-PRIMEIRA-ENTREGA.pdf\" target=\"_blank\">01 - PROJETO DO CUB\u00cdCULO DE MEDI\u00c7\u00c3O E PROTE\u00c7\u00c3O - PRIMEIRA ENTREGA<\/a>\n<a rel=\"noreferrer noopener\" href=\"https:\/\/www.ifbaiano.edu.br\/unidades\/bonfim\/files\/2023\/09\/02-PROJETO-DO-CUBICULO-DE-MEDICAO-E-PROTECAO-SEM-PLANILHAS-DE-CUSTO.pdf\" data-type=\"URL\" data-id=\"https:\/\/www.ifbaiano.edu.br\/unidades\/bonfim\/files\/2023\/09\/02-PROJETO-DO-CUBICULO-DE-MEDICAO-E-PROTECAO-SEM-PLANILHAS-DE-CUSTO.pdf\" target=\"_blank\">02 - PROJETO DO CUB\u00cdCULO DE MEDI\u00c7\u00c3O E PROTE\u00c7\u00c3O - SEM PLANILHAS DE CUSTO<\/a>\n<a rel=\"noreferrer noopener\" href=\"https:\/\/www.ifbaiano.edu.br\/unidades\/bonfim\/files\/2023\/09\/03-PLANILHAS-DE-CUSTO-CUBICULO-DE-MEDICAO-E-PROTECAO-ATUALIZADAS-EM-22-09-2023.pdf\" data-type=\"URL\" data-id=\"https:\/\/www.ifbaiano.edu.br\/unidades\/bonfim\/files\/2023\/09\/03-PLANILHAS-DE-CUSTO-CUBICULO-DE-MEDICAO-E-PROTECAO-ATUALIZADAS-EM-22-09-2023.pdf\" target=\"_blank\">03 - PLANILHAS DE CUSTO CUB\u00cdCULO DE MEDI\u00c7\u00c3O E PROTE\u00c7\u00c3O ATUALIZADAS EM 22 09 2023\n<\/a><a rel=\"noreferrer noopener\" href=\"https:\/\/www.ifbaiano.edu.br\/unidades\/bonfim\/files\/2023\/09\/04.1-PROJETO-DO-MELHORAMENTO-DA-REDE-AEREA-E-DA-ILUMINACAO-EXTERNA-PRIMEIRA-ENTREGA_compressed.pdf\" data-type=\"URL\" data-id=\"https:\/\/www.ifbaiano.edu.br\/unidades\/bonfim\/files\/2023\/09\/04.1-PROJETO-DO-MELHORAMENTO-DA-REDE-AEREA-E-DA-ILUMINACAO-EXTERNA-PRIMEIRA-ENTREGA_compressed.pdf\" target=\"_blank\">04 - PROJETO DO MELHORAMENTO DA REDE A\u00c9REA E DA ILUMINA\u00c7\u00c3O EXTERNA - PRIMEIRA ENTREGA\n<\/a><a rel=\"noreferrer noopener\" href=\"https:\/\/www.ifbaiano.edu.br\/unidades\/bonfim\/files\/2023\/09\/05-PROJETO-DO-MELHORAMENTO-DA-REDE-AEREA-E-DA-ILUMINACAO-EXTERNA-SEM-AS-PLANILHAS-DE-CUSTO.pdf\" data-type=\"URL\" data-id=\"https:\/\/www.ifbaiano.edu.br\/unidades\/bonfim\/files\/2023\/09\/05-PROJETO-DO-MELHORAMENTO-DA-REDE-AEREA-E-DA-ILUMINACAO-EXTERNA-SEM-AS-PLANILHAS-DE-CUSTO.pdf\" target=\"_blank\">05 - PROJETO DO MELHORAMENTO DA REDE A\u00c9REA E DA ILUMINA\u00c7\u00c3O EXTERNA - SEM AS PLANILHAS DE CUSTO<\/a>\n<a rel=\"noreferrer noopener\" href=\"https:\/\/www.ifbaiano.edu.br\/unidades\/bonfim\/files\/2023\/09\/06-PLANILHAS-DE-CUSTO-DO-PROJETO-DO-MELHORAMENTO-DA-REDE-AEREA-E-DA-ILUMINACAO-EXTERNA-ATUALIZADA-1.pdf\" data-type=\"URL\" data-id=\"https:\/\/www.ifbaiano.edu.br\/unidades\/bonfim\/files\/2023\/09\/06-PLANILHAS-DE-CUSTO-DO-PROJETO-DO-MELHORAMENTO-DA-REDE-AEREA-E-DA-ILUMINACAO-EXTERNA-ATUALIZADA-1.pdf\" target=\"_blank\">06 - PLANILHAS DE CUSTO DO PROJETO DO MELHORAMENTO DA REDE A\u00c9REA E DA ILUMINA\u00c7\u00c3O EXTERNA - ATUALIZADA<\/a>\n<a rel=\"noreferrer noopener\" href=\"https:\/\/www.ifbaiano.edu.br\/unidades\/bonfim\/files\/2023\/09\/07-ART-Cubiculo.pdf\" data-type=\"URL\" data-id=\"https:\/\/www.ifbaiano.edu.br\/unidades\/bonfim\/files\/2023\/09\/07-ART-Cubiculo.pdf\" target=\"_blank\">07 - ART Cub\u00edculo<\/a>\n<a rel=\"noreferrer noopener\" href=\"https:\/\/www.ifbaiano.edu.br\/unidades\/bonfim\/files\/2023\/09\/07.1-ART-Rede.pdf\" data-type=\"URL\" data-id=\"https:\/\/www.ifbaiano.edu.br\/unidades\/bonfim\/files\/2023\/09\/07.1-ART-Rede.pdf\" target=\"_blank\">07.1 - ART Rede<\/a>\n<a rel=\"noreferrer noopener\" href=\"https:\/\/www.ifbaiano.edu.br\/unidades\/bonfim\/files\/2023\/09\/8-Servico-No-BA20230508610.pdf\" data-type=\"URL\" data-id=\"https:\/\/www.ifbaiano.edu.br\/unidades\/bonfim\/files\/2023\/09\/8-Servico-No-BA20230508610.pdf\" target=\"_blank\">8 - Servi\u00e7o N\u00ba BA20230508610<\/a>\n<a rel=\"noreferrer noopener\" href=\"https:\/\/www.ifbaiano.edu.br\/unidades\/bonfim\/files\/2023\/09\/9-Servico-No-BA20230508636.pdf\" data-type=\"URL\" data-id=\"https:\/\/www.ifbaiano.edu.br\/unidades\/bonfim\/files\/2023\/09\/9-Servico-No-BA20230508636.pdf\" target=\"_blank\">9 - Servi\u00e7o N\u00ba BA20230508636<\/a>\n<a href=\"https:\/\/www.ifbaiano.edu.br\/unidades\/bonfim\/files\/2023\/09\/10.-Matriz-de-Risco1_2023.pdf\">10 - Matriz de Risco1_2023<\/a>\n<a href=\"https:\/\/www.ifbaiano.edu.br\/unidades\/bonfim\/files\/2023\/09\/11.-ETP1_2023-SBF.pdf\">11 - ETP1_2023 SBF<\/a>\n<a href=\"https:\/\/www.ifbaiano.edu.br\/unidades\/bonfim\/files\/2023\/09\/12.-TERMO-DE-JUSTIFICATIVAS-TECNICAS-RELEVANTES-COMALTERACOES-FINAIS.pdf\">12 - TERMO DE JUSTIFICATIVAS T\u00c9CNICAS RELEVANTES COM ALTERA\u00c7\u00d5ES FINAIS\n<\/a><a href=\"https:\/\/www.ifbaiano.edu.br\/unidades\/bonfim\/files\/2023\/09\/13-ANEXO-I-PROJETO-BASICO-ok.pdf\" data-type=\"URL\" data-id=\"https:\/\/www.ifbaiano.edu.br\/unidades\/bonfim\/files\/2023\/09\/13-ANEXO-I-PROJETO-BASICO-ok.pdf\">13 - ANEXO I PROJETO B\u00c1SICO\n<\/a><a href=\"https:\/\/www.ifbaiano.edu.br\/unidades\/bonfim\/files\/2023\/09\/14.-EDITAL-VERSAO-FINAL-ok.pdf\" data-type=\"URL\" data-id=\"https:\/\/www.ifbaiano.edu.br\/unidades\/bonfim\/files\/2023\/09\/14.-EDITAL-VERSAO-FINAL-ok.pdf\">14 - EDITAL VERS\u00c3O FINAL\n<\/a><a href=\"https:\/\/www.ifbaiano.edu.br\/unidades\/bonfim\/files\/2023\/09\/15.-Minuta-do-termo-de-contrato-SBF-ok.pdf\">15 - MINUTA DO TERMO DE CONTRATO - SBF<\/a>\n<a href=\"https:\/\/www.ifbaiano.edu.br\/unidades\/bonfim\/files\/2023\/09\/16-Anexo-IX-Declaracao-de-elaboracao-independente-de-proposta-ok.pdf\">16 - ANEXO IX - DECLARA\u00c7\u00c3O DE ELABORA\u00c7\u00c3O INDEPENDENTE DE PROPOSTA<\/a>\n<a href=\"https:\/\/www.ifbaiano.edu.br\/unidades\/bonfim\/files\/2023\/09\/17-Anexo-VI-Modelo-de-declaracao-XXXIII-do-art.-7o-da-CF-ok.pdf\" data-type=\"URL\" data-id=\"https:\/\/www.ifbaiano.edu.br\/unidades\/bonfim\/files\/2023\/09\/17-Anexo-VI-Modelo-de-declaracao-XXXIII-do-art.-7o-da-CF-ok.pdf\">17 - ANEXO VI - MODELO DE DECLARA\u00c7\u00c3O XXXIII DO ART. 7\u00ba, DA CF<\/a>\n<a href=\"https:\/\/www.ifbaiano.edu.br\/unidades\/bonfim\/files\/2023\/09\/18-Anexo-VII-Modelo-de-Atestado-de-Vistoria-ok.pdf\">18 - ANEXO VII - MODELO DE ATESTADO DE VISTORIA<\/a>\n<a href=\"https:\/\/www.ifbaiano.edu.br\/unidades\/bonfim\/files\/2023\/09\/19-Anexo-VIII-Modelo-de-declaracao-de-inexistencia-de-impeditivos-ok.pdf\" data-type=\"URL\" data-id=\"https:\/\/www.ifbaiano.edu.br\/unidades\/bonfim\/files\/2023\/09\/19-Anexo-VIII-Modelo-de-declaracao-de-inexistencia-de-impeditivos-ok.pdf\">19 - ANEXO VIII - MODELO-DE-DECLARA\u00c7\u00c3O-DE-INEXIST\u00caNCIA-DE IMPEDITIVOS<\/a>\n<a href=\"https:\/\/www.ifbaiano.edu.br\/unidades\/bonfim\/files\/2023\/09\/20-Anexo-X-Declaracao-de-inexitencia-de-fato-superveniente-ok.pdf\" data-type=\"URL\" data-id=\"https:\/\/www.ifbaiano.edu.br\/unidades\/bonfim\/files\/2023\/09\/20-Anexo-X-Declaracao-de-inexitencia-de-fato-superveniente-ok.pdf\">20 - ANEXO X - DECLARA\u00c7\u00c3O DE INEXIST\u00caNCIA DE FATO SUPERVENIENTE<\/a>\n<a href=\"https:\/\/www.ifbaiano.edu.br\/unidades\/bonfim\/files\/2023\/09\/21-Anexo-XI-Modelo-de-desistencia-recursal-ok.pdf\" data-type=\"URL\" data-id=\"https:\/\/www.ifbaiano.edu.br\/unidades\/bonfim\/files\/2023\/09\/21-Anexo-XI-Modelo-de-desistencia-recursal-ok.pdf\">21 -  ANEXO XI MODELO DE DESIST\u00caNCIA RECURSAL<\/a>\n<a href=\"https:\/\/www.ifbaiano.edu.br\/unidades\/bonfim\/files\/2023\/09\/22-Anexo-XII-Modelo-de-declaracao-Trabalho-degradante-ok.pdf\" data-type=\"URL\" data-id=\"https:\/\/www.ifbaiano.edu.br\/unidades\/bonfim\/files\/2023\/09\/22-Anexo-XII-Modelo-de-declaracao-Trabalho-degradante-ok.pdf\">22 - ANEXO XII- MODELO DE DECLARA\u00c7\u00c3O TRABALHO DEGRADANTE<\/a>\n<a href=\"https:\/\/www.ifbaiano.edu.br\/unidades\/bonfim\/files\/2023\/09\/23-Anexo-XIII-atendimento-as-exigencias-ambientais-ok.pdf\" data-type=\"URL\" data-id=\"https:\/\/www.ifbaiano.edu.br\/unidades\/bonfim\/files\/2023\/09\/23-Anexo-XIII-atendimento-as-exigencias-ambientais-ok.pdf\">23 - ANEXO XIII ATENDIMENTO AS EXIG\u00caNCIAS AMBIENTAIS<\/a><a href=\"https:\/\/www.ifbaiano.edu.br\/unidades\/bonfim\/files\/2023\/09\/22-Anexo-XII-Modelo-de-declaracao-Trabalho-degradante-ok.pdf\" data-type=\"URL\" data-id=\"https:\/\/www.ifbaiano.edu.br\/unidades\/bonfim\/files\/2023\/09\/22-Anexo-XII-Modelo-de-declaracao-Trabalho-degradante-ok.pdf\">\n<\/a><\/pre>\n","protected":false},"excerpt":{"rendered":"<p>CONCORR\u00caNCIA N\u00ba 01\/2023 AVISO DE SUSPENS\u00c3O CONCORR\u00caNCIA N\u00ba 1_2023 AVISO DE RESULTADO DE LICITA\u00c7\u00c3O &#8211; DI\u00c1RIO OFICIAL DA UNI\u00c3O ATA DE CREDENCIAMENTO E JULGAMENTO 01 &#8211; PROJETO DO CUB\u00cdCULO DE MEDI\u00c7\u00c3O E PROTE\u00c7\u00c3O &#8211; PRIMEIRA ENTREGA 02 &#8211; PROJETO DO CUB\u00cdCULO DE MEDI\u00c7\u00c3O E PROTE\u00c7\u00c3O &#8211; SEM PLANILHAS DE CUSTO 03 &#8211; PLANILHAS DE CUSTO [&hellip;]<\/p>\n","protected":false},"author":104,"featured_media":0,"parent":0,"menu_order":0,"comment_status":"closed","ping_status":"closed","template":"","meta":[],"_links":{"self":[{"href":"https:\/\/www.ifbaiano.edu.br\/unidades\/bonfim\/wp-json\/wp\/v2\/pages\/17207"}],"collection":[{"href":"https:\/\/www.ifbaiano.edu.br\/unidades\/bonfim\/wp-json\/wp\/v2\/pages"}],"about":[{"href":"https:\/\/www.ifbaiano.edu.br\/unidades\/bonfim\/wp-json\/wp\/v2\/types\/page"}],"author":[{"embeddable":true,"href":"https:\/\/www.ifbaiano.edu.br\/unidades\/bonfim\/wp-json\/wp\/v2\/users\/104"}],"replies":[{"embeddable":true,"href":"https:\/\/www.ifbaiano.edu.br\/unidades\/bonfim\/wp-json\/wp\/v2\/comments?post=17207"}],"version-history":[{"count":6,"href":"https:\/\/www.ifbaiano.edu.br\/unidades\/bonfim\/wp-json\/wp\/v2\/pages\/17207\/revisions"}],"predecessor-version":[{"id":17432,"href":"https:\/\/www.ifbaiano.edu.br\/unidades\/bonfim\/wp-json\/wp\/v2\/pages\/17207\/revisions\/17432"}],"wp:attachment":[{"href":"https:\/\/www.ifbaiano.edu.br\/unidades\/bonfim\/wp-json\/wp\/v2\/media?parent=17207"}],"curies":[{"name":"wp","href":"https:\/\/api.w.org\/{rel}","templated":true}]}}