{"id":17316,"date":"2023-10-24T11:05:22","date_gmt":"2023-10-24T14:05:22","guid":{"rendered":"https:\/\/www.ifbaiano.edu.br\/unidades\/bonfim\/?page_id=17316"},"modified":"2024-04-08T09:53:50","modified_gmt":"2024-04-08T12:53:50","slug":"integrado-ao-ensino-medio-modalidade-presencial-2024","status":"publish","type":"page","link":"https:\/\/www.ifbaiano.edu.br\/unidades\/bonfim\/integrado-ao-ensino-medio-modalidade-presencial-2024\/","title":{"rendered":"INTEGRADO AO ENSINO M\u00c9DIO &#8211; MODALIDADE PRESENCIAL &#8211; 2024"},"content":{"rendered":"\n<h2 class=\"wp-block-heading\">PROCESSO SELETIVO PARA INGRESSO DE ESTUDANTES NOS CURSOS DA EDUCA\u00c7\u00c3O PROFISSIONAL T\u00c9CNICA DE N\u00cdVEL M\u00c9DIO NA FORMA INTEGRADA AO ENSINO M\u00c9DIO &#8211; MODALIDADE PRESENCIAL 2024<\/h2>\n\n\n\n<figure class=\"wp-block-table is-style-stripes\"><table class=\"has-text-color has-background\" style=\"color:#136346;background:linear-gradient(135deg,rgb(202,248,128) 61%,rgb(113,206,126) 100%)\"><thead><tr><th class=\"has-text-align-left\" data-align=\"left\">APRESENTA\u00c7\u00c3O<\/th><\/tr><\/thead><\/table><\/figure>\n\n\n\n<p>O DIRETOR-GERAL DO INSTITUTO FEDERAL DE EDUCA\u00c7\u00c3O, CI\u00caNCIA E TECNOLOGIA BAIANO (IF BAIANO) CAMPUS SENHOR DO BONFIM, no uso de suas atribui\u00e7\u00f5es, torna p\u00fablica a abertura de inscri\u00e7\u00f5es para o processo de ingresso de estudantes de 2024, dos cursos da Educa\u00e7\u00e3o Profissional T\u00e9cnica de N\u00edvel M\u00e9dio (EPTNM), na forma integrada ao ensino m\u00e9dio &#8211; modalidade presencial &#8211; para o Campus Senhor do Bonfim, por meio de an\u00e1lise de hist\u00f3rico escolar, conforme o n\u00famero de vagas e os cursos relacionados no Quadro 2 do subitem 2.3 e seguindo as demais condi\u00e7\u00f5es e etapas definidas no <a rel=\"noreferrer noopener\" href=\"https:\/\/www.ifbaiano.edu.br\/unidades\/bonfim\/files\/2023\/10\/Edital-No-48-Ingresso-de-estudantes-2024-Modalidade-INTEGRADO.pdf\" data-type=\"URL\" data-id=\"https:\/\/www.ifbaiano.edu.br\/unidades\/bonfim\/files\/2023\/10\/Edital-No-48-Ingresso-de-estudantes-2024-Modalidade-INTEGRADO.pdf\" target=\"_blank\">edital n\u00ba 48 de 23 de outubro de 2023.<\/a><\/p>\n\n\n\n<figure class=\"wp-block-table is-style-stripes\"><table class=\"has-text-color has-background\" style=\"color:#136346;background:linear-gradient(135deg,rgb(202,248,128) 61%,rgb(113,206,126) 100%)\"><thead><tr><th class=\"has-text-align-left\" data-align=\"left\">VAGAS OFERTADAS<\/th><\/tr><\/thead><tbody><tr><td class=\"has-text-align-left\" data-align=\"left\"><strong><code>T\u00e9cnico em Agropecu\u00e1ria  - 120 Vagas <\/code><br><code>T\u00e9cnico em Agroind\u00fastria -  31 Vagas<\/code><br><code>T\u00e9cnico em Inform\u00e1tica   -  31 Vagas <\/code><\/strong><\/td><\/tr><\/tbody><\/table><\/figure>\n\n\n\n<figure class=\"wp-block-table is-style-stripes\"><table class=\"has-text-color has-background\" style=\"color:#136346;background:linear-gradient(135deg,rgb(202,248,128) 61%,rgb(113,206,126) 100%)\"><thead><tr><th class=\"has-text-align-left\" data-align=\"left\">INSCRI\u00c7\u00d5ES<\/th><\/tr><\/thead><tbody><tr><td class=\"has-text-align-left\" data-align=\"left\"> <mark class=\"has-inline-color has-vivid-cyan-blue-color\"><strong><code>PER\u00cdODO DE INSCRI\u00c7\u00d5ES<\/code>: 28\/10 a 30\/11\/2023<\/strong><\/mark>.<br><br><mark class=\"has-inline-color has-vivid-red-color\"><strong><s>INSCRI\u00c7\u00d5ES ENCERRADAS<\/s><\/strong><\/mark><\/td><\/tr><\/tbody><\/table><\/figure>\n\n\n\n<figure class=\"wp-block-table is-style-stripes\"><table class=\"has-text-color has-background\" style=\"color:#136346;background:linear-gradient(135deg,rgb(202,248,128) 61%,rgb(113,206,126) 100%)\"><thead><tr><th class=\"has-text-align-left\" data-align=\"left\"><strong>EDITAIS E DOCUMENTOS<\/strong><\/th><\/tr><\/thead><tbody><tr><td class=\"has-text-align-left\" data-align=\"left\"><a href=\"https:\/\/www.ifbaiano.edu.br\/unidades\/bonfim\/files\/2024\/04\/8a-CONVOCACAO_AGROPECUARIA-1.pdf\">8\u00ba CONVOCA\u00c7\u00c3O PARA MATR\u00cdCULA &#8211; AGROPECU\u00c1RIA<\/a><br><a href=\"https:\/\/www.ifbaiano.edu.br\/unidades\/bonfim\/files\/2024\/04\/7a-CONVOCACAO_AGROPECUARIA.pdf\">7\u00ba CONCOCA\u00c7\u00c3O PARA MATR\u00cdCULA &#8211; AGROPECU\u00c1RIA<\/a><br><a rel=\"noreferrer noopener\" href=\"https:\/\/www.ifbaiano.edu.br\/unidades\/bonfim\/files\/2024\/03\/6a-CONVOCACAO_AGROPECUARIA-1.pdf\" target=\"_blank\">6\u00aa CONVOCA\u00c7\u00c3O PARA MATR\u00cdCULA &#8211; AGROPECU\u00c1RIA<br><\/a><a href=\"https:\/\/www.ifbaiano.edu.br\/unidades\/bonfim\/files\/2024\/03\/5a-CONVOCACAO_AGROPECUARIA.pdf\" data-type=\"URL\" data-id=\"https:\/\/www.ifbaiano.edu.br\/unidades\/bonfim\/files\/2024\/03\/5a-CONVOCACAO_AGROPECUARIA.pdf\">5\u00aa CONVOCA\u00c7\u00c3O PARA MATR\u00cdCULA &#8211; AGROPECU\u00c1RIA<\/a><br><a rel=\"noreferrer noopener\" href=\"https:\/\/www.ifbaiano.edu.br\/unidades\/bonfim\/files\/2024\/03\/4a-CONVOCACAO_AGROPECUARIA-1.pdf\" target=\"_blank\">4\u00aa CONVOCA\u00c7\u00c3O PARA MATR\u00cdCULA &#8211; AGROPECU\u00c1RIA<\/a><br><a rel=\"noreferrer noopener\" href=\"https:\/\/www.ifbaiano.edu.br\/unidades\/bonfim\/files\/2024\/03\/3a-CONVOCACAO_AGROPECUARIA-1.pdf\" target=\"_blank\">3\u00aa CONVOCA\u00c7\u00c3O PARA MATR\u00cdCULA &#8211; AGROPECU\u00c1RIA<\/a><br><a href=\"https:\/\/www.ifbaiano.edu.br\/unidades\/bonfim\/files\/2024\/02\/2a-CONVOCACAO_AGROPECUARIA.pdf\">2\u00aa CONVOCA\u00c7\u00c3OPARAMATR\u00cdCULA-AGROPECU\u00c1RIA<\/a><br><a rel=\"noreferrer noopener\" href=\"https:\/\/www.ifbaiano.edu.br\/unidades\/bonfim\/files\/2024\/02\/CONVOCACAO_AGROPECUARIA-3.pdf\" data-type=\"URL\" data-id=\"https:\/\/www.ifbaiano.edu.br\/unidades\/bonfim\/files\/2024\/02\/CONVOCACAO_AGROPECUARIA-3.pdf\" target=\"_blank\">CONVOCA\u00c7\u00c3O PARA MATR\u00cdCULAS &#8211; AGROPECU\u00c1RIA<\/a><br><a rel=\"noreferrer noopener\" href=\"https:\/\/www.ifbaiano.edu.br\/unidades\/bonfim\/files\/2024\/02\/CONVOCACAO_AGROINDUSTRIA_2CHAMADA.pdf\" data-type=\"URL\" data-id=\"https:\/\/www.ifbaiano.edu.br\/unidades\/bonfim\/files\/2024\/02\/CONVOCACAO_AGROINDUSTRIA_2CHAMADA.pdf\" target=\"_blank\">2\u00aa CONVOCA\u00c7\u00c3O PARA MATR\u00cdCULA &#8211; AGROIND\u00daSTRIA<\/a><br><a href=\"https:\/\/www.ifbaiano.edu.br\/unidades\/bonfim\/files\/2024\/02\/EDITAL-DE-RETIFICACAO-No-10-DE-01-DE-FEVEREIRO-DE-2024.pdf\" data-type=\"URL\" data-id=\"https:\/\/www.ifbaiano.edu.br\/unidades\/bonfim\/files\/2024\/02\/EDITAL-DE-RETIFICACAO-No-10-DE-01-DE-FEVEREIRO-DE-2024.pdf\">Edital n\u00ba 10 de 01 de fevereiro de 2024 de retifica\u00e7\u00e3o do cronograma <mark class=\"has-inline-color has-vivid-red-color\">ATEN\u00c7\u00c3O!<\/mark> &lt;&lt;&lt;&lt;<\/a><br><a rel=\"noreferrer noopener\" href=\"https:\/\/www.ifbaiano.edu.br\/unidades\/bonfim\/files\/2024\/01\/CONVOCACAO_AGROINDUSTRIA.pdf\" data-type=\"URL\" data-id=\"https:\/\/www.ifbaiano.edu.br\/unidades\/bonfim\/files\/2024\/01\/CONVOCACAO_AGROINDUSTRIA.pdf\" target=\"_blank\">CONVOCA\u00c7\u00c3O PARA MATR\u00cdCULAS &#8211; AGROIND\u00daSTRIA<\/a><br><a rel=\"noreferrer noopener\" href=\"https:\/\/www.ifbaiano.edu.br\/unidades\/bonfim\/files\/2024\/01\/CONVOCACAO_INFORMATICA.pdf\" data-type=\"URL\" data-id=\"https:\/\/www.ifbaiano.edu.br\/unidades\/bonfim\/files\/2024\/01\/CONVOCACAO_INFORMATICA.pdf\" target=\"_blank\">CONVOCA\u00c7\u00c3O PARA MATR\u00cdCULAS &#8211; INFORM\u00c1TICA<\/a><br><a href=\"https:\/\/www.ifbaiano.edu.br\/unidades\/bonfim\/files\/2024\/01\/LISTA-FINAL_PROSEL-2024_POS_HETEROIDENTIFICACAO_AGROPECUARIA.pdf\" data-type=\"URL\" data-id=\"https:\/\/www.ifbaiano.edu.br\/unidades\/bonfim\/files\/2024\/01\/LISTA-FINAL_PROSEL-2024_POS_HETEROIDENTIFICACAO_AGROPECUARIA.pdf\">RESULTADO FINAL- P\u00d3S A HETEROIDENTIFICA\u00c7\u00c3O \u00c9TNICO-RACIAL &#8211; AGROPECU\u00c1RIA<br><\/a><a href=\"https:\/\/www.ifbaiano.edu.br\/unidades\/bonfim\/files\/2024\/01\/LISTA-FINAL_PROSEL-2024_POS_HETEROIDENTIFICACAO_AGROINDUSTRIA.pdf\" data-type=\"URL\" data-id=\"https:\/\/www.ifbaiano.edu.br\/unidades\/bonfim\/files\/2024\/01\/LISTA-FINAL_PROSEL-2024_POS_HETEROIDENTIFICACAO_AGROINDUSTRIA.pdf\">RESULTADO FINAL- P\u00d3S A HETEROIDENTIFICA\u00c7\u00c3O \u00c9TNICO-RACIAL &#8211; AGROIND\u00daSTRIA<br><\/a><a href=\"https:\/\/www.ifbaiano.edu.br\/unidades\/bonfim\/files\/2024\/01\/LISTA-FINAL_PROSEL-2024_POS_HETEROIDENTIFICACAO_INFORMATICA.pdf\" data-type=\"URL\" data-id=\"https:\/\/www.ifbaiano.edu.br\/unidades\/bonfim\/files\/2024\/01\/LISTA-FINAL_PROSEL-2024_POS_HETEROIDENTIFICACAO_INFORMATICA.pdf\">RESULTADO FINAL- P\u00d3S A HETEROIDENTIFICA\u00c7\u00c3O \u00c9TNICO-RACIAL &#8211; INFORM\u00c1TICA<br><\/a><a href=\"https:\/\/www.ifbaiano.edu.br\/unidades\/bonfim\/files\/2024\/01\/Edital-n\u00b0-09-de-24-de-janeiro-de-2024-convocacao-de-matricula-INTEGRADO.pdf\" data-type=\"URL\" data-id=\"https:\/\/www.ifbaiano.edu.br\/unidades\/bonfim\/files\/2024\/01\/Edital-n\u00b0-09-de-24-de-janeiro-de-2024-convocacao-de-matricula-INTEGRADO.pdf\">Edital de Matr\u00edcula &#8211; Cursos Integrados <br><\/a><a href=\"https:\/\/www.ifbaiano.edu.br\/unidades\/bonfim\/files\/2024\/01\/Resultado-final-pos-Banca-Recursal-Integrados.pdf\">Resultado Final p\u00f3s Banca Recursal &#8211; Integrados<\/a><br><a href=\"https:\/\/www.ifbaiano.edu.br\/unidades\/bonfim\/files\/2024\/01\/Resultado-final-da-Banca-de-heteroidentificacao-pos-recurso-Agropecuaria.pdf\">Resultado Final da Banca de heteroidentifica\u00e7\u00e3o p\u00f3s-recurso- Agropecu\u00e1ria<\/a><br><a href=\"https:\/\/www.ifbaiano.edu.br\/unidades\/bonfim\/files\/2024\/01\/Resultado-final-da-Banca-de-Heteroidentificacao-pos-recurso-Agroindustria.pdf\">Resultado Final da Banca de Heteroidentifica\u00e7\u00e3o p\u00f3s-recurso- Agroind\u00fastria<\/a><br><a href=\"https:\/\/www.ifbaiano.edu.br\/unidades\/bonfim\/files\/2024\/01\/Resultado-final-da-Banca-de-Heteroidentificacao-pos-recurso-Informatica.pdf\">Resultado Final da Banca de Heteroidentifica\u00e7\u00e3o p\u00f3s-recurso- Inform\u00e1tica<\/a><br><a href=\"https:\/\/www.ifbaiano.edu.br\/unidades\/bonfim\/files\/2024\/01\/Edital-no-08-de-23-de-janeiro-de-2024-de-retificacao-ao-Edital-n\u00b0-48-de-23-de-outubro-de-2023.pdf\" data-type=\"URL\" data-id=\"https:\/\/www.ifbaiano.edu.br\/unidades\/bonfim\/files\/2024\/01\/Edital-no-08-de-23-de-janeiro-de-2024-de-retificacao-ao-Edital-n\u00b0-48-de-23-de-outubro-de-2023.pdf\">Edital n\u00ba 08 de 23 de janeiro de 2024 de retifica\u00e7\u00e3o do cronograma  <mark class=\"has-inline-color has-vivid-red-color\">ATEN\u00c7\u00c3O! <\/mark>&lt;&lt;&lt;&lt;<br><\/a><a href=\"https:\/\/www.ifbaiano.edu.br\/unidades\/bonfim\/files\/2024\/01\/Curriculo-dos-membros-da-banca-recursal-da-autodeclaracao-INTEGRADO-2024.pdf\" data-type=\"URL\" data-id=\"https:\/\/www.ifbaiano.edu.br\/unidades\/bonfim\/files\/2024\/01\/Curriculo-dos-membros-da-banca-recursal-da-autodeclaracao-INTEGRADO-2024.pdf\">Curr\u00edculo dos membros da banca recursal de avalia\u00e7\u00e3o da autodeclara\u00e7\u00e3o &#8211; INTEGRADO<br><\/a><a href=\"https:\/\/www.ifbaiano.edu.br\/unidades\/bonfim\/files\/2024\/01\/HETEROIDENTIFICACAO_INTEGRADO_RESULTADO_PRELIMINAR-1.pdf\" data-type=\"URL\" data-id=\"https:\/\/www.ifbaiano.edu.br\/unidades\/bonfim\/files\/2024\/01\/HETEROIDENTIFICACAO_INTEGRADO_RESULTADO_PRELIMINAR-1.pdf\">Resultado Preliminar &#8211;  Banca de Heteroidentifica\u00e7\u00e3o &#8211; INTEGRADO<\/a><br><a href=\"https:\/\/www.ifbaiano.edu.br\/unidades\/bonfim\/files\/2023\/12\/LISTA-FINAL_PROSEL-2024_INFORMATICA.pdf\" data-type=\"URL\" data-id=\"https:\/\/www.ifbaiano.edu.br\/unidades\/bonfim\/files\/2023\/12\/LISTA-FINAL_PROSEL-2024_INFORMATICA.pdf\">Resultado Final &#8211; INTEGRADO &#8211; T\u00e9cnico em INFORM\u00c1TICA<br><\/a><a href=\"https:\/\/www.ifbaiano.edu.br\/unidades\/bonfim\/files\/2023\/12\/LISTA-FINAL_PROSEL-2024_AGROINDUSTRIA.pdf\">Resultado Final &#8211; INTEGRADO &#8211; T\u00e9cnico em AGROIND\u00daSTRIA<br><\/a><a href=\"https:\/\/www.ifbaiano.edu.br\/unidades\/bonfim\/files\/2023\/12\/LISTA-FINAL_PROSEL-2024_AGROPECUARIA.pdf\" data-type=\"URL\" data-id=\"https:\/\/www.ifbaiano.edu.br\/unidades\/bonfim\/files\/2023\/12\/LISTA-FINAL_PROSEL-2024_AGROPECUARIA.pdf\">Resultado Final &#8211; INTEGRADO &#8211; T\u00e9cnico em AGROPECU\u00c1RIA<br><\/a><a href=\"https:\/\/www.ifbaiano.edu.br\/unidades\/bonfim\/files\/2023\/12\/ANALISE-DOS-RECURSOS-historico_INTEGRADO_PROSEL-2024.pdf\" data-type=\"URL\" data-id=\"https:\/\/www.ifbaiano.edu.br\/unidades\/bonfim\/files\/2023\/12\/ANALISE-DOS-RECURSOS-historico_INTEGRADO_PROSEL-2024.pdf\">An\u00e1lise dos Recursos Contra a An\u00e1lise de Hist\u00f3rico Escolar &#8211; INTEGRADO<br><\/a><a href=\"https:\/\/www.ifbaiano.edu.br\/unidades\/bonfim\/files\/2023\/12\/HETEROIDENTIFICACAO_INTEGRADO.pdf\" data-type=\"URL\" data-id=\"https:\/\/www.ifbaiano.edu.br\/unidades\/bonfim\/files\/2023\/12\/HETEROIDENTIFICACAO_INTEGRADO.pdf\">Convoca\u00e7\u00e3o Banca de Heteroidentifica\u00e7\u00e3o &#8211; INTEGRADO<\/a> <mark class=\"has-inline-color has-vivid-red-color\">&#8211; ATEN\u00c7\u00c3O! <\/mark>&lt;&lt;&lt;&lt;<br><a href=\"https:\/\/www.ifbaiano.edu.br\/unidades\/bonfim\/files\/2023\/12\/Curriculo-dos-membros-da-banca-de-avaliacao-da-autodeclaracao-INTEGRADO-2024.pdf\" data-type=\"URL\" data-id=\"https:\/\/www.ifbaiano.edu.br\/unidades\/bonfim\/files\/2023\/12\/Curriculo-dos-membros-da-banca-de-avaliacao-da-autodeclaracao-INTEGRADO-2024.pdf\">Curr\u00edculo dos membros da banca de avalia\u00e7\u00e3o da autodeclara\u00e7\u00e3o INTEGRADO<\/a><br><a href=\"https:\/\/www.ifbaiano.edu.br\/unidades\/bonfim\/files\/2023\/12\/RETIFICACAO_ANALISE-DO-HISTORICO-ESCOLAR_PROSEL-2024_AGROINDUSTRIA.pdf\">Retifica\u00e7\u00e3o n\u00ba01 &#8211; Resultado Preliminar da An\u00e1lise do Hist\u00f3rico Escolar &#8211; T\u00e9c. em Agroind\u00fastria<\/a><br><a href=\"https:\/\/www.ifbaiano.edu.br\/unidades\/bonfim\/files\/2023\/12\/RETIFICACAO_ANALISE-DO-HISTORICO-ESCOLAR_PROSEL-2024_AGROPECUARIA.pdf\">Retifica\u00e7\u00e3o n\u00ba01 -Resultado Preliminar da An\u00e1lise do Hist\u00f3rico Escolar &#8211; T\u00e9c. em Agropecu\u00e1ria<\/a><br><a href=\"https:\/\/www.ifbaiano.edu.br\/unidades\/bonfim\/files\/2023\/12\/RETIFICACAO_ANALISE-DO-HISTORICO-ESCOLAR_PROSEL-2024_INFORMATICA.pdf\">Retifica\u00e7\u00e3o n\u00ba01 -Resultado Preliminar da An\u00e1lise do Hist\u00f3rico Escolar &#8211; T\u00e9c. em Inform\u00e1tica<\/a><br><a href=\"https:\/\/www.ifbaiano.edu.br\/unidades\/bonfim\/files\/2023\/12\/RETIFICACAO_HOMOLOGADOS_INTEGRADO_FINAL_PROSEL-2024-1.pdf\">Retifica\u00e7\u00e3o n\u00ba01- Lista Final de Inscri\u00e7\u00f5es Homologadas &#8211; Modalidade INTEGRADO<\/a><br><a href=\"https:\/\/www.ifbaiano.edu.br\/unidades\/bonfim\/files\/2023\/12\/retificacao_ANALISE-DOS-RECURSOS_INTEGRADO_PROSEL-2024.pdf\">Retifica\u00e7\u00e3o n\u00ba01- do Resultado dos Recursos \u00e0 Lista preliminar de inscri\u00e7\u00f5es homologadas<\/a><br><s><a href=\"https:\/\/www.ifbaiano.edu.br\/unidades\/bonfim\/files\/2023\/12\/ANALISE-DO-HISTORICO-ESCOLAR_PROSEL-2024_AGROINDUSTRIA.pdf\">Resultado Preliminar da An\u00e1lise do Hist\u00f3rico Escolar &#8211; T\u00e9c. em Agroind\u00fastria<\/a> <\/s><br><a href=\"https:\/\/www.ifbaiano.edu.br\/unidades\/bonfim\/files\/2023\/12\/ANALISE-DO-HISTORICO-ESCOLAR_PROSEL-2024_AGROPECUARIA.pdf\"><s>Resultado Preliminar da An\u00e1lise do Hist\u00f3rico Escolar &#8211; T\u00e9c. em Agropecu\u00e1ria<\/s><\/a><br><a href=\"https:\/\/www.ifbaiano.edu.br\/unidades\/bonfim\/files\/2023\/12\/ANALISE-DO-HISTORICO-ESCOLAR_PROSEL-2024_INFORMATICA.pdf\"><s>Resultado Preliminar da An\u00e1lise do Hist\u00f3rico Escolar &#8211; T\u00e9c. em Inform\u00e1tica<\/s> <\/a><br><a href=\"https:\/\/www.ifbaiano.edu.br\/unidades\/bonfim\/files\/2023\/12\/HOMOLOGADOS_INTEGRADO_FINAL_PROSEL-2024.pdf\"><s>Lista Final de Inscri\u00e7\u00f5es Homologadas &#8211; Modalidade INTEGRADO<\/s><\/a><br><a href=\"https:\/\/www.ifbaiano.edu.br\/unidades\/bonfim\/files\/2023\/12\/ANALISE-DOS-RECURSOS_INTEGRADO_PROSEL-2024.pdf\"><s>Resultado dos Recursos \u00e0 Lista preliminar de inscri\u00e7\u00f5es homologadas -Modalidade INTEGRADO<\/s><\/a><br><a href=\"https:\/\/www.ifbaiano.edu.br\/unidades\/bonfim\/files\/2023\/12\/HOMOLOGADOS_INTEGRADO_PROSEL-2024.pdf\" data-type=\"URL\" data-id=\"https:\/\/www.ifbaiano.edu.br\/unidades\/bonfim\/files\/2023\/12\/HOMOLOGADOS_INTEGRADO_PROSEL-2024.pdf\">Lista preliminar de inscri\u00e7\u00f5es homologadas &#8211; Modalidade INTEGRADO<\/a><br><a rel=\"noreferrer noopener\" href=\"https:\/\/www.ifbaiano.edu.br\/unidades\/bonfim\/files\/2023\/10\/Edital-No-48-Ingresso-de-estudantes-2024-Modalidade-INTEGRADO.pdf\" data-type=\"URL\" data-id=\"https:\/\/www.ifbaiano.edu.br\/unidades\/bonfim\/files\/2023\/10\/Edital-No-48-Ingresso-de-estudantes-2024-Modalidade-INTEGRADO.pdf\" target=\"_blank\">Edital N\u00ba 48 &#8211; Ingresso de estudantes 2024 &#8211; Modalidade INTEGRADO<\/a><br><a href=\"https:\/\/www.ifbaiano.edu.br\/unidades\/bonfim\/files\/2023\/11\/Anexo-II-Consolidacao-de-Renda-Familiar-1.pdf\">Anexo II &#8211; Consolida\u00e7\u00e3o de Renda Familiar<\/a><br><a href=\"https:\/\/www.ifbaiano.edu.br\/unidades\/bonfim\/files\/2023\/11\/Anexo-III-AUTODECLARACAO-ETNICO-RACIAL.pdf\">Anexo III &#8211; Autodeclara\u00e7\u00e3o \u00c9tnico-Racial<\/a><br><a href=\"https:\/\/www.ifbaiano.edu.br\/unidades\/bonfim\/files\/2023\/11\/Anexo-IV-DECLARACAO-DE-PESSOA-COM-DEFICIENCIA.pdf\">Anexo IV &#8211; Declara\u00e7\u00e3o de Pessoa com Defici\u00eancia<\/a><br><a href=\"https:\/\/www.ifbaiano.edu.br\/unidades\/bonfim\/files\/2023\/11\/Anexo-V-DECLARACAO-ESCOLAR-DE-ENSINO-FUNDAMENTAL.pdf\">Anexo V &#8211; Declara\u00e7\u00e3o Escolar de Ensino Fundamental<\/a><br><a href=\"https:\/\/www.ifbaiano.edu.br\/unidades\/bonfim\/files\/2023\/11\/Anexo-VI-DECLARACAO-DE-ESCOLA-PUBLICA.pdf\">Anexo VI &#8211; Declara\u00e7\u00e3o de Escola P\u00fablica<\/a><br><a href=\"https:\/\/www.ifbaiano.edu.br\/unidades\/bonfim\/files\/2023\/11\/Anexo-VII-AUTODECLARACAO-DE-RENDA.pdf\">Anexo VII &#8211; Autodeclara\u00e7\u00e3o de Renda<\/a><br><a href=\"https:\/\/www.ifbaiano.edu.br\/unidades\/bonfim\/files\/2023\/11\/Anexo-VIII-FORMULARIO-PARA-RECURSO.pdf\">Anexo VIII &#8211; Formul\u00e1rio para Recurso<\/a><\/td><\/tr><\/tbody><\/table><\/figure>\n","protected":false},"excerpt":{"rendered":"<p>PROCESSO SELETIVO PARA INGRESSO DE ESTUDANTES NOS CURSOS DA EDUCA\u00c7\u00c3O PROFISSIONAL T\u00c9CNICA DE N\u00cdVEL M\u00c9DIO NA FORMA INTEGRADA AO ENSINO M\u00c9DIO &#8211; MODALIDADE PRESENCIAL 2024 APRESENTA\u00c7\u00c3O O DIRETOR-GERAL DO INSTITUTO FEDERAL DE EDUCA\u00c7\u00c3O, CI\u00caNCIA E TECNOLOGIA BAIANO (IF BAIANO) CAMPUS SENHOR DO BONFIM, no uso de suas atribui\u00e7\u00f5es, torna p\u00fablica a abertura de inscri\u00e7\u00f5es para [&hellip;]<\/p>\n","protected":false},"author":104,"featured_media":0,"parent":0,"menu_order":0,"comment_status":"closed","ping_status":"closed","template":"","meta":[],"_links":{"self":[{"href":"https:\/\/www.ifbaiano.edu.br\/unidades\/bonfim\/wp-json\/wp\/v2\/pages\/17316"}],"collection":[{"href":"https:\/\/www.ifbaiano.edu.br\/unidades\/bonfim\/wp-json\/wp\/v2\/pages"}],"about":[{"href":"https:\/\/www.ifbaiano.edu.br\/unidades\/bonfim\/wp-json\/wp\/v2\/types\/page"}],"author":[{"embeddable":true,"href":"https:\/\/www.ifbaiano.edu.br\/unidades\/bonfim\/wp-json\/wp\/v2\/users\/104"}],"replies":[{"embeddable":true,"href":"https:\/\/www.ifbaiano.edu.br\/unidades\/bonfim\/wp-json\/wp\/v2\/comments?post=17316"}],"version-history":[{"count":58,"href":"https:\/\/www.ifbaiano.edu.br\/unidades\/bonfim\/wp-json\/wp\/v2\/pages\/17316\/revisions"}],"predecessor-version":[{"id":18985,"href":"https:\/\/www.ifbaiano.edu.br\/unidades\/bonfim\/wp-json\/wp\/v2\/pages\/17316\/revisions\/18985"}],"wp:attachment":[{"href":"https:\/\/www.ifbaiano.edu.br\/unidades\/bonfim\/wp-json\/wp\/v2\/media?parent=17316"}],"curies":[{"name":"wp","href":"https:\/\/api.w.org\/{rel}","templated":true}]}}