{"id":18475,"date":"2024-07-17T09:43:56","date_gmt":"2024-07-17T12:43:56","guid":{"rendered":"https:\/\/www.ifbaiano.edu.br\/unidades\/bonfim\/?page_id=18475"},"modified":"2024-12-11T21:48:16","modified_gmt":"2024-12-12T00:48:16","slug":"referencia-2024-dispensa-eletronica","status":"publish","type":"page","link":"https:\/\/www.ifbaiano.edu.br\/unidades\/bonfim\/referencia-2024-dispensa-eletronica\/","title":{"rendered":"Refer\u00eancia 2024 &#8211; Dispensa Eletr\u00f4nica"},"content":{"rendered":"\n<div id=\"ProreitoriaTopoTitulo\"> DISPENSA DE LICITA\u00c7\u00c3O N\u00ba. 90013 DE 2024<\/div>\n\n\n\n<p><a href=\"https:\/\/www.ifbaiano.edu.br\/unidades\/bonfim\/files\/2024\/12\/ANEXOS-DISPENSA-ELETRONICA-13-2024.pdf\" target=\"_blank\" rel=\"noreferrer noopener\">AVISO DE DISPENSA ELETR\u00d4NICA 90013<\/a><\/p>\n\n\n\n<div id=\"ProreitoriaTopoTitulo\"> DISPENSA DE LICITA\u00c7\u00c3O N\u00ba. 90012 DE 2024<\/div>\n\n\n\n<p><a href=\"https:\/\/www.ifbaiano.edu.br\/unidades\/bonfim\/files\/2024\/10\/EDITAL-DA-CHAMADA-PUBLICA-No.-01-DE-2024.pdf\">AVISO DE DISPENSA ELETR\u00d4NICA 90012<\/a><\/p>\n\n\n\n<div id=\"ProreitoriaTopoTitulo\"> DISPENSA DE LICITA\u00c7\u00c3O N\u00ba. 90006 DE 2024<\/div>\n\n\n\n<p><a href=\"https:\/\/www.ifbaiano.edu.br\/unidades\/bonfim\/files\/2024\/10\/Edital-e-anexo.pdf\">AVISO DE DISPENSA ELETR\u00d4NICA 90011<\/a><\/p>\n\n\n\n<div id=\"ProreitoriaTopoTitulo\"> DISPENSA DE LICITA\u00c7\u00c3O N\u00ba. 90006 DE 2024<\/div>\n\n\n\n<p><a href=\"https:\/\/www.ifbaiano.edu.br\/unidades\/bonfim\/files\/2024\/08\/AVISO-DE-CONTRATACAO-DIRETA-E-ANEXO.pdf\" data-type=\"URL\" data-id=\"https:\/\/www.ifbaiano.edu.br\/unidades\/bonfim\/files\/2024\/08\/AVISO-DE-CONTRATACAO-DIRETA-E-ANEXO.pdf\">AVISO DE DISPENSA ELETR\u00d4NICA 90006<\/a><\/p>\n\n\n\n<div id=\"ProreitoriaTopoTitulo\"> DISPENSA DE LICITA\u00c7\u00c3O N\u00ba. 90005 DE 2024<\/div>\n\n\n\n<p><a href=\"https:\/\/www.ifbaiano.edu.br\/unidades\/bonfim\/files\/2024\/07\/AVISO-DE-CONTRATACAO-DIRETA-90005.pdf\" data-type=\"URL\" data-id=\"https:\/\/www.ifbaiano.edu.br\/unidades\/bonfim\/files\/2024\/07\/AVISO-DE-CONTRATACAO-DIRETA-90005.pdf\">AVISO DE DISPENSA ELETR\u00d4NICA 90005<\/a><\/p>\n\n\n\n<div id=\"ProreitoriaTopoTitulo\"> DISPENSA DE LICITA\u00c7\u00c3O N\u00ba. 90004 DE 2024<\/div>\n\n\n\n<p><a href=\"https:\/\/www.ifbaiano.edu.br\/unidades\/bonfim\/files\/2024\/07\/AVISO-DE-CONTRATACAO-DIRETA-90004.pdf\" data-type=\"URL\" data-id=\"https:\/\/www.ifbaiano.edu.br\/unidades\/bonfim\/files\/2024\/07\/AVISO-DE-CONTRATACAO-DIRETA-90004.pdf\">AVISO DE DISPENSA ELETR\u00d4NICA 90004<\/a><\/p>\n","protected":false},"excerpt":{"rendered":"<p>DISPENSA DE LICITA\u00c7\u00c3O N\u00ba. 90013 DE 2024 AVISO DE DISPENSA ELETR\u00d4NICA 90013 DISPENSA DE LICITA\u00c7\u00c3O N\u00ba. 90012 DE 2024 AVISO DE DISPENSA ELETR\u00d4NICA 90012 DISPENSA DE LICITA\u00c7\u00c3O N\u00ba. 90006 DE 2024 AVISO DE DISPENSA ELETR\u00d4NICA 90011 DISPENSA DE LICITA\u00c7\u00c3O N\u00ba. 90006 DE 2024 AVISO DE DISPENSA ELETR\u00d4NICA 90006 DISPENSA DE LICITA\u00c7\u00c3O N\u00ba. 90005 DE 2024 [&hellip;]<\/p>\n","protected":false},"author":104,"featured_media":0,"parent":0,"menu_order":0,"comment_status":"closed","ping_status":"closed","template":"","meta":[],"_links":{"self":[{"href":"https:\/\/www.ifbaiano.edu.br\/unidades\/bonfim\/wp-json\/wp\/v2\/pages\/18475"}],"collection":[{"href":"https:\/\/www.ifbaiano.edu.br\/unidades\/bonfim\/wp-json\/wp\/v2\/pages"}],"about":[{"href":"https:\/\/www.ifbaiano.edu.br\/unidades\/bonfim\/wp-json\/wp\/v2\/types\/page"}],"author":[{"embeddable":true,"href":"https:\/\/www.ifbaiano.edu.br\/unidades\/bonfim\/wp-json\/wp\/v2\/users\/104"}],"replies":[{"embeddable":true,"href":"https:\/\/www.ifbaiano.edu.br\/unidades\/bonfim\/wp-json\/wp\/v2\/comments?post=18475"}],"version-history":[{"count":7,"href":"https:\/\/www.ifbaiano.edu.br\/unidades\/bonfim\/wp-json\/wp\/v2\/pages\/18475\/revisions"}],"predecessor-version":[{"id":19597,"href":"https:\/\/www.ifbaiano.edu.br\/unidades\/bonfim\/wp-json\/wp\/v2\/pages\/18475\/revisions\/19597"}],"wp:attachment":[{"href":"https:\/\/www.ifbaiano.edu.br\/unidades\/bonfim\/wp-json\/wp\/v2\/media?parent=18475"}],"curies":[{"name":"wp","href":"https:\/\/api.w.org\/{rel}","templated":true}]}}