{"id":19655,"date":"2024-12-18T15:28:19","date_gmt":"2024-12-18T18:28:19","guid":{"rendered":"https:\/\/www.ifbaiano.edu.br\/unidades\/bonfim\/?page_id=19655"},"modified":"2025-03-17T09:48:26","modified_gmt":"2025-03-17T12:48:26","slug":"bacharelado-em-administracao-2025","status":"publish","type":"page","link":"https:\/\/www.ifbaiano.edu.br\/unidades\/bonfim\/bacharelado-em-administracao-2025\/","title":{"rendered":"Bacharelado em Administra\u00e7\u00e3o 2025"},"content":{"rendered":"\n<figure class=\"wp-block-image size-full is-resized\"><a href=\"https:\/\/www.ifbaiano.edu.br\/unidades\/bonfim\/files\/2024\/12\/WhatsApp-Image-2024-12-18-at-1.21.26-PM.jpeg\"><img decoding=\"async\" loading=\"lazy\" src=\"https:\/\/www.ifbaiano.edu.br\/unidades\/bonfim\/files\/2024\/12\/WhatsApp-Image-2024-12-18-at-1.21.26-PM.jpeg\" alt=\"\" class=\"wp-image-19662\" width=\"1023\" height=\"256\" \/><\/a><\/figure>\n\n\n\n<figure class=\"wp-block-image size-large is-resized\"><a href=\"https:\/\/www.ifbaiano.edu.br\/unidades\/bonfim\/files\/2025\/02\/5586-WhatsApp-Image-2025-02-12-at-15.38.10.webp\"><img decoding=\"async\" loading=\"lazy\" src=\"https:\/\/www.ifbaiano.edu.br\/unidades\/bonfim\/files\/2025\/02\/5586-WhatsApp-Image-2025-02-12-at-15.38.10-1024x256.webp\" alt=\"\" class=\"wp-image-20371\" width=\"1026\" height=\"257\" srcset=\"https:\/\/www.ifbaiano.edu.br\/unidades\/bonfim\/files\/2025\/02\/5586-WhatsApp-Image-2025-02-12-at-15.38.10-1024x256.webp 1024w, https:\/\/www.ifbaiano.edu.br\/unidades\/bonfim\/files\/2025\/02\/5586-WhatsApp-Image-2025-02-12-at-15.38.10-300x75.webp 300w, https:\/\/www.ifbaiano.edu.br\/unidades\/bonfim\/files\/2025\/02\/5586-WhatsApp-Image-2025-02-12-at-15.38.10-768x192.webp 768w, https:\/\/www.ifbaiano.edu.br\/unidades\/bonfim\/files\/2025\/02\/5586-WhatsApp-Image-2025-02-12-at-15.38.10-1536x384.webp 1536w, https:\/\/www.ifbaiano.edu.br\/unidades\/bonfim\/files\/2025\/02\/5586-WhatsApp-Image-2025-02-12-at-15.38.10-100x25.webp 100w, https:\/\/www.ifbaiano.edu.br\/unidades\/bonfim\/files\/2025\/02\/5586-WhatsApp-Image-2025-02-12-at-15.38.10.webp 1584w\" sizes=\"(max-width: 1026px) 100vw, 1026px\" \/><\/a><\/figure>\n\n\n\n<h2 class=\"wp-block-heading has-medium-font-size\">PROCESSO SELETIVO PARA INGRESSO DE ESTUDANTES NO CURSO DE GRADUA\u00c7\u00c3O BACHARELADO EM ADMINISTRA\u00c7\u00c3O<\/h2>\n\n\n\n<figure class=\"wp-block-table is-style-stripes\"><table class=\"has-black-color has-luminous-vivid-amber-to-luminous-vivid-orange-gradient-background has-text-color has-background\"><thead><tr><th class=\"has-text-align-left\" data-align=\"left\">APRESENTA\u00c7\u00c3O<\/th><\/tr><\/thead><\/table><\/figure>\n\n\n\n<p>O DIRETOR-GERAL DO INSTITUTO FEDERAL DE EDUCA\u00c7\u00c3O, CI\u00caNCIA E TECNOLOGIA BAIANO \u2013 CAMPUS SENHOR DO BONFIM, no uso de suas atribui\u00e7\u00f5es delegadas pela Portaria n\u00b0 283 de 18 de mar\u00e7o de 2022. Publicada no Di\u00e1rio Oficial de Uni\u00e3o do dia 21 de mar\u00e7o de 2022. Se\u00e7\u00e3o 2. p\u00e1gina 54, e de acordo com as disposi\u00e7\u00f5es contidas na Lei n\u00b0 11.892, de 29\/12\/2008, e na Lei n\u00b0 8.112, de 11\/12\/1990, no Regimento Geral do IF Baiano e na Portaria Normativa 13\/2022 &#8211; RETGAB\/RET\/IFBAIANO, de 11 de mar\u00e7o de 2022, torna p\u00fablico o presente Edital, para preenchimento de vagas no curso de Gradua\u00e7\u00e3o em Bacharelado em Administra\u00e7\u00e3o ofertado pelo IF Baiano Campus Senhor do Bonfim para ingresso em 2025.1.<\/p>\n\n\n\n<figure class=\"wp-block-table is-style-stripes\"><table class=\"has-black-color has-luminous-vivid-amber-to-luminous-vivid-orange-gradient-background has-text-color has-background\"><thead><tr><th class=\"has-text-align-left\" data-align=\"left\">VAGAS OFERTADAS<\/th><\/tr><\/thead><tbody><tr><td class=\"has-text-align-left\" data-align=\"left\"><strong><code>Processo seletivo local   -  17 Vagas <\/code><\/strong><\/td><\/tr><\/tbody><\/table><figcaption class=\"wp-element-caption\"><mark class=\"has-inline-color has-vivid-red-color\"><strong>P\u00fablico Alvo:<\/strong>\u00a0Estudantes que est\u00e3o concluindo ou conclu\u00edram o ensino m\u00e9dio.<\/mark><\/figcaption><\/figure>\n\n\n\n<p><\/p>\n\n\n\n<figure class=\"wp-block-table is-style-stripes\"><table class=\"has-black-color has-text-color has-background\" style=\"background:linear-gradient(357deg,rgb(202,248,128) 0%,rgb(255,222,9) 32%,rgb(254,0,0) 100%)\"><thead><tr><th class=\"has-text-align-left\" data-align=\"left\">INSCRI\u00c7\u00d5ES<\/th><\/tr><\/thead><tbody><tr><td class=\"has-text-align-left\" data-align=\"left\"><strong><mark class=\"has-inline-color has-vivid-red-color\"><a href=\"http:\/\/opinanovo.ifbaiano.edu.br\/index.php\/998295?lang=pt-BR\">CLIQUE AQUI PARA REALIZAR SUA INSCRI\u00c7\u00c3O!<\/a><\/mark><\/strong><\/td><\/tr><\/tbody><\/table><\/figure>\n\n\n\n<figure class=\"wp-block-table is-style-stripes\"><table class=\"has-black-color has-luminous-vivid-amber-to-luminous-vivid-orange-gradient-background has-text-color has-background\"><thead><tr><th class=\"has-text-align-left\" data-align=\"left\"><strong>EDITAIS E DOCUMENTOS<\/strong><\/th><\/tr><\/thead><tbody><tr><td class=\"has-text-align-left\" data-align=\"left\"><a href=\"https:\/\/www.ifbaiano.edu.br\/unidades\/bonfim\/files\/2025\/03\/Processo-Seletivo-Superior-Adm-QUINTA-CHAMADA.pdf\">Quinta chamada para matr\u00edculas<\/a><br><a href=\"https:\/\/www.ifbaiano.edu.br\/unidades\/bonfim\/files\/2025\/03\/Processo-Seletivo-Superior-Adm-QUARTA-CHAMADA.pdf\">Quarta chamada para matr\u00edculas<br><\/a><a href=\"https:\/\/www.ifbaiano.edu.br\/unidades\/bonfim\/files\/2025\/03\/Processo-Seletivo-Superior-Adm-TERCEIRA-CHAMADA.pdf\">Terceira chamada para matr\u00edculas<br><\/a><a href=\"https:\/\/www.ifbaiano.edu.br\/unidades\/bonfim\/files\/2025\/03\/Processo-Seletivo-Superior-Adm-SEGUNDA-CHAMADA.pdf\">Segunda chamada para matr\u00edculas<br><\/a><a href=\"https:\/\/www.ifbaiano.edu.br\/unidades\/bonfim\/files\/2025\/02\/Processo-Seletivo-Superior-Adm-ANEXO-II-LISTA-DE-ESPERA.pdf\">Lista de espera<br><\/a><a href=\"https:\/\/www.ifbaiano.edu.br\/unidades\/bonfim\/files\/2025\/02\/Processo-Seletivo-Superior-Adm-ANEXO-I-APROVADOS-1o-CHAMADA.pdf\">Lista de aprovados e convoca\u00e7\u00e3o para a 1\u00aa chamada de matr\u00edculas<br><\/a><a href=\"https:\/\/www.ifbaiano.edu.br\/unidades\/bonfim\/files\/2025\/02\/Edital-de-Matriculas-administracao.pdf\">Edital de Matr\u00edculas &#8211; Processo seletivo local &#8211; Bacharelado em Administra\u00e7\u00e3o<br><\/a><a href=\"https:\/\/www.ifbaiano.edu.br\/unidades\/bonfim\/files\/2025\/02\/Processo-Seletivo-Superior-Adm-Resultado-final.pdf\">Resultado final da 2\u00aa Etapa de provas &#8211; Prova escrita<br><\/a><a href=\"https:\/\/www.ifbaiano.edu.br\/unidades\/bonfim\/files\/2025\/02\/Processo-Seletivo-Superior-Adm-Resultado-Banca-de-Heteroidentificacao.pdf\">Resultado final da banca de heteroidentifica\u00e7\u00e3o \u00e9tnico-racial<br><\/a><a href=\"https:\/\/www.ifbaiano.edu.br\/unidades\/bonfim\/files\/2025\/02\/Processo-Seletivo-Superior-Adm-Resultado-Recursos-Banca-de-Heteroidentificacao.pdf\">Resultado dos recursos contra o resultado da banca de heteroidentifica\u00e7\u00e3o \u00e9tnico-racial<br><\/a><a href=\"https:\/\/www.ifbaiano.edu.br\/unidades\/bonfim\/files\/2025\/02\/Processo-Seletivo-Superior-Adm-Resultado-Preliminar-Banca-de-Heteroidentificacao.pdf\">Resultado preliminar da banca de heteroidentifica\u00e7\u00e3o \u00e9tnico-racial<br><\/a><a href=\"https:\/\/www.ifbaiano.edu.br\/unidades\/bonfim\/files\/2025\/02\/Curriculo-dos-membros-da-banca-de-avaliacao-da-autodeclaracao-Prosel-2025-EDITAL-57.pdf\">Curr\u00edculo da banca de heteroidentifica\u00e7\u00e3o<br><\/a><a href=\"https:\/\/www.ifbaiano.edu.br\/unidades\/bonfim\/files\/2025\/02\/Processo-Seletivo-Superior-Adm-Convocacao-ADM-Banca-de-Heteroidentificacao-1.pdf\">Convoca\u00e7\u00e3o para a banca de heteroidentifica\u00e7\u00e3o<br><\/a><a href=\"https:\/\/www.ifbaiano.edu.br\/unidades\/bonfim\/files\/2025\/02\/Processo-Seletivo-Superior-Adm-Resultado-dos-Recursos-Prova-escrita.pdf\">Resultado dos recursos contra a 2\u00aa Etapa de provas &#8211; Prova escrita<br><\/a><a href=\"https:\/\/www.ifbaiano.edu.br\/unidades\/bonfim\/files\/2025\/02\/Processo-Seletivo-Superior-Adm-Resultado-preliminar-da-prova-escrita.pdf\">Resultado preliminar da 2\u00aa Etapa de provas &#8211; Prova escrita<br><\/a><a href=\"https:\/\/www.ifbaiano.edu.br\/unidades\/bonfim\/files\/2025\/02\/Edital-18-da-6a-retificacao-do-Edital-57-de-18-de-dez-de-2024-Processo-Seletivo-para-Ingresso-de-estudantes-no-curso-em-Bacharelado-em-Adm.pdf\">6\u00aa Retifica\u00e7\u00e3o ao Edital n\u00ba 57<br><\/a><a href=\"https:\/\/www.ifbaiano.edu.br\/unidades\/bonfim\/files\/2025\/01\/convocacao_prova-escrita_edital-57.pdf\">Convoca\u00e7\u00e3o para 2\u00aa etapa<br><\/a><a href=\"https:\/\/www.ifbaiano.edu.br\/unidades\/bonfim\/files\/2025\/01\/Retificacacao_resultado-final_edital-57.pdf\">Resultado final da 1\u00aa Etapa<br><\/a><a href=\"https:\/\/www.ifbaiano.edu.br\/unidades\/bonfim\/files\/2025\/01\/5-retificacao_edital-57.pdf\">5\u00aa Retifica\u00e7\u00e3o ao Edital n\u00ba 57<br><\/a><a href=\"https:\/\/www.ifbaiano.edu.br\/unidades\/bonfim\/files\/2025\/01\/ORIENTACOES-PARA-A-PROVA-ESCRITA.docx.pdf\">Orienta\u00e7\u00f5es para a prova escrita<br><\/a><a href=\"https:\/\/www.ifbaiano.edu.br\/unidades\/bonfim\/files\/2025\/01\/Processo-Seletivo-Superior-Adm-RESULTADO-FINAL-E-CONVOCACAO.pdf\"><s>Resultado final da 1\u00aa Etapa e Convoca\u00e7\u00e3o para 2\u00aa Etapa.<br><\/s><\/a><a href=\"https:\/\/www.ifbaiano.edu.br\/unidades\/bonfim\/files\/2025\/01\/Processo-Seletivo-Superior-Adm-Resultado-dos-Recursos-Analise-do-historico.pdf\">Resultado dos recursos contra o resultado preliminar da an\u00e1lise do hist\u00f3rico escolar<br><\/a><a href=\"https:\/\/www.ifbaiano.edu.br\/unidades\/bonfim\/files\/2025\/01\/4a-retificacao.pdf\">4\u00aa Retifica\u00e7\u00e3o ao Edital n\u00ba 57<\/a><br><a href=\"https:\/\/www.ifbaiano.edu.br\/unidades\/bonfim\/files\/2025\/01\/Documento-5.pdf\">3\u00aa Retifica\u00e7\u00e3o ao Edital n\u00ba 57<br><\/a><a href=\"https:\/\/www.ifbaiano.edu.br\/unidades\/bonfim\/files\/2025\/01\/Retificacao-ao-edital-no-57.pdf\"><s>3\u00aa Retifica\u00e7\u00e3o ao Edital n\u00ba 57<br><\/s><\/a><a href=\"https:\/\/www.ifbaiano.edu.br\/unidades\/bonfim\/files\/2025\/01\/Processo-Seletivo-Superior-Adm-Resultado-Parcial-Analise-do-Historico-3.pdf\">RESULTADO PRELIMINAR DA AN\u00c1LISE DO HIST\u00d3RICO ESCOLAR<br><\/a><a href=\"https:\/\/www.ifbaiano.edu.br\/unidades\/bonfim\/files\/2025\/01\/Processo-Seletivo-Superior-Adm-Inscricoes-Homologadas.pdf\">INSCRI\u00c7\u00d5ES HOMOLOGADAS &#8211; p\u00f3s recursos<br><\/a><a href=\"https:\/\/www.ifbaiano.edu.br\/unidades\/bonfim\/files\/2025\/01\/Processo-Seletivo-Superior-Adm-Resultado-dos-Recursos-Inscricoes-Homologadas-3.pdf\">Resultado dos recursos contra a Lista preliminar de inscri\u00e7\u00f5es homologadas<br><\/a><a href=\"https:\/\/www.ifbaiano.edu.br\/unidades\/bonfim\/files\/2025\/01\/2-retificacao_ed-57.pdf\">2\u00aa Retifica\u00e7\u00e3o ao Edital n\u00ba 57<br><\/a><a href=\"https:\/\/www.ifbaiano.edu.br\/unidades\/bonfim\/files\/2025\/01\/Processo-Seletivo-Superior-Adm-Copia-de-Resultado-Preliminar-Inscricoes-Homologadas-1.pdf\">LISTA PRELIMINAR DE INSCRI\u00c7\u00d5ES HOMOLOGADAS<br><\/a><a href=\"https:\/\/www.ifbaiano.edu.br\/unidades\/bonfim\/files\/2025\/01\/ret_adm.pdf\">Retifica\u00e7\u00e3o ao cronograma do Edital n\u00ba 57<br><\/a><a href=\"https:\/\/www.ifbaiano.edu.br\/unidades\/bonfim\/files\/2024\/12\/Edital-no-57-de-18-dezembro-de-2024-Edital-57-Edital-de-Selecao-Prosel-curso-graduacao-bacharel-em-ADM-2025.1.pdf\">Edital n\u00ba 57 de 18 de dezembro de 2024<\/a> <br>_____________________________________________________<br><a href=\"https:\/\/www.ifbaiano.edu.br\/unidades\/bonfim\/files\/2024\/12\/ANEXO-i-ADM.pdf\">ANEXO I &#8211; EQUIVAL\u00caNCIA DE CONCEITOS E NOTAS<br><\/a><a href=\"https:\/\/www.ifbaiano.edu.br\/unidades\/bonfim\/files\/2024\/12\/anexo-II.pdf\">ANEXO II &#8211; FORMUL\u00c1RIO PARA RECURSO<br><\/a><a href=\"https:\/\/www.ifbaiano.edu.br\/unidades\/bonfim\/files\/2024\/12\/anexo-III.pdf\">ANEXO III &#8211; AUTODECLARA\u00c7\u00c3O DE RENDA<br><\/a><a href=\"https:\/\/www.ifbaiano.edu.br\/unidades\/bonfim\/files\/2024\/12\/anexo-IV.pdf\">ANEXO IV &#8211; AUTODECLARA\u00c7\u00c3O \u00c9TNICO-RACIAL<br><\/a><a href=\"https:\/\/www.ifbaiano.edu.br\/unidades\/bonfim\/files\/2024\/12\/anexo-V.pdf\">ANEXO V &#8211; DECLARA\u00c7\u00c3O DE RECONHECIMENTO DE PERTENCIMENTO E DE V\u00cdNCULO COM COMUNIDADE QUILOMBOLA<br><\/a><a href=\"https:\/\/www.ifbaiano.edu.br\/unidades\/bonfim\/files\/2024\/12\/anexo-VI.pdf\">ANEXO VI &#8211; BAREMA DE AVALIA\u00c7\u00c3O DA CARTA DE INTEN\u00c7\u00c3O<\/a><br><br>_____________________________________________________<br><strong><mark>ANEXOS AO EDITAL DE MATR\u00cdCULAS<br><\/mark><\/strong><a href=\"https:\/\/www.ifbaiano.edu.br\/unidades\/bonfim\/files\/2025\/02\/Anexo-III-AUTODECLARACAO-DE-RENDA.pdf\">ANEXO III \u2013 AUTODECLARA\u00c7\u00c3O DE RENDA<br><\/a><a href=\"https:\/\/www.ifbaiano.edu.br\/unidades\/bonfim\/files\/2025\/02\/Anexo-IV-FORMULARIO-PARA-RECURSOS-ADM.pdf\">ANEXO IV \u2013\u00a0<strong>FORMUL\u00c1RIO PARA RECURSO<\/strong><br><\/a><a href=\"https:\/\/www.ifbaiano.edu.br\/unidades\/bonfim\/files\/2025\/02\/Anexo-V-DECLARACAO-QUILOMBOLA.pdf\">ANEXO V \u2013\u00a0<strong>DECLARA\u00c7\u00c3O DE RECONHECIMENTO DE PERTENCIMENTO E DE V\u00cdNCULO COM COMUNIDADE QUILOMBOLA<\/strong><br><\/a><a href=\"https:\/\/www.ifbaiano.edu.br\/unidades\/bonfim\/files\/2025\/02\/ANEXO-VI-FICHA-DE-MATRICULAS-ADM.pdf\">ANEXO VI \u2013\u00a0<strong>FICHA DE MATR\u00cdCULA<\/strong><br><\/a><a href=\"https:\/\/www.ifbaiano.edu.br\/unidades\/bonfim\/files\/2025\/02\/Anexo-VII-DECLARACAO-DE-CONCLUSAO-ENSINO-MEDIO.pdf\">ANEXO VII \u2013\u00a0<strong>DECLARA\u00c7\u00c3O DE CONCLUS\u00c3O DO ENSINO M\u00c9DIO<\/strong><br><\/a><a href=\"https:\/\/www.ifbaiano.edu.br\/unidades\/bonfim\/files\/2025\/02\/Anexo-VIII-TERMO-DE-COMPROMISSO-HISTORICO-ADM.pdf\">ANEXO VIII \u2013\u00a0<strong>TERMO DE COMPROMISSO DE ENTREGA DE DOCUMENTO\u00a0<\/strong>(<strong><em>CERTIFICADO DE CONCLUS\u00c3O E HIST\u00d3RICO ESCOLAR<\/em><\/strong>)<br><\/a><a href=\"https:\/\/www.ifbaiano.edu.br\/unidades\/bonfim\/files\/2025\/02\/Anexo-IX-TERMO-DE-COMPROMISSO-IDENTIFICACAO-ADM.pdf\">ANEXO IX \u2013\u00a0<strong>TERMO DE COMPROMISSO DE ENTREGA DE DOCUMENTO\u00a0<\/strong>(<strong><em>DOCUMENTO DE IDENTIFICA\u00c7\u00c3O\/CERTID\u00c3O DE NASCIMENTO OU CASAMENTO<\/em><\/strong>)<\/a><\/td><\/tr><\/tbody><\/table><figcaption class=\"wp-element-caption\"><strong>Contato<\/strong>: (74) 99935-7508&nbsp;WhatsApp<br><strong>Email<\/strong>: prosel@bonfim.ifbaiano.edu.br<br><strong>Endere\u00e7o<\/strong>:&nbsp;Estrada da Igara, s\/n &#8211; Zona Rural, Senhor do Bonfim &#8211; Bahia, CEP: 48970-000<\/figcaption><\/figure>\n","protected":false},"excerpt":{"rendered":"<p>PROCESSO SELETIVO PARA INGRESSO DE ESTUDANTES NO CURSO DE GRADUA\u00c7\u00c3O BACHARELADO EM ADMINISTRA\u00c7\u00c3O APRESENTA\u00c7\u00c3O O DIRETOR-GERAL DO INSTITUTO FEDERAL DE EDUCA\u00c7\u00c3O, CI\u00caNCIA E TECNOLOGIA BAIANO \u2013 CAMPUS SENHOR DO BONFIM, no uso de suas atribui\u00e7\u00f5es delegadas pela Portaria n\u00b0 283 de 18 de mar\u00e7o de 2022. Publicada no Di\u00e1rio Oficial de Uni\u00e3o do dia 21 [&hellip;]<\/p>\n","protected":false},"author":136,"featured_media":0,"parent":0,"menu_order":0,"comment_status":"closed","ping_status":"closed","template":"","meta":[],"_links":{"self":[{"href":"https:\/\/www.ifbaiano.edu.br\/unidades\/bonfim\/wp-json\/wp\/v2\/pages\/19655"}],"collection":[{"href":"https:\/\/www.ifbaiano.edu.br\/unidades\/bonfim\/wp-json\/wp\/v2\/pages"}],"about":[{"href":"https:\/\/www.ifbaiano.edu.br\/unidades\/bonfim\/wp-json\/wp\/v2\/types\/page"}],"author":[{"embeddable":true,"href":"https:\/\/www.ifbaiano.edu.br\/unidades\/bonfim\/wp-json\/wp\/v2\/users\/136"}],"replies":[{"embeddable":true,"href":"https:\/\/www.ifbaiano.edu.br\/unidades\/bonfim\/wp-json\/wp\/v2\/comments?post=19655"}],"version-history":[{"count":37,"href":"https:\/\/www.ifbaiano.edu.br\/unidades\/bonfim\/wp-json\/wp\/v2\/pages\/19655\/revisions"}],"predecessor-version":[{"id":20583,"href":"https:\/\/www.ifbaiano.edu.br\/unidades\/bonfim\/wp-json\/wp\/v2\/pages\/19655\/revisions\/20583"}],"wp:attachment":[{"href":"https:\/\/www.ifbaiano.edu.br\/unidades\/bonfim\/wp-json\/wp\/v2\/media?parent=19655"}],"curies":[{"name":"wp","href":"https:\/\/api.w.org\/{rel}","templated":true}]}}