{"id":20828,"date":"2025-04-15T13:54:01","date_gmt":"2025-04-15T16:54:01","guid":{"rendered":"https:\/\/www.ifbaiano.edu.br\/unidades\/bonfim\/?page_id=20828"},"modified":"2025-07-03T22:06:08","modified_gmt":"2025-07-04T01:06:08","slug":"sisu-2025-lista-de-espera","status":"publish","type":"page","link":"https:\/\/www.ifbaiano.edu.br\/unidades\/bonfim\/sisu-2025-lista-de-espera\/","title":{"rendered":"SISU 2025 &#8211; Lista de Espera"},"content":{"rendered":"\n<p><\/p>\n\n\n\n<p>O DIRETOR-GERAL DO INSTITUTO FEDERAL DE EDUCA\u00c7\u00c3O, CI\u00caNCIA E TECNOLOGIA BAIANO (IF BAIANO) CAMPUS SENHOR DO BONFIM, no uso de suas atribui\u00e7\u00f5es delegadas pela Portaria n\u00b0 283 de 18 de mar\u00e7o de 2022, publicada no Di\u00e1rio Oficial de Uni\u00e3o do dia 21 de mar\u00e7o de 2022. Se\u00e7\u00e3o 2.p\u00e1gina 54, e de acordo com as disposi\u00e7\u00f5es contidas na Lei N\u00ba 11.892, de 29 de dezembro de 2008, e na Lei N\u00ba 8.112, de 11 de dezembro de 1990, em conformidade com a Lei N\u00b0 9.394, de 20 de dezembro de 1996, e suas altera\u00e7\u00f5es e, ainda, considerando a Resolu\u00e7\u00e3o do Conselho Pleno do Conselho Nacional de Educa\u00e7\u00e3o (CNE\/CP) N\u00ba 04, de 17 de dezembro de 2018; o Decreto n\u00ba 11.016, de 29 de mar\u00e7o de 2022; a Lei n\u00ba 8.666, de 21 de junho de 1993; o Decreto N\u00ba 3.298, de 20 de dezembro de 1999; a Lei N\u00ba 12.764, de 27 de dezembro de 2012; a Lei N\u00ba 12.711, de 29 de agosto de 2012, e suas regulamenta\u00e7\u00f5es; a Lei N\u00ba 10.741, de 1\u00ba de outubro de 2003; a Lei N\u00ba 13.409, de 28 de dezembro de 2016; o Decreto N\u00ba 7.824, de 11 de outubro de 2012; a Portaria do Minist\u00e9rio da Educa\u00e7\u00e3o (MEC) N\u00ba 18, de 11 de outubro de 2012, e suas altera\u00e7\u00f5es, observando o disposto na Resolu\u00e7\u00e3o N\u00ba 153\/2021 -OS-CONSUP\/IFBAIANO, de 18 de agosto de 2021, na Instru\u00e7\u00e3o Normativa 67\/2023 &#8211; RET-GAB\/RET\/IFBAIANO, de 13 de setembro de 2023, na Portaria Normativa 19\/2023 &#8211; RET-GAB\/RET\/IFBAIANO, de 21 de setembro de 2023 e na legisla\u00e7\u00e3o concernente, torna p\u00fablica as etapas e convoca\u00e7\u00f5es para os processos de matr\u00edcula e listas de espera para os cursos de gradua\u00e7\u00e3o ofertados pelo Instituto Federal de Educa\u00e7\u00e3o Ci\u00eancia e Tecnologia Baiano, para ingresso no 1\u00ba semestre de 2025, que utilizar\u00e1 o Sistema de Sele\u00e7\u00e3o Unificada (SiSU).<\/p>\n\n\n\n<hr class=\"wp-block-separator has-alpha-channel-opacity\" \/>\n\n\n\n<p class=\"has-small-font-size\"><mark class=\"has-inline-color has-black-color\">Editais e Documentos:<\/mark><\/p>\n\n\n\n<p><a href=\"https:\/\/www.ifbaiano.edu.br\/unidades\/bonfim\/files\/2025\/07\/OITAVA-CHAMADA-DA-LISTA-DE-ESPERA.pdf\">8\u00aa Chamada da Lista de Espera<\/a><\/p>\n\n\n\n<p><a href=\"https:\/\/www.ifbaiano.edu.br\/unidades\/bonfim\/files\/2025\/06\/SETIMA-CHMADA-DA-LISTA-DE-ESPERA-SISU-2025.pdf\" data-type=\"URL\" data-id=\"https:\/\/www.ifbaiano.edu.br\/unidades\/bonfim\/files\/2025\/06\/SETIMA-CHMADA-DA-LISTA-DE-ESPERA-SISU-2025.pdf\">7\u00b0 Chamada da Lista de Espera<\/a><\/p>\n\n\n\n<p><a rel=\"noreferrer noopener\" href=\"https:\/\/concurso.ifbaiano.edu.br\/portal\/ingresso-2025-cursos-superiores-sisu-bonfim-janeiro-2025\/wp-content\/uploads\/sites\/1139\/2025\/03\/5a-Chamada-da-Lista-de-Espera.pdf\" target=\"_blank\">5\u00aa Chamada da Lista de Espera<\/a><\/p>\n\n\n\n<p><a rel=\"noreferrer noopener\" href=\"https:\/\/concurso.ifbaiano.edu.br\/portal\/ingresso-2025-cursos-superiores-sisu-bonfim-janeiro-2025\/wp-content\/uploads\/sites\/1139\/2025\/03\/QUARTA-CHAMADA-DA-LISTA-DE-ESPERA.pdf\" target=\"_blank\">4\u00aa Chamada da Lista de Espera<\/a><\/p>\n\n\n\n<p><a rel=\"noreferrer noopener\" href=\"https:\/\/concurso.ifbaiano.edu.br\/portal\/ingresso-2025-cursos-superiores-sisu-bonfim-janeiro-2025\/wp-content\/uploads\/sites\/1139\/2025\/03\/Resultado-Preliminar-Banca-Heteroidentificacao.pdf\" target=\"_blank\">Resultado Definitivo da Banca de Heteroidentifica\u00e7\u00e3o (3\u00aa Chamada da Lista de Espera)<\/a><\/p>\n\n\n\n<p><a rel=\"noreferrer noopener\" href=\"https:\/\/concurso.ifbaiano.edu.br\/portal\/ingresso-2025-cursos-superiores-sisu-bonfim-janeiro-2025\/wp-content\/uploads\/sites\/1139\/2025\/02\/Resultado-Preliminar-Banca-Heteroidentificacao.docx\" target=\"_blank\">Resultado Preliminar \u2013 Banca Heteroidentifica\u00e7\u00e3o da 3\u00aa chamada Lista de Espera<\/a><\/p>\n\n\n\n<p><a rel=\"noreferrer noopener\" href=\"https:\/\/concurso.ifbaiano.edu.br\/portal\/ingresso-2025-cursos-superiores-sisu-bonfim-janeiro-2025\/wp-content\/uploads\/sites\/1139\/2025\/02\/Convocacao-para-Matricula-e-Banca-de-Heteroidentificacao-3a-Chamada-da-Lista-de-Espera-RETIFICACAO.pdf\" target=\"_blank\">Convoca\u00e7\u00e3o Matr\u00edcula e Banca de Heteroidentifica\u00e7\u00e3o 3\u00aa Chamada Lista de Espera \u2013 Retifica\u00e7\u00e3o<\/a><\/p>\n\n\n\n<p><a rel=\"noreferrer noopener\" href=\"https:\/\/concurso.ifbaiano.edu.br\/portal\/ingresso-2025-cursos-superiores-sisu-bonfim-janeiro-2025\/wp-content\/uploads\/sites\/1139\/2025\/02\/COMUNICADO-05.pdf\" target=\"_blank\">Comunicado n\u00ba 05 \u2013 Convoca\u00e7\u00e3o para Matr\u00edcula \u2013 3\u00aa Chamada da Lista de Espera<\/a><\/p>\n\n\n\n<p><a rel=\"noreferrer noopener\" href=\"https:\/\/concurso.ifbaiano.edu.br\/portal\/ingresso-2025-cursos-superiores-sisu-bonfim-janeiro-2025\/wp-content\/uploads\/sites\/1139\/2025\/02\/Resultado-Definitivo-Banca-Heteroidentificacao-24.02.2025-Segunda-Chamada-da-Lista-de-Espera.pdf\" target=\"_blank\">Resultado Definitivo \u2013 Banca Heteroidentifica\u00e7\u00e3o \u2013 2\u00aa Chamada da Lista de Espera<\/a><\/p>\n\n\n\n<p><a rel=\"noreferrer noopener\" href=\"https:\/\/concurso.ifbaiano.edu.br\/portal\/ingresso-2025-cursos-superiores-sisu-bonfim-janeiro-2025\/wp-content\/uploads\/sites\/1139\/2025\/02\/COMUNICADO-04-CONVOCACAO-PARA-MATRICULAS.pdf\" target=\"_blank\">Comunicado n\u00ba 04: Convoca\u00e7\u00e3o para Matr\u00edculas \u2013 2\u00aa Chamada da Lista de Espera<\/a><\/p>\n\n\n\n<p><a rel=\"noreferrer noopener\" href=\"https:\/\/concurso.ifbaiano.edu.br\/portal\/ingresso-2025-cursos-superiores-sisu-bonfim-janeiro-2025\/wp-content\/uploads\/sites\/1139\/2025\/02\/Resultado-Definitivo-Banca-Heteroidentificacao-17.02.2025-RETIFICADO.pdf\" target=\"_blank\">Resultado Definitivo- Banca Heteroidentifica\u00e7\u00e3o 17.02.2025 (Retificado)<\/a><\/p>\n\n\n\n<p><a rel=\"noreferrer noopener\" href=\"https:\/\/concurso.ifbaiano.edu.br\/portal\/ingresso-2025-cursos-superiores-sisu-bonfim-janeiro-2025\/wp-content\/uploads\/sites\/1139\/2025\/02\/DOC-20250217-WA0016.pdf\" target=\"_blank\">Resultado Definitivo da Banca de Heteroidentifica\u00e7\u00e3o \u2013 1\u00aa Chamada da Lista de Espera<\/a><\/p>\n\n\n\n<p><a href=\"https:\/\/www.ifbaiano.edu.br\/unidades\/bonfim\/files\/2025\/02\/COMUNICADO-02-MATRICULAS-DA-CHAMADA-REGULAR.pdf\">Comunicado 02: Matr\u00edculas da chamada regular<\/a><\/p>\n\n\n\n<p><a href=\"https:\/\/www.ifbaiano.edu.br\/unidades\/bonfim\/files\/2025\/02\/RESULTADO-DEFINITIVO-DA-BANCA-DE-HETEROIDENTIFICACAO-RECONVOCACAO-%E2%80%93-CHAMADA-REGULAR.pdf\">Resultado Definitivo da Banca de Heteroidentifica\u00e7\u00e3o da Chamada Regular ap\u00f3s Reconvoca\u00e7\u00f5es<\/a><\/p>\n\n\n\n<p><a rel=\"noreferrer noopener\" href=\"https:\/\/www.ifbaiano.edu.br\/unidades\/bonfim\/files\/2025\/02\/RESULTADO-PRELIMINAR-DA-BANCA-DE-HETEROIDENTIFICACAO-%E2%80%93-CHAMADA-REGULAR-Apos-Reconvocacao.pdf\" target=\"_blank\">Resultado Preliminar da Banca de Heteroidentifica\u00e7\u00e3o da Chamada Regular ap\u00f3s Reconvoca\u00e7\u00f5es<\/a><\/p>\n\n\n\n<p><a rel=\"noreferrer noopener\" href=\"https:\/\/concurso.ifbaiano.edu.br\/portal\/ingresso-2025-cursos-superiores-sisu-bonfim-janeiro-2025\/wp-content\/uploads\/sites\/1139\/2025\/01\/RESULTADO-DEFINITIVO-POS-RECURSO-DA-BANCA-DE-HETEROIDENTIFICACAO-%E2%80%93-CHAMADA-REGULAR.pdf\" target=\"_blank\">Resultado Definitivo (P\u00f3s Recurso) da Banca de Heteroidentifica\u00e7\u00e3o \u2013 Chamada Regular<\/a><\/p>\n\n\n\n<p><a rel=\"noreferrer noopener\" href=\"https:\/\/concurso.ifbaiano.edu.br\/portal\/ingresso-2025-cursos-superiores-sisu-bonfim-janeiro-2025\/wp-content\/uploads\/sites\/1139\/2025\/01\/RESULTADO-PRELIMINAR-DA-BANCA-DE-HETEROIDENTIFICACAO-%E2%80%93-CHAMADA-REGULAR.pdf\" target=\"_blank\">Resultado Preliminar da Banca de Heteroidentifica\u00e7\u00e3o \u2013 Chamada Regular<\/a><\/p>\n\n\n\n<p><a rel=\"noreferrer noopener\" href=\"https:\/\/concurso.ifbaiano.edu.br\/portal\/ingresso-2025-cursos-superiores-sisu-bonfim-janeiro-2025\/wp-content\/uploads\/sites\/1139\/2025\/01\/COMUNICADO.pdf\" target=\"_blank\"><br>Comunicado \u2013 Novo Cronograma de Matr\u00edcula e Banca de Heteroidentifica\u00e7\u00e3o<\/a><\/p>\n\n\n\n<p><a rel=\"noreferrer noopener\" href=\"https:\/\/concurso.ifbaiano.edu.br\/portal\/ingresso-2025-cursos-superiores-sisu-bonfim-janeiro-2025\/wp-content\/uploads\/sites\/1139\/2025\/01\/EDITAL-10-CHAMADA-PARA-MATRICULA-E-LISTAS-DE-ESPERA-1a-RETIFICACAO.pdf\" target=\"_blank\">Chamada para Matr\u00edcula e Listas de Espera (1\u00aa Retifica\u00e7\u00e3o)<\/a><\/p>\n\n\n\n<p><a rel=\"noreferrer noopener\" href=\"https:\/\/concurso.ifbaiano.edu.br\/portal\/ingresso-2025-cursos-superiores-sisu-bonfim-janeiro-2025\/wp-content\/uploads\/sites\/1139\/2025\/01\/Edital-no-08.pdf\" target=\"_blank\">Edital n\u00ba 8 -Sele\u00e7\u00e3o Estudantes SISU 2025 \u2013 vagas em gradua\u00e7\u00f5es IF Baiano \u2013 Campus Senhor do Bonfim<\/a><\/p>\n\n\n\n<p><a rel=\"noreferrer noopener\" href=\"https:\/\/concurso.ifbaiano.edu.br\/portal\/ingresso-2025-cursos-superiores-sisu-bonfim-janeiro-2025\/wp-content\/uploads\/sites\/1139\/2025\/01\/Edital-no-05-de-15-de-Janeiro-de-2025.pdf\" target=\"_blank\">Edital n\u00ba 5 \u2013 Chamadas para Matr\u00edcula e Listas de Espera SISU 2025<\/a><\/p>\n\n\n\n<p class=\"has-text-align-center\"><strong><mark>Para acessar o site de Concursos e Sele\u00e7\u00f5es do IF Baiano que cont\u00e9m a p\u00e1gina do Sisu 2025 do Campus Senhor do Bonfim, clique no link abaixo:<\/mark><\/strong><\/p>\n\n\n\n<p><a rel=\"noreferrer noopener\" href=\"https:\/\/concurso.ifbaiano.edu.br\/portal\/ingresso-2025-cursos-superiores-sisu-bonfim-janeiro-2025\/\" target=\"_blank\">Ingresso de Estudantes 2025 \u2013 Cursos Superiores \u2013 SISU \u2013 Campus Senhor do Bonfim \u2013 Janeiro 2025<\/a><\/p>\n","protected":false},"excerpt":{"rendered":"<p>O DIRETOR-GERAL DO INSTITUTO FEDERAL DE EDUCA\u00c7\u00c3O, CI\u00caNCIA E TECNOLOGIA BAIANO (IF BAIANO) CAMPUS SENHOR DO BONFIM, no uso de suas atribui\u00e7\u00f5es delegadas pela Portaria n\u00b0 283 de 18 de mar\u00e7o de 2022, publicada no Di\u00e1rio Oficial de Uni\u00e3o do dia 21 de mar\u00e7o de 2022. Se\u00e7\u00e3o 2.p\u00e1gina 54, e de acordo com as disposi\u00e7\u00f5es [&hellip;]<\/p>\n","protected":false},"author":158,"featured_media":0,"parent":0,"menu_order":0,"comment_status":"closed","ping_status":"closed","template":"","meta":[],"_links":{"self":[{"href":"https:\/\/www.ifbaiano.edu.br\/unidades\/bonfim\/wp-json\/wp\/v2\/pages\/20828"}],"collection":[{"href":"https:\/\/www.ifbaiano.edu.br\/unidades\/bonfim\/wp-json\/wp\/v2\/pages"}],"about":[{"href":"https:\/\/www.ifbaiano.edu.br\/unidades\/bonfim\/wp-json\/wp\/v2\/types\/page"}],"author":[{"embeddable":true,"href":"https:\/\/www.ifbaiano.edu.br\/unidades\/bonfim\/wp-json\/wp\/v2\/users\/158"}],"replies":[{"embeddable":true,"href":"https:\/\/www.ifbaiano.edu.br\/unidades\/bonfim\/wp-json\/wp\/v2\/comments?post=20828"}],"version-history":[{"count":6,"href":"https:\/\/www.ifbaiano.edu.br\/unidades\/bonfim\/wp-json\/wp\/v2\/pages\/20828\/revisions"}],"predecessor-version":[{"id":22045,"href":"https:\/\/www.ifbaiano.edu.br\/unidades\/bonfim\/wp-json\/wp\/v2\/pages\/20828\/revisions\/22045"}],"wp:attachment":[{"href":"https:\/\/www.ifbaiano.edu.br\/unidades\/bonfim\/wp-json\/wp\/v2\/media?parent=20828"}],"curies":[{"name":"wp","href":"https:\/\/api.w.org\/{rel}","templated":true}]}}