{"id":20882,"date":"2025-04-16T07:57:17","date_gmt":"2025-04-16T10:57:17","guid":{"rendered":"https:\/\/www.ifbaiano.edu.br\/unidades\/bonfim\/?page_id=20882"},"modified":"2025-05-09T13:33:26","modified_gmt":"2025-05-09T16:33:26","slug":"portais-de-busca","status":"publish","type":"page","link":"https:\/\/www.ifbaiano.edu.br\/unidades\/bonfim\/portais-de-busca\/","title":{"rendered":"Portais de Busca"},"content":{"rendered":"\n<strong><div id=\"TituloMenu\" class=\"dnone\"> Portal de Peri\u00f3dicos da CAPES <\/div> <\/strong><\/p><p>\n\n\n\n<p>O Portal de Peri\u00f3dicos da Capes \u00e9 uma biblioteca virtual que re\u00fane e disponibiliza a institui\u00e7\u00f5es de ensino e pesquisa no Brasil o melhor da produ\u00e7\u00e3o cient\u00edfica internacional.<\/p>\n\n\n\n<p>\u00bb Acesse os peri\u00f3dicos da CAPES em&nbsp;<a href=\"http:\/\/www.periodicos.capes.gov.br\/\">periodicos.capes.gov.br<\/a><\/p>\n\n\n\n<strong><div id=\"TituloMenu\" class=\"dnone\"> SciELO \u2013 Scientific Electronic Library Online <\/div> <\/strong><\/p><p>\n\n\n\n<p>SciELO<strong>&nbsp;<\/strong>\u2013&nbsp;<em>Scientific Electronic Library Online<\/em>&nbsp;(Biblioteca Cient\u00edfica Eletr\u00f4nica em Linha)&nbsp;\u00e9 um modelo para a publica\u00e7\u00e3o eletr\u00f4nica cooperativa de peri\u00f3dicos cient\u00edficos na Internet.&nbsp;Cole\u00e7\u00e3o multidisciplinar de revistas cient\u00edficas e livros do Brasil, al\u00e9m de revistas do Chile, Cuba, Espanha, Venezuela e outros pa\u00edses da Am\u00e9rica Latina.<\/p>\n\n\n\n<p>\u00bb Para acessar,&nbsp;<a href=\"https:\/\/scielo.org\/\">www.scielo.org<\/a><\/p>\n","protected":false},"excerpt":{"rendered":"<p>Portal de Peri\u00f3dicos da CAPES O Portal de Peri\u00f3dicos da Capes \u00e9 uma biblioteca virtual que re\u00fane e disponibiliza a institui\u00e7\u00f5es de ensino e pesquisa no Brasil o melhor da produ\u00e7\u00e3o cient\u00edfica internacional. \u00bb Acesse os peri\u00f3dicos da CAPES em&nbsp;periodicos.capes.gov.br SciELO \u2013 Scientific Electronic Library Online SciELO&nbsp;\u2013&nbsp;Scientific Electronic Library Online&nbsp;(Biblioteca Cient\u00edfica Eletr\u00f4nica em Linha)&nbsp;\u00e9 um [&hellip;]<\/p>\n","protected":false},"author":158,"featured_media":0,"parent":0,"menu_order":0,"comment_status":"closed","ping_status":"closed","template":"","meta":[],"_links":{"self":[{"href":"https:\/\/www.ifbaiano.edu.br\/unidades\/bonfim\/wp-json\/wp\/v2\/pages\/20882"}],"collection":[{"href":"https:\/\/www.ifbaiano.edu.br\/unidades\/bonfim\/wp-json\/wp\/v2\/pages"}],"about":[{"href":"https:\/\/www.ifbaiano.edu.br\/unidades\/bonfim\/wp-json\/wp\/v2\/types\/page"}],"author":[{"embeddable":true,"href":"https:\/\/www.ifbaiano.edu.br\/unidades\/bonfim\/wp-json\/wp\/v2\/users\/158"}],"replies":[{"embeddable":true,"href":"https:\/\/www.ifbaiano.edu.br\/unidades\/bonfim\/wp-json\/wp\/v2\/comments?post=20882"}],"version-history":[{"count":2,"href":"https:\/\/www.ifbaiano.edu.br\/unidades\/bonfim\/wp-json\/wp\/v2\/pages\/20882\/revisions"}],"predecessor-version":[{"id":21633,"href":"https:\/\/www.ifbaiano.edu.br\/unidades\/bonfim\/wp-json\/wp\/v2\/pages\/20882\/revisions\/21633"}],"wp:attachment":[{"href":"https:\/\/www.ifbaiano.edu.br\/unidades\/bonfim\/wp-json\/wp\/v2\/media?parent=20882"}],"curies":[{"name":"wp","href":"https:\/\/api.w.org\/{rel}","templated":true}]}}