{"id":20890,"date":"2025-04-16T08:29:24","date_gmt":"2025-04-16T11:29:24","guid":{"rendered":"https:\/\/www.ifbaiano.edu.br\/unidades\/bonfim\/?page_id=20890"},"modified":"2025-05-09T13:37:40","modified_gmt":"2025-05-09T16:37:40","slug":"acesso-as-bases-de-dados-2","status":"publish","type":"page","link":"https:\/\/www.ifbaiano.edu.br\/unidades\/bonfim\/acesso-as-bases-de-dados-2\/","title":{"rendered":"Acesso a Base de Dados"},"content":{"rendered":"\n<div class=\"wp-block-columns is-layout-flex wp-container-4\">\n<div class=\"wp-block-column is-layout-flow\">\n<strong><div id=\"TituloMenu\" class=\"dnone\"> gerais<\/div> <\/strong><\/p><p>\n\n\n\n<p class=\"has-small-font-size\"><a href=\"http:\/\/bdtd.ibict.br\" target=\"_blank\" rel=\"noreferrer noopener\">http:\/\/bdtd.ibict.br<\/a><\/p>\n\n\n\n<p class=\"has-small-font-size\"><a href=\"http:\/\/www.doaj.org\">http:\/\/<\/a><a href=\"http:\/\/www.doaj.org\" target=\"_blank\" rel=\"noreferrer noopener\">www.doaj<\/a><a href=\"http:\/\/www.doaj.org\">.org<\/a><\/p>\n\n\n\n<p class=\"has-small-font-size\"><a href=\"http:\/\/search.ndltd.org\">http:\/\/<\/a><a href=\"http:\/\/search.ndltd.org\" target=\"_blank\" rel=\"noreferrer noopener\">search<\/a><a href=\"http:\/\/search.ndltd.org\">.ndltd.org<\/a><\/p>\n\n\n\n<p class=\"has-small-font-size\"><a href=\"http:\/\/bvsalud.org\" target=\"_blank\" rel=\"noreferrer noopener\">http:\/\/bvsalud.org<\/a><\/p>\n\n\n\n<p class=\"has-small-font-size\"><a href=\"http:\/\/periodicos.fiocruz.br\">http:\/<\/a><a href=\"http:\/\/periodicos.fiocruz.br\" target=\"_blank\" rel=\"noreferrer noopener\">\/periodicos.fiocruz.br<\/a><\/p>\n\n\n\n<p class=\"has-small-font-size\"><a href=\"http:\/\/www.scielo.org\">http:\/\/www.scielo.org<\/a><\/p>\n\n\n\n<p class=\"has-small-font-size\"><a href=\"http:\/\/books.scielo.org\/\" target=\"_blank\" rel=\"noreferrer noopener\">http:\/\/books.scielo.org\/<\/a><\/p>\n\n\n\n<p class=\"has-small-font-size\"><a href=\"http:\/\/www.sidra.ibge.gov.br\" target=\"_blank\" rel=\"noreferrer noopener\">http:\/\/www.sidra.ibge.gov.br<\/a><\/p>\n\n\n\n<p class=\"has-small-font-size\"><a href=\"https:\/\/catalog.loc.gov\/\" target=\"_blank\" rel=\"noreferrer noopener\">https:\/\/catalog.loc.gov\/<\/a><\/p>\n\n\n\n<p class=\"has-small-font-size\"><a href=\"http:\/\/www.bl.uk\/\" target=\"_blank\" rel=\"noreferrer noopener\">http:\/\/www.bl.uk\/<\/a><\/p>\n<\/div>\n\n\n\n<div class=\"wp-block-column is-layout-flow\">\n<strong><div id=\"TituloMenu\" class=\"dnone\"> CI\u00caNCIAS AGR\u00c1RIAS<\/div> <\/strong><\/p><p>\n\n\n\n<p class=\"has-small-font-size\"><a href=\"http:\/\/www.sidalc.net\/\" target=\"_blank\" rel=\"noreferrer noopener\">http:\/\/www.sidalc.net\/<\/a><\/p>\n\n\n\n<p class=\"has-small-font-size\"><a href=\"https:\/\/www.ipef.br\/publicacoes\/\" target=\"_blank\" rel=\"noreferrer noopener\">IPEF &#8211; Instituto de Pesquisas e Estudos Florestais<\/a><\/p>\n\n\n\n<p class=\"has-small-font-size\"><a href=\"https:\/\/www.embrapa.br\/publicacoes-e-bibliotecas\" target=\"_blank\" rel=\"noreferrer noopener\">Publica\u00e7\u00f5es e Bibliotecas &#8211; Portal Embrapa<\/a><\/p>\n\n\n\n<p class=\"has-small-font-size\"><a href=\"http:\/\/agricola.nal.usda.gov\/cgibin\/Pwebrecon.cgi?DB=local&amp;PAGE=bbSearc\" target=\"_blank\" rel=\"noreferrer noopener\">http:\/\/agricola.nal.usda.gov\/cgibin\/Pwebrecon.cgi?DB=local&amp;PAGE=bbSearc<\/a><\/p>\n\n\n\n<p class=\"has-small-font-size\"><a href=\"http:\/\/www.infoteca.cnptia.embrapa.br\/\" target=\"_blank\" rel=\"noreferrer noopener\">http:\/\/www.infoteca.cnptia.embrapa.br\/<\/a><\/p>\n\n\n\n<p class=\"has-small-font-size\"><a href=\"http:\/\/repositorio.ufpel.edu.br\/\" target=\"_blank\" rel=\"noreferrer noopener\">http:\/\/repositorio.ufpel.edu.br\/<\/a><\/p>\n\n\n\n<p class=\"has-small-font-size\"><a href=\"http:\/\/www.iz.sp.gov.br\/pos\/dissertacao.php\" target=\"_blank\" rel=\"noreferrer noopener\">http:\/\/www.iz.sp.gov.br\/pos\/dissertacao.php<\/a><\/p>\n\n\n\n<p class=\"has-small-font-size\"><a href=\"http:\/\/agris.fao.org\/agris-search\/index.do\" target=\"_blank\" rel=\"noreferrer noopener\">http:\/\/agris.fao.org\/agris-search\/index.do<\/a><\/p>\n\n\n\n<p class=\"has-small-font-size\"><a href=\"http:\/\/www.pesca.sp.gov.br\/dissertacoes_pg.php\" target=\"_blank\" rel=\"noreferrer noopener\">http:\/\/www.pesca.sp.gov.br\/dissertacoes_pg.php<\/a><\/p>\n<\/div>\n\n\n\n<div class=\"wp-block-column is-layout-flow\">\n<strong><div id=\"TituloMenu\" class=\"dnone\"> alimentos<\/div> <\/strong><\/p><p>\n\n\n\n<p class=\"has-small-font-size\"><a href=\"http:\/\/agricola.nal.usda.gov\/cgibin\/Pwebreon.cgi?DB=local&amp;PAGE=bbSearch\" target=\"_blank\" rel=\"noreferrer noopener\">http:\/\/agricola.nal.usda.gov\/cgibin\/Pwebreon.cgi?DB=local&amp;PAGE=bbSearch<\/a><\/p>\n\n\n\n<p class=\"has-small-font-size\"><a href=\"https:\/\/agris.fao.org\/\" target=\"_blank\" rel=\"noreferrer noopener\">AGRIS &#8211; Home<\/a><\/p>\n\n\n\n<p class=\"has-small-font-size\"><a href=\"http:\/\/repositorio.ufpel.edu.br\/\" target=\"_blank\" rel=\"noreferrer noopener\">http:\/\/repositorio.ufpel.edu.br\/<\/a><\/p>\n\n\n\n<p class=\"has-small-font-size\"><a href=\"http:\/\/worldwide.espacenet.com\/singleLineSearch?locale=en_ep\" target=\"_blank\" rel=\"noreferrer noopener\">http:\/\/worldwide.espacenet.com\/singleLineSearch?locale=en_ep<\/a><\/p>\n\n\n\n<p class=\"has-small-font-size\"><a href=\"http:\/\/www.rcaap.pt\/\" target=\"_blank\" rel=\"noreferrer noopener\">http:\/\/www.rcaap.pt\/<\/a><\/p>\n\n\n\n<p class=\"has-small-font-size\"><a href=\"http:\/\/www.lume.ufrgs.br\/\" target=\"_blank\" rel=\"noreferrer noopener\">http:\/\/www.lume.ufrgs.br\/<\/a><\/p>\n\n\n\n<p class=\"has-small-font-size\"><a href=\"http:\/\/www.infoteca.cnptia.embrapa.br\/\" target=\"_blank\" rel=\"noreferrer noopener\">http:\/\/www.infoteca.cnptia.embrapa.br\/<\/a><\/p>\n<\/div>\n<\/div>\n\n\n\n<div class=\"wp-block-columns is-layout-flex wp-container-8\">\n<div class=\"wp-block-column is-layout-flow\">\n<strong><div id=\"TituloMenu\" class=\"dnone\"> CI\u00caNCIAS da computa\u00e7\u00e3o<\/div> <\/strong><\/p><p>\n\n\n\n<p class=\"has-small-font-size\"><a href=\"http:\/\/seer.ufrgs.br\/index.php\/InfEducTeoriaPratica\" target=\"_blank\" rel=\"noreferrer noopener\">http:\/\/seer.ufrgs.br\/index.php\/InfEducTeoriaPratica<\/a><\/p>\n\n\n\n<p class=\"has-small-font-size\"><a href=\"http:\/\/revistas.pucsp.br\/index.php\/ReCET\/about\" target=\"_blank\" rel=\"noreferrer noopener\">http:\/\/revistas.pucsp.br\/index.php\/ReCET\/about<\/a><\/p>\n\n\n\n<p class=\"has-small-font-size\"><a href=\"http:\/\/www.dcc.ufla.br\/infocomp\/index.php\/INFOCOMPhttp:\/\/www.activedelphi.com.br\" target=\"_blank\" rel=\"noreferrer noopener\">http:\/\/www.dcc.ufla.br\/infocomp\/index.php\/INFOCOMPhttp:\/\/www.activedelphi.com.br<\/a><\/p>\n\n\n\n<p class=\"has-small-font-size\"><a href=\"http:\/\/www.iea.com.br\" target=\"_blank\" rel=\"noreferrer noopener\">http:\/\/www.iea.com.br<\/a><\/p>\n\n\n\n<p class=\"has-small-font-size\"><a href=\"http:\/\/www.lbd.dcc.ufmg.br\/bdbcomp\/servlet\/TrabalhosPeriodico?id=368\" target=\"_blank\" rel=\"noreferrer noopener\">http:\/\/www.lbd.dcc.ufmg.br\/bdbcomp\/servlet\/TrabalhosPeriodico?id=368<\/a><\/p>\n<\/div>\n\n\n\n<div class=\"wp-block-column is-layout-flow\">\n<strong><div id=\"TituloMenu\" class=\"dnone\"> zootecnia<\/div> <\/strong><\/p><p>\n\n\n\n<p class=\"has-small-font-size\"><a href=\"https:\/\/www.bvs-vet.org.br\/vetindex\/\" target=\"_blank\" rel=\"noreferrer noopener\">VETINDEX &#8211; Peri\u00f3dicos Brasileiros em Medicina Veterin\u00e1ria e Zootecnia<\/a><\/p>\n\n\n\n<p class=\"has-small-font-size\"><a href=\"https:\/\/portal.revistas.bvs.br\/pt\/journals\/detail\/?id=6733\" target=\"_blank\" rel=\"noreferrer noopener\">Portal de Revistas Cient\u00edficas em Ci\u00eancias da Sa\u00fade<\/a><\/p>\n\n\n\n<p class=\"has-small-font-size\"><a href=\"https:\/\/www.bvs-vet.org.br\/\" target=\"_blank\" rel=\"noreferrer noopener\">Biblioteca Virtual em Medicina Veterin\u00e1ria e Zootecnia BVS-Vet<\/a><\/p>\n<\/div>\n\n\n\n<div class=\"wp-block-column is-layout-flow\">\n<strong><div id=\"TituloMenu\" class=\"dnone\"> proeja <\/div> <\/strong><\/p><p>\n\n\n\n<p class=\"has-small-font-size\"><a href=\"http:\/\/www.eric.ed.gov\" target=\"_blank\" rel=\"noreferrer noopener\">http:\/\/www.eric.ed.gov<\/a><\/p>\n\n\n\n<p class=\"has-small-font-size\"><a href=\"https:\/\/www.fe.unicamp.br\/biblioteca\" target=\"_blank\" rel=\"noreferrer noopener\">https:\/\/www.fe.unicamp.br\/biblioteca<\/a><\/p>\n\n\n\n<p class=\"has-small-font-size\"><a href=\"http:\/\/www.eses.pt\/usr\/ramiro\/docs\/etica_pedagogia\/dicionario%20pedagogia.pdf\" target=\"_blank\" rel=\"noreferrer noopener\">http:\/\/www.eses.pt\/usr\/ramiro\/docs\/etica_pedagogia\/dicionario%20pedagogia.pdf<\/a><\/p>\n\n\n\n<p class=\"has-small-font-size\"><a href=\"http:\/\/www.teses.usp.br\/\" target=\"_blank\" rel=\"noreferrer noopener\">http:\/\/www.teses.usp.br\/<\/a><\/p>\n\n\n\n<p class=\"has-small-font-size\"><a href=\"https:\/\/www.ebscohost.com\/academic\/education-full-text\" target=\"_blank\" rel=\"noreferrer noopener\">https:\/\/www.ebscohost.com\/academic\/education-full-text<\/a><\/p>\n<\/div>\n<\/div>\n\n\n\n<div class=\"wp-block-columns is-layout-flex wp-container-12\">\n<div class=\"wp-block-column is-layout-flow\">\n<strong><div id=\"TituloMenu\" class=\"dnone\"> agropecu\u00e1ria<\/div> <\/strong><\/p><p>\n\n\n\n<p class=\"has-small-font-size\"><a href=\"http:\/\/www.bdpa.cnptia.embrapa.br\/\" target=\"_blank\" rel=\"noreferrer noopener\">http:\/\/www.bdpa.cnptia.embrapa.br\/<\/a><\/p>\n<\/div>\n\n\n\n<div class=\"wp-block-column is-layout-flow\"><\/div>\n\n\n\n<div class=\"wp-block-column is-layout-flow\"><\/div>\n<\/div>\n","protected":false},"excerpt":{"rendered":"<p>gerais http:\/\/bdtd.ibict.br http:\/\/www.doaj.org http:\/\/search.ndltd.org http:\/\/bvsalud.org http:\/\/periodicos.fiocruz.br http:\/\/www.scielo.org http:\/\/books.scielo.org\/ http:\/\/www.sidra.ibge.gov.br https:\/\/catalog.loc.gov\/ http:\/\/www.bl.uk\/ CI\u00caNCIAS AGR\u00c1RIAS http:\/\/www.sidalc.net\/ IPEF &#8211; Instituto de Pesquisas e Estudos Florestais Publica\u00e7\u00f5es e Bibliotecas &#8211; Portal Embrapa http:\/\/agricola.nal.usda.gov\/cgibin\/Pwebrecon.cgi?DB=local&amp;PAGE=bbSearc http:\/\/www.infoteca.cnptia.embrapa.br\/ http:\/\/repositorio.ufpel.edu.br\/ http:\/\/www.iz.sp.gov.br\/pos\/dissertacao.php http:\/\/agris.fao.org\/agris-search\/index.do http:\/\/www.pesca.sp.gov.br\/dissertacoes_pg.php alimentos http:\/\/agricola.nal.usda.gov\/cgibin\/Pwebreon.cgi?DB=local&amp;PAGE=bbSearch AGRIS &#8211; Home http:\/\/repositorio.ufpel.edu.br\/ http:\/\/worldwide.espacenet.com\/singleLineSearch?locale=en_ep http:\/\/www.rcaap.pt\/ http:\/\/www.lume.ufrgs.br\/ http:\/\/www.infoteca.cnptia.embrapa.br\/ CI\u00caNCIAS da computa\u00e7\u00e3o http:\/\/seer.ufrgs.br\/index.php\/InfEducTeoriaPratica http:\/\/revistas.pucsp.br\/index.php\/ReCET\/about http:\/\/www.dcc.ufla.br\/infocomp\/index.php\/INFOCOMPhttp:\/\/www.activedelphi.com.br http:\/\/www.iea.com.br http:\/\/www.lbd.dcc.ufmg.br\/bdbcomp\/servlet\/TrabalhosPeriodico?id=368 zootecnia VETINDEX &#8211; [&hellip;]<\/p>\n","protected":false},"author":158,"featured_media":0,"parent":0,"menu_order":0,"comment_status":"closed","ping_status":"closed","template":"","meta":[],"_links":{"self":[{"href":"https:\/\/www.ifbaiano.edu.br\/unidades\/bonfim\/wp-json\/wp\/v2\/pages\/20890"}],"collection":[{"href":"https:\/\/www.ifbaiano.edu.br\/unidades\/bonfim\/wp-json\/wp\/v2\/pages"}],"about":[{"href":"https:\/\/www.ifbaiano.edu.br\/unidades\/bonfim\/wp-json\/wp\/v2\/types\/page"}],"author":[{"embeddable":true,"href":"https:\/\/www.ifbaiano.edu.br\/unidades\/bonfim\/wp-json\/wp\/v2\/users\/158"}],"replies":[{"embeddable":true,"href":"https:\/\/www.ifbaiano.edu.br\/unidades\/bonfim\/wp-json\/wp\/v2\/comments?post=20890"}],"version-history":[{"count":17,"href":"https:\/\/www.ifbaiano.edu.br\/unidades\/bonfim\/wp-json\/wp\/v2\/pages\/20890\/revisions"}],"predecessor-version":[{"id":21637,"href":"https:\/\/www.ifbaiano.edu.br\/unidades\/bonfim\/wp-json\/wp\/v2\/pages\/20890\/revisions\/21637"}],"wp:attachment":[{"href":"https:\/\/www.ifbaiano.edu.br\/unidades\/bonfim\/wp-json\/wp\/v2\/media?parent=20890"}],"curies":[{"name":"wp","href":"https:\/\/api.w.org\/{rel}","templated":true}]}}