{"id":20913,"date":"2025-04-16T09:31:49","date_gmt":"2025-04-16T12:31:49","guid":{"rendered":"https:\/\/www.ifbaiano.edu.br\/unidades\/bonfim\/?page_id=20913"},"modified":"2025-05-06T15:20:22","modified_gmt":"2025-05-06T18:20:22","slug":"central-de-atendimento-ao-servidor","status":"publish","type":"page","link":"https:\/\/www.ifbaiano.edu.br\/unidades\/bonfim\/central-de-atendimento-ao-servidor\/","title":{"rendered":"Central de Atendimento ao Servidor"},"content":{"rendered":"\n<p>A Central de Atendimento ao&nbsp;Servidor&nbsp;(CAS-IFBAIANO)&nbsp;surgiu&nbsp;em conson\u00e2ncia com a evolu\u00e7\u00e3o da perspectiva de tratamento e abordagem \u00e0s pessoas no mundo do trabalho, colocando-as como&nbsp;inestim\u00e1vel&nbsp;componente de capital,&nbsp;devido a sua capacidade em gerar riquezas.<\/p>\n\n\n\n<p>Essa vertente contempor\u00e2nea ressignificou a Gest\u00e3o de Pessoal, colocando as pessoas como eixo principal sem, contudo, perder de vista o gerenciamento das rotinas administrativas, de folha de pagamento, manuten\u00e7\u00e3o registros e controles de servidores, bem como a vis\u00e3o sist\u00eamica da institui\u00e7\u00e3o e do ambiente laboral.<\/p>\n\n\n\n<p>Nesse sentido, a CAS-IFBAIANO incide fundamentalmente sobre novas formas de organiza\u00e7\u00e3o do trabalho desempenhado pela Gest\u00e3o de Pessoas do IF Baiano&nbsp;com o objetivo de sistematizar, otimizar e humanizar o atendimento aos servidores deste Instituto Federal.<\/p>\n\n\n\n<p>Portanto, trata-se de um canal direto com a Diretoria de Gest\u00e3o de Pessoas para esclarecimentos de d\u00favidas e realiza\u00e7\u00e3o de consultas sobre&nbsp;<em>status<\/em>&nbsp;de requerimentos e processos; agendamento para atendimento presencial e acompanhamento das principais demandas dos servidores.<\/p>\n\n\n\n<p>Assim, com a implementa\u00e7\u00e3o da CAS-IFBAIANO pretende-se sanar problemas na gest\u00e3o de processos, otimizando o fluxo processual da \u00e1rea de pessoal; diminuir o tempo de resposta aos questionamentos dos servidores e gerenciar com mais efic\u00e1cia as demandas de atendimento relacionadas a DGP. Al\u00e9m de possibilitar a difus\u00e3o de normas e procedimentos, bem como a elabora\u00e7\u00e3o de relat\u00f3rios estat\u00edsticos a exemplo de: atendimentos prestados, d\u00favidas recorrentes, \u00edndice de demandas das coordena\u00e7\u00f5es, dentre outros.<\/p>\n\n\n\n<div class=\"wp-block-buttons has-custom-font-size has-medium-font-size is-content-justification-center is-layout-flex wp-container-1\">\n<div class=\"wp-block-button has-custom-width wp-block-button__width-50\"><a class=\"wp-block-button__link has-white-color has-text-color has-background has-text-align-center wp-element-button\" href=\"https:\/\/ifbaiano.edu.br\/portal\/servidor\/\" style=\"background-color:#08573c\" target=\"_blank\" rel=\"noreferrer noopener\">P\u00e1gina do Servidor<\/a><\/div>\n<\/div>\n\n\n\n<hr class=\"wp-block-separator has-alpha-channel-opacity\" \/>\n\n\n\n<p><a href=\"https:\/\/portaldatransparencia.gov.br\/servidores\/consulta?orgaosServidorLotacao=UR26404000000023&amp;ordenarPor=nome&amp;direcao=asc\">Rela\u00e7\u00e3o dos servidores p\u00fablicos em exerc\u00edcio no IF Baiano<\/a><\/p>\n","protected":false},"excerpt":{"rendered":"<p>A Central de Atendimento ao&nbsp;Servidor&nbsp;(CAS-IFBAIANO)&nbsp;surgiu&nbsp;em conson\u00e2ncia com a evolu\u00e7\u00e3o da perspectiva de tratamento e abordagem \u00e0s pessoas no mundo do trabalho, colocando-as como&nbsp;inestim\u00e1vel&nbsp;componente de capital,&nbsp;devido a sua capacidade em gerar riquezas. Essa vertente contempor\u00e2nea ressignificou a Gest\u00e3o de Pessoal, colocando as pessoas como eixo principal sem, contudo, perder de vista o gerenciamento das rotinas administrativas, [&hellip;]<\/p>\n","protected":false},"author":158,"featured_media":0,"parent":0,"menu_order":0,"comment_status":"closed","ping_status":"closed","template":"","meta":[],"_links":{"self":[{"href":"https:\/\/www.ifbaiano.edu.br\/unidades\/bonfim\/wp-json\/wp\/v2\/pages\/20913"}],"collection":[{"href":"https:\/\/www.ifbaiano.edu.br\/unidades\/bonfim\/wp-json\/wp\/v2\/pages"}],"about":[{"href":"https:\/\/www.ifbaiano.edu.br\/unidades\/bonfim\/wp-json\/wp\/v2\/types\/page"}],"author":[{"embeddable":true,"href":"https:\/\/www.ifbaiano.edu.br\/unidades\/bonfim\/wp-json\/wp\/v2\/users\/158"}],"replies":[{"embeddable":true,"href":"https:\/\/www.ifbaiano.edu.br\/unidades\/bonfim\/wp-json\/wp\/v2\/comments?post=20913"}],"version-history":[{"count":9,"href":"https:\/\/www.ifbaiano.edu.br\/unidades\/bonfim\/wp-json\/wp\/v2\/pages\/20913\/revisions"}],"predecessor-version":[{"id":21436,"href":"https:\/\/www.ifbaiano.edu.br\/unidades\/bonfim\/wp-json\/wp\/v2\/pages\/20913\/revisions\/21436"}],"wp:attachment":[{"href":"https:\/\/www.ifbaiano.edu.br\/unidades\/bonfim\/wp-json\/wp\/v2\/media?parent=20913"}],"curies":[{"name":"wp","href":"https:\/\/api.w.org\/{rel}","templated":true}]}}

<p>A Central de Atendimento ao&nbsp;Servidor&nbsp;(CAS-IFBAIANO)&nbsp;surgiu&nbsp;em consonância com a evolução da perspectiva de tratamento e abordagem às pessoas no mundo do trabalho, colocando-as como&nbsp;inestimável&nbsp;componente de capital,&nbsp;devido a sua capacidade em gerar riquezas.</p>



<p>Essa vertente contemporânea ressignificou a Gestão de Pessoal, colocando as pessoas como eixo principal sem, contudo, perder de vista o gerenciamento das rotinas administrativas, de folha de pagamento, manutenção registros e controles de servidores, bem como a visão sistêmica da instituição e do ambiente laboral.</p>



<p>Nesse sentido, a CAS-IFBAIANO incide fundamentalmente sobre novas formas de organização do trabalho desempenhado pela Gestão de Pessoas do IF Baiano&nbsp;com o objetivo de sistematizar, otimizar e humanizar o atendimento aos servidores deste Instituto Federal.</p>



<p>Portanto, trata-se de um canal direto com a Diretoria de Gestão de Pessoas para esclarecimentos de dúvidas e realização de consultas sobre&nbsp;<em>status</em>&nbsp;de requerimentos e processos; agendamento para atendimento presencial e acompanhamento das principais demandas dos servidores.</p>



<p>Assim, com a implementação da CAS-IFBAIANO pretende-se sanar problemas na gestão de processos, otimizando o fluxo processual da área de pessoal; diminuir o tempo de resposta aos questionamentos dos servidores e gerenciar com mais eficácia as demandas de atendimento relacionadas a DGP. Além de possibilitar a difusão de normas e procedimentos, bem como a elaboração de relatórios estatísticos a exemplo de: atendimentos prestados, dúvidas recorrentes, índice de demandas das coordenações, dentre outros.</p>



<div class="wp-block-buttons has-custom-font-size has-medium-font-size is-content-justification-center is-layout-flex wp-container-1">
<div class="wp-block-button has-custom-width wp-block-button__width-50"><a class="wp-block-button__link has-white-color has-text-color has-background has-text-align-center wp-element-button" href="https://ifbaiano.edu.br/portal/servidor/" style="background-color:#08573c" target="_blank" rel="noreferrer noopener">Página do Servidor</a></div>
</div>



<hr class="wp-block-separator has-alpha-channel-opacity" />



<p><a href="https://portaldatransparencia.gov.br/servidores/consulta?orgaosServidorLotacao=UR26404000000023&amp;ordenarPor=nome&amp;direcao=asc">Relação dos servidores públicos em exercício no IF Baiano</a></p>

<p>A Central de Atendimento ao&nbsp;Servidor&nbsp;(CAS-IFBAIANO)&nbsp;surgiu&nbsp;em consonância com a evolução da perspectiva de tratamento e abordagem às pessoas no mundo do trabalho, colocando-as como&nbsp;inestimável&nbsp;componente de capital,&nbsp;devido a sua capacidade em gerar riquezas. Essa vertente contemporânea ressignificou a Gestão de Pessoal, colocando as pessoas como eixo principal sem, contudo, perder de vista o gerenciamento das rotinas administrativas, [&hellip;]</p>
