{"id":20921,"date":"2025-04-16T09:59:29","date_gmt":"2025-04-16T12:59:29","guid":{"rendered":"https:\/\/www.ifbaiano.edu.br\/unidades\/bonfim\/?page_id=20921"},"modified":"2025-04-16T09:59:29","modified_gmt":"2025-04-16T12:59:29","slug":"programa-de-gestao-teletrabalho-2022","status":"publish","type":"page","link":"https:\/\/www.ifbaiano.edu.br\/unidades\/bonfim\/programa-de-gestao-teletrabalho-2022\/","title":{"rendered":"Programa de Gest\u00e3o \u2013 TELETRABALHO 2022"},"content":{"rendered":"\n<p>O DIRETOR-GERAL DO INSTITUTO FEDERAL DE EDUCA\u00c7\u00c3O, CI\u00caNCIA E TECNOLOGIA BAIANO- CAMPUS SENHOR DO BONFIM, no uso de suas atribui\u00e7\u00f5es legais delegadas pela Portaria n\u00ba. 283, de 18\/03\/2022, publicada no D.O.U de 21\/03\/2022, Se\u00e7\u00e3o 2, p\u00e1gina 26, e de acordo com as disposi\u00e7\u00f5es contidas na Lei n\u00ba 11.892, de 29\/12\/2018, e na Lei n\u00ba 8.112\/1990, e, tendo em vista a Resolu\u00e7\u00e3o CONSUP 182\/2022 &#8211; OS-CONSUP\/IF BAIANO, de 1 de fevereiro de 2022, que aprova o Programa de Gest\u00e3o do Teletrabalho no \u00e2mbito do IF Baiano, e conforme disposi\u00e7\u00f5es contidas na Portaria 02\/2022\/RET-SCS\/RETGA, de 18 de fevereiro de 2022 e Nota T\u00e9cnica SEI 32923\/2021\/ME, torna p\u00fablica a abertura do EDITAL DE INSCRI\u00c7\u00c3O DE SERVIDORES PARA ADES\u00c3O AO PROGRAMA DE GEST\u00c3O DO TELETRABALHOPARCIAL NO IF BAIANO CAMPUS SR. DO BONFIM.<\/p>\n\n\n\n<hr class=\"wp-block-separator has-alpha-channel-opacity\" \/>\n\n\n\n<p class=\"has-small-font-size\">Editais e Documentos<\/p>\n\n\n\n<ul>\n<li><a href=\"https:\/\/www.ifbaiano.edu.br\/unidades\/bonfim\/files\/2022\/08\/PORTARIA-57-2022-TELETRABALHO.pdf\">Portaria 57\/2022 \u2013 SBF-GAB\/SBF-DG\/R<\/a><strong><a href=\"https:\/\/www.ifbaiano.edu.br\/unidades\/bonfim\/files\/2022\/08\/PORTARIA-57-2022-TELETRABALHO.pdf\">ET\/IFBAIANO, de 29 de julho de 2022<\/a><\/strong><\/li>\n\n\n\n<li><a href=\"https:\/\/www.ifbaiano.edu.br\/unidades\/bonfim\/files\/2022\/07\/LISTA-DE-HOMOLOGACAO-DO-TELETRABALHO.pdf\">Resultado Final<\/a><\/li>\n\n\n\n<li><a href=\"https:\/\/www.ifbaiano.edu.br\/unidades\/bonfim\/files\/2022\/07\/Resultado-preliminar-de-classificacao.pdf\">Resultado preliminar da classifica\u00e7\u00e3o<\/a><\/li>\n\n\n\n<li><a href=\"https:\/\/www.ifbaiano.edu.br\/unidades\/bonfim\/files\/2022\/07\/resultado-preliminar-inscricoes-teletrabalho-SBF-2022.pdf\">Resultado preliminar das inscri\u00e7\u00f5es<\/a><\/li>\n\n\n\n<li><a href=\"https:\/\/www.ifbaiano.edu.br\/unidades\/bonfim\/files\/2022\/07\/EDITAL-12-DE-TELETRABALHO-RETIFICADO-ATUALIZADO.pdf\">Edital de Retifica\u00e7\u00e3o n\u00ba12 de 12 de julho de 2022<\/a><\/li>\n\n\n\n<li><a href=\"https:\/\/www.ifbaiano.edu.br\/unidades\/bonfim\/files\/2022\/07\/edital-11-retificacao-Teletrabalho-Bonfim.pdf\">Edital de Retifica\u00e7\u00e3o n\u00ba11 de 07 de julho de 2022<\/a><\/li>\n\n\n\n<li><a href=\"https:\/\/www.ifbaiano.edu.br\/unidades\/bonfim\/files\/2022\/07\/resultado-recurso-Edital-Teletrabalho-Bonfim.pdf\">Resultado da Interposi\u00e7\u00e3o de Recurso ao Edital<\/a><\/li>\n\n\n\n<li><a href=\"https:\/\/www.ifbaiano.edu.br\/unidades\/bonfim\/files\/2022\/07\/Edital-10-2022-Teletrabalho-Bonfim-.pdf\">Edital n\u00ba10 \u2013 Ades\u00e3o ao Programa de Gest\u00e3o Teletrabalho \u2013 Regime Parcial<\/a><\/li>\n<\/ul>\n","protected":false},"excerpt":{"rendered":"<p>O DIRETOR-GERAL DO INSTITUTO FEDERAL DE EDUCA\u00c7\u00c3O, CI\u00caNCIA E TECNOLOGIA BAIANO- CAMPUS SENHOR DO BONFIM, no uso de suas atribui\u00e7\u00f5es legais delegadas pela Portaria n\u00ba. 283, de 18\/03\/2022, publicada no D.O.U de 21\/03\/2022, Se\u00e7\u00e3o 2, p\u00e1gina 26, e de acordo com as disposi\u00e7\u00f5es contidas na Lei n\u00ba 11.892, de 29\/12\/2018, e na Lei n\u00ba 8.112\/1990, [&hellip;]<\/p>\n","protected":false},"author":158,"featured_media":0,"parent":0,"menu_order":0,"comment_status":"closed","ping_status":"closed","template":"","meta":[],"_links":{"self":[{"href":"https:\/\/www.ifbaiano.edu.br\/unidades\/bonfim\/wp-json\/wp\/v2\/pages\/20921"}],"collection":[{"href":"https:\/\/www.ifbaiano.edu.br\/unidades\/bonfim\/wp-json\/wp\/v2\/pages"}],"about":[{"href":"https:\/\/www.ifbaiano.edu.br\/unidades\/bonfim\/wp-json\/wp\/v2\/types\/page"}],"author":[{"embeddable":true,"href":"https:\/\/www.ifbaiano.edu.br\/unidades\/bonfim\/wp-json\/wp\/v2\/users\/158"}],"replies":[{"embeddable":true,"href":"https:\/\/www.ifbaiano.edu.br\/unidades\/bonfim\/wp-json\/wp\/v2\/comments?post=20921"}],"version-history":[{"count":1,"href":"https:\/\/www.ifbaiano.edu.br\/unidades\/bonfim\/wp-json\/wp\/v2\/pages\/20921\/revisions"}],"predecessor-version":[{"id":20922,"href":"https:\/\/www.ifbaiano.edu.br\/unidades\/bonfim\/wp-json\/wp\/v2\/pages\/20921\/revisions\/20922"}],"wp:attachment":[{"href":"https:\/\/www.ifbaiano.edu.br\/unidades\/bonfim\/wp-json\/wp\/v2\/media?parent=20921"}],"curies":[{"name":"wp","href":"https:\/\/api.w.org\/{rel}","templated":true}]}}