{"id":21486,"date":"2025-05-08T10:15:40","date_gmt":"2025-05-08T13:15:40","guid":{"rendered":"https:\/\/www.ifbaiano.edu.br\/unidades\/bonfim\/?page_id=21486"},"modified":"2025-05-08T10:24:41","modified_gmt":"2025-05-08T13:24:41","slug":"concorrencia","status":"publish","type":"page","link":"https:\/\/www.ifbaiano.edu.br\/unidades\/bonfim\/concorrencia\/","title":{"rendered":"Concorr\u00eancia"},"content":{"rendered":"\n<p>Torna-se p\u00fablico que o Instituto Federal de Educa\u00e7\u00e3o, Ci\u00eancia e Tecnologia Baiano \u2013 Campus Senhor do Bonfim, por meio do Diretor Geral, realizar\u00e1 licita\u00e7\u00e3o, na modalidade CONCORR\u00caNCIA, do tipo menor pre\u00e7o global nos termos da Lei n\u00ba 8.666, de 21 de junho de 1993, da Lei Complementar n\u00b0 123, de 14 de dezembro de 2006, da Lei n\u00ba 11.488, de 15 de junho de 2007, da Lei de Diretrizes Or\u00e7ament\u00e1rias vigente, do Decreto n\u00b0 8.538, de 06 de outubro de 2015, do Decreto n. 7.983, de 08 de abril de 2013, do Decreto 9.507, de 21 de setembro de 2018, das Instru\u00e7\u00f5es Normativas SEGES\/MP n\u00ba 05, de 26 de maio de 2017, Instru\u00e7\u00e3o Normativa SLTI\/MP n\u00ba 1, de 19 de janeiro de 2010, da Instru\u00e7\u00e3o Normativa SEGES\/MP n\u00ba 3, de 26 de abril de 2018, Instru\u00e7\u00e3o Normativa SEGES\/MP n\u00ba 6, de junho de 2018 e, ainda, de acordo com as condi\u00e7\u00f5es estabelecidas neste Edital.<\/p>\n\n\n\n<hr class=\"wp-block-separator has-alpha-channel-opacity\" \/>\n\n\n\n<p><a href=\"https:\/\/www.ifbaiano.edu.br\/unidades\/bonfim\/referencia-2023-concorrencia\/\" data-type=\"URL\" data-id=\"https:\/\/www.ifbaiano.edu.br\/unidades\/bonfim\/referencia-2023-concorrencia\/\">2023<\/a><\/p>\n","protected":false},"excerpt":{"rendered":"<p>Torna-se p\u00fablico que o Instituto Federal de Educa\u00e7\u00e3o, Ci\u00eancia e Tecnologia Baiano \u2013 Campus Senhor do Bonfim, por meio do Diretor Geral, realizar\u00e1 licita\u00e7\u00e3o, na modalidade CONCORR\u00caNCIA, do tipo menor pre\u00e7o global nos termos da Lei n\u00ba 8.666, de 21 de junho de 1993, da Lei Complementar n\u00b0 123, de 14 de dezembro de 2006, [&hellip;]<\/p>\n","protected":false},"author":158,"featured_media":0,"parent":0,"menu_order":0,"comment_status":"closed","ping_status":"closed","template":"","meta":[],"_links":{"self":[{"href":"https:\/\/www.ifbaiano.edu.br\/unidades\/bonfim\/wp-json\/wp\/v2\/pages\/21486"}],"collection":[{"href":"https:\/\/www.ifbaiano.edu.br\/unidades\/bonfim\/wp-json\/wp\/v2\/pages"}],"about":[{"href":"https:\/\/www.ifbaiano.edu.br\/unidades\/bonfim\/wp-json\/wp\/v2\/types\/page"}],"author":[{"embeddable":true,"href":"https:\/\/www.ifbaiano.edu.br\/unidades\/bonfim\/wp-json\/wp\/v2\/users\/158"}],"replies":[{"embeddable":true,"href":"https:\/\/www.ifbaiano.edu.br\/unidades\/bonfim\/wp-json\/wp\/v2\/comments?post=21486"}],"version-history":[{"count":2,"href":"https:\/\/www.ifbaiano.edu.br\/unidades\/bonfim\/wp-json\/wp\/v2\/pages\/21486\/revisions"}],"predecessor-version":[{"id":21496,"href":"https:\/\/www.ifbaiano.edu.br\/unidades\/bonfim\/wp-json\/wp\/v2\/pages\/21486\/revisions\/21496"}],"wp:attachment":[{"href":"https:\/\/www.ifbaiano.edu.br\/unidades\/bonfim\/wp-json\/wp\/v2\/media?parent=21486"}],"curies":[{"name":"wp","href":"https:\/\/api.w.org\/{rel}","templated":true}]}}