{"id":21498,"date":"2025-05-08T10:45:35","date_gmt":"2025-05-08T13:45:35","guid":{"rendered":"https:\/\/www.ifbaiano.edu.br\/unidades\/bonfim\/?page_id=21498"},"modified":"2025-05-08T14:49:24","modified_gmt":"2025-05-08T17:49:24","slug":"comissao-propria-de-avaliacao","status":"publish","type":"page","link":"https:\/\/www.ifbaiano.edu.br\/unidades\/bonfim\/comissao-propria-de-avaliacao\/","title":{"rendered":"Comiss\u00e3o Pr\u00f3pria de Avalia\u00e7\u00e3o"},"content":{"rendered":"\n<p><strong>O que \u00e9 CPA?<\/strong><\/p>\n\n\n\n<p>A CPA, abrevia\u00e7\u00e3o para Comiss\u00e3o Pr\u00f3pria de Avalia\u00e7\u00e3o, \u00e9 estabelecida pelo Sistema Nacional de Avalia\u00e7\u00e3o da Educa\u00e7\u00e3o Superior \u2013 SINAES, conforme estipulado na lei federal n\u00ba 10861\/2004, e tem como uma de suas principais responsabilidades a implementa\u00e7\u00e3o e o desenvolvimento de processos de avalia\u00e7\u00e3o institucional.<\/p>\n\n\n\n<p><strong>Quais s\u00e3o os objetivos?<\/strong><\/p>\n\n\n\n<p>Os objetivos da CPA incluem a coleta de dados, a sistematiza\u00e7\u00e3o de informa\u00e7\u00f5es e a an\u00e1lise coletiva dos resultados para identificar os pontos fracos, pontos fortes e potencialidades da institui\u00e7\u00e3o.<\/p>\n\n\n\n<p>A atua\u00e7\u00e3o da Comiss\u00e3o Pr\u00f3pria de Avalia\u00e7\u00e3o (CPA) \u00e9 fundamentada na necessidade de promover a melhoria da qualidade da educa\u00e7\u00e3o superior, orientar a expans\u00e3o de sua oferta, aumentar permanentemente sua efic\u00e1cia institucional, efetividade acad\u00eamica e social e, especialmente, aprofundar seus compromissos e responsabilidades sociais.<\/p>\n\n\n\n<p><strong><br>O que a CPA avalia?<\/strong><\/p>\n\n\n\n<p>A comiss\u00e3o avalia aspectos estruturados em cinco eixos e dez dimens\u00f5es &nbsp;direcionadas \u00e0 comunidade acad\u00eamica e \u00e0 comunidade local.<\/p>\n\n\n<div class=\"wp-block-image\">\n<figure class=\"aligncenter is-resized\"><a href=\"https:\/\/www.ifbaiano.edu.br\/unidades\/itapetinga\/files\/2024\/03\/image-3.png\"><img decoding=\"async\" loading=\"lazy\" src=\"https:\/\/www.ifbaiano.edu.br\/unidades\/itapetinga\/files\/2024\/03\/image-3.png\" alt=\"\" class=\"wp-image-41829\" width=\"343\" height=\"366\" \/><\/a><\/figure><\/div>\n\n\n<p><strong>O que \u00e9 a Autoavalia\u00e7\u00e3o ou Avalia\u00e7\u00e3o Interna?<\/strong><strong><\/strong><\/p>\n\n\n\n<p>A Avalia\u00e7\u00e3o Interna ou Autoavalia\u00e7\u00e3o \u00e9 um processo cont\u00ednuo por meio do qual uma institui\u00e7\u00e3o constr\u00f3i conhecimento sobre sua pr\u00f3pria realidade, refletindo sobre seus processos internos e externos, visando melhorar a qualidade educativa e alcan\u00e7ar maior relev\u00e2ncia social.<\/p>\n\n\n\n<p><strong>Quais s\u00e3o os princ\u00edpios da Autoavalia\u00e7\u00e3o?<\/strong><strong><\/strong><\/p>\n\n\n\n<p>A Avalia\u00e7\u00e3o Interna tem como principais objetivos produzir conhecimentos aprimorados, questionar o &nbsp;conjunto de atividades e finalidades cumpridas pela institui\u00e7\u00e3o, identificar as causas dos seus principais problemas, aumentar a consci\u00eancia pedag\u00f3gica e a capacidade profissional do corpo docente e t\u00e9cnico-administrativo, fortalecer as rela\u00e7\u00f5es de coopera\u00e7\u00e3o com outros atores institucionais, aproximar-se da comunidade, desempenhar um papel cient\u00edfico e social e gerir informa\u00e7\u00f5es que ser\u00e3o prestadas a sociedade. \u00c9 um instrumento valioso para tomada de decis\u00f5es na institui\u00e7\u00e3o em todos os seus seguimentos.<\/p>\n\n\n\n<p><strong>De que \u00e9 composta a CPA?<\/strong><strong><\/strong><\/p>\n\n\n\n<p>A Comiss\u00e3o Pr\u00f3pria de Avalia\u00e7\u00e3o \u00e9 composta de duas estruturas: a &nbsp;CPA Central e a CPA Local. A CPA Central organiza, planeja e assessora todo o processo de Autoavalia\u00e7\u00e3o. J\u00e1 a CPA Local, presentes em todos os campus do IF Baiano conduz os processos, coletando informa\u00e7\u00f5es e enviando para Central elaborar os relat\u00f3rios parciais e finais.<\/p>\n\n\n\n<p><strong>Quem s\u00e3o os membros da CPA?<\/strong><\/p>\n\n\n\n<p>As comiss\u00f5es s\u00e3o formada por membros eleitos de diversos seguimentos: docentes, t\u00e9cnicos administrativos, discentes de n\u00edvel superior e m\u00e9dio\/t\u00e9cnico, al\u00e9m da sociedade civil. Cada categoria elege seus representantes que dever\u00e3o compor as comiss\u00f5es nos campus.<\/p>\n\n\n\n<p><strong>Como a CPA desenvolve seus trabalhos?<\/strong><\/p>\n\n\n\n<p>A Comiss\u00e3o atua atrav\u00e9s da aplica\u00e7\u00e3o de question\u00e1rios de avalia\u00e7\u00e3o institucional, rodas de conversas e visitas in locus entre outros instrumentos.<\/p>\n\n\n\n<p><strong>Quem pode responder os question\u00e1rios elaborados pela CPA?<\/strong><strong><\/strong><\/p>\n\n\n\n<p>Todo o corpo docente, discentes e t\u00e9cnico administrativo, bem como a sociedade civil organizada pode e deve preencher os formul\u00e1rios de autoavalia\u00e7\u00e3o quando solicitados pela CPA. Desta maneira a institui\u00e7\u00e3o poder\u00e1 conhecer de uma forma mais global como est\u00e1 desempenhando suas fun\u00e7\u00f5es em todos os aspectos.<\/p>\n\n\n\n<p><strong>Como posso ter acesso aos relat\u00f3rios elaborados pela CPA?<\/strong><\/p>\n\n\n\n<p>Todos relat\u00f3rios da CPA est\u00e3o dispon\u00edveis no site do IF Baiano atrav\u00e9s do link<\/p>\n\n\n\n<p><a rel=\"noreferrer noopener\" href=\"http:\/\/ifbaiano.edu.br\/portal\/comissoes\/comissao-propria-de-avaliacao\/\" target=\"_blank\">http:\/\/ifbaiano.edu.br\/portal\/comissoes\/comissao-propria-de-avaliacao\/<\/a><\/p>\n\n\n\n<p><strong>Ainda tem d\u00favidas? Quer saber mais? Gostaria de dar sua sugest\u00e3o? Entre em contato conosco:<\/strong><\/p>\n\n\n\n<p><strong>cpa.local@bonfim.ifbaiano.edu.br<\/strong><\/p>\n\n\n\n<strong><div id=\"TituloMenu\" class=\"dnone\"> documentos importantes<\/div> <\/strong><\/p><p>\n\n\n\n<p><a href=\"https:\/\/www.ifbaiano.edu.br\/unidades\/bonfim\/files\/2025\/05\/Resolucao-14.-2015-Aprova-alteracao-do-Regimento-da-CPA-IFBaiano.pdf\" data-type=\"URL\" data-id=\"https:\/\/www.ifbaiano.edu.br\/unidades\/bonfim\/files\/2025\/05\/Resolucao-14.-2015-Aprova-alteracao-do-Regimento-da-CPA-IFBaiano.pdf\" target=\"_blank\" rel=\"noreferrer noopener\">Resolu\u00e7\u00e3o n\u00b014 de 12 de junho 2015 (Regimento)<\/a><\/p>\n\n\n\n<p><a href=\"https:\/\/ifbaiano.edu.br\/portal\/comissoes\/comissao-propria-de-avaliacao\/relatorios-da-cpa\/\" data-type=\"URL\" data-id=\"https:\/\/ifbaiano.edu.br\/portal\/comissoes\/comissao-propria-de-avaliacao\/relatorios-da-cpa\/\" target=\"_blank\" rel=\"noreferrer noopener\">Relat\u00f3rios de Autoavalia\u00e7\u00f5es Institucionais<\/a><\/p>\n\n\n\n<p><a rel=\"noreferrer noopener\" href=\"https:\/\/ifbaiano.edu.br\/portal\/comissoes\/comissao-propria-de-avaliacao\/eleicoes-da-cpa\/\" data-type=\"URL\" data-id=\"https:\/\/ifbaiano.edu.br\/portal\/comissoes\/comissao-propria-de-avaliacao\/eleicoes-da-cpa\/\" target=\"_blank\">Elei\u00e7\u00f5es d<\/a><a href=\"https:\/\/ifbaiano.edu.br\/portal\/comissoes\/comissao-propria-de-avaliacao\/eleicoes-da-cpa\/\" data-type=\"URL\" data-id=\"https:\/\/ifbaiano.edu.br\/portal\/comissoes\/comissao-propria-de-avaliacao\/eleicoes-da-cpa\/\" target=\"_blank\" rel=\"noreferrer noopener\">a<\/a><a rel=\"noreferrer noopener\" href=\"https:\/\/ifbaiano.edu.br\/portal\/comissoes\/comissao-propria-de-avaliacao\/eleicoes-da-cpa\/\" data-type=\"URL\" data-id=\"https:\/\/ifbaiano.edu.br\/portal\/comissoes\/comissao-propria-de-avaliacao\/eleicoes-da-cpa\/\" target=\"_blank\"> CPA<\/a><\/p>\n\n\n\n<p><a href=\"https:\/\/ifbaiano.edu.br\/portal\/wp-content\/uploads\/2023\/08\/plano_melhorias_ifbaiano-2018_2025-formatado-4.pdf\" data-type=\"URL\" data-id=\"https:\/\/ifbaiano.edu.br\/portal\/wp-content\/uploads\/2023\/08\/plano_melhorias_ifbaiano-2018_2025-formatado-4.pdf\" target=\"_blank\" rel=\"noreferrer noopener\">Plano de a\u00e7\u00e3o Institucional<\/a><\/p>\n\n\n\n<p><a href=\"https:\/\/ifbaiano.edu.br\/portal\/wp-content\/uploads\/2020\/07\/5.-PROJETO-DE-AUTO-AVALIA%C3%87%C3%83O-INSTITUCIONAL-2018-2020_dez.pdf\" data-type=\"URL\" data-id=\"https:\/\/ifbaiano.edu.br\/portal\/wp-content\/uploads\/2020\/07\/5.-PROJETO-DE-AUTO-AVALIA%C3%87%C3%83O-INSTITUCIONAL-2018-2020_dez.pdf\" target=\"_blank\" rel=\"noreferrer noopener\">Projeto de Autoavalia\u00e7\u00e3o Institucional (2018-2020)<\/a><\/p>\n\n\n\n<p><a href=\"https:\/\/ifbaiano.edu.br\/portal\/wp-content\/uploads\/2023\/08\/Projeto-de-Autoavaliacao-Institucional-2021-2023.pdf\" data-type=\"URL\" data-id=\"https:\/\/ifbaiano.edu.br\/portal\/wp-content\/uploads\/2023\/08\/Projeto-de-Autoavaliacao-Institucional-2021-2023.pdf\" target=\"_blank\" rel=\"noreferrer noopener\">Projeto de Autoavalia\u00e7\u00e3o Institucional (2021-2023)<\/a><\/p>\n","protected":false},"excerpt":{"rendered":"<p>O que \u00e9 CPA? A CPA, abrevia\u00e7\u00e3o para Comiss\u00e3o Pr\u00f3pria de Avalia\u00e7\u00e3o, \u00e9 estabelecida pelo Sistema Nacional de Avalia\u00e7\u00e3o da Educa\u00e7\u00e3o Superior \u2013 SINAES, conforme estipulado na lei federal n\u00ba 10861\/2004, e tem como uma de suas principais responsabilidades a implementa\u00e7\u00e3o e o desenvolvimento de processos de avalia\u00e7\u00e3o institucional. Quais s\u00e3o os objetivos? Os objetivos [&hellip;]<\/p>\n","protected":false},"author":158,"featured_media":0,"parent":0,"menu_order":0,"comment_status":"closed","ping_status":"closed","template":"","meta":[],"_links":{"self":[{"href":"https:\/\/www.ifbaiano.edu.br\/unidades\/bonfim\/wp-json\/wp\/v2\/pages\/21498"}],"collection":[{"href":"https:\/\/www.ifbaiano.edu.br\/unidades\/bonfim\/wp-json\/wp\/v2\/pages"}],"about":[{"href":"https:\/\/www.ifbaiano.edu.br\/unidades\/bonfim\/wp-json\/wp\/v2\/types\/page"}],"author":[{"embeddable":true,"href":"https:\/\/www.ifbaiano.edu.br\/unidades\/bonfim\/wp-json\/wp\/v2\/users\/158"}],"replies":[{"embeddable":true,"href":"https:\/\/www.ifbaiano.edu.br\/unidades\/bonfim\/wp-json\/wp\/v2\/comments?post=21498"}],"version-history":[{"count":10,"href":"https:\/\/www.ifbaiano.edu.br\/unidades\/bonfim\/wp-json\/wp\/v2\/pages\/21498\/revisions"}],"predecessor-version":[{"id":21553,"href":"https:\/\/www.ifbaiano.edu.br\/unidades\/bonfim\/wp-json\/wp\/v2\/pages\/21498\/revisions\/21553"}],"wp:attachment":[{"href":"https:\/\/www.ifbaiano.edu.br\/unidades\/bonfim\/wp-json\/wp\/v2\/media?parent=21498"}],"curies":[{"name":"wp","href":"https:\/\/api.w.org\/{rel}","templated":true}]}}