{"id":21769,"date":"2025-05-16T15:56:45","date_gmt":"2025-05-16T18:56:45","guid":{"rendered":"https:\/\/www.ifbaiano.edu.br\/unidades\/bonfim\/?page_id=21769"},"modified":"2025-05-29T10:24:02","modified_gmt":"2025-05-29T13:24:02","slug":"processo-seletivo-para-monitoria-academica-remunerada","status":"publish","type":"page","link":"https:\/\/www.ifbaiano.edu.br\/unidades\/bonfim\/processo-seletivo-para-monitoria-academica-remunerada\/","title":{"rendered":"PROCESSO SELETIVO PARA MONITORIA ACAD\u00caMICA REMUNERADA"},"content":{"rendered":"\n<p>O DIRETOR GERAL DO INSTITUTO FEDERAL DE EDUCA\u00c7\u00c3O, CI\u00caNCIA E TECNOLOGIA BAIANO &#8211; CAMPUS SENHOR DO BONFIM, no uso de suas atribui\u00e7\u00f5es legais delegadas pela Portaria n\u00ba. 283, de 18\/03\/2022, publicada no D.O.U de 21\/03\/2022, Se\u00e7\u00e3o 2, p\u00e1gina 26, e de acordo com as disposi\u00e7\u00f5es contidas na Lei n\u00ba 11.892, de 29\/12\/2018, e na Lei n\u00ba 8.112\/1990, bem como na Portaria RETGAB\/RET\/IFBAIANO n\u00ba 13, de 11 de mar\u00e7o de 2022 e altera\u00e7\u00f5es, torna p\u00fablica a abertura do Edital de Convoca\u00e7\u00e3o para inscri\u00e7\u00f5es no processo seletivo interno para monitorias remuneradas e volunt\u00e1rias, por meio deste Edital o Processo de Sele\u00e7\u00e3o de monitorias de ensino para os cursos da Educa\u00e7\u00e3o Profissional T\u00e9cnica de N\u00edvel M\u00e9dio, em conformidade com a Resolu\u00e7\u00e3o n\u00ba 08\/2016 &#8211; OS &#8211; CONSUP\/IFBAIANO, de 30 de mar\u00e7o 2016, segundo disposto nos itens a seguir:<\/p>\n\n\n\n<strong><div id=\"TituloMenu\" class=\"dnone\"> Edital e documentos<\/div> <\/strong><\/p><p>\n\n\n\n<p><a href=\"https:\/\/www.ifbaiano.edu.br\/unidades\/bonfim\/files\/2025\/05\/Resultado-Final-Classificacao-Edital-Monitoria.pdf\" data-type=\"URL\" data-id=\"https:\/\/www.ifbaiano.edu.br\/unidades\/bonfim\/files\/2025\/05\/Resultado-Final-Classificacao-Edital-Monitoria.pdf\" target=\"_blank\" rel=\"noreferrer noopener\">Resultado Final<\/a><\/p>\n\n\n\n<p><a href=\"https:\/\/www.ifbaiano.edu.br\/unidades\/bonfim\/files\/2025\/05\/Resultado-preliminar-Edital-Monitoria.pdf\" data-type=\"URL\" data-id=\"https:\/\/www.ifbaiano.edu.br\/unidades\/bonfim\/files\/2025\/05\/Resultado-preliminar-Edital-Monitoria.pdf\" target=\"_blank\" rel=\"noreferrer noopener\">Resultado Preliminar de Classifica\u00e7\u00e3o<\/a><\/p>\n\n\n\n<p><a rel=\"noreferrer noopener\" href=\"https:\/\/www.ifbaiano.edu.br\/unidades\/bonfim\/files\/2025\/05\/Resultado-dos-recursos-Monitoria-Academica.pdf\" data-type=\"URL\" data-id=\"https:\/\/www.ifbaiano.edu.br\/unidades\/bonfim\/files\/2025\/05\/Resultado-dos-recursos-Monitoria-Academica.pdf\" target=\"_blank\">Resultado do recursos das homologa\u00e7\u00f5es das inscri\u00e7\u00f5es<\/a><\/p>\n\n\n\n<p><a href=\"https:\/\/www.ifbaiano.edu.br\/unidades\/bonfim\/files\/2025\/05\/Homologacao_das_inscricoes_Monitoria_assinado.pdf\" data-type=\"URL\" data-id=\"https:\/\/www.ifbaiano.edu.br\/unidades\/bonfim\/files\/2025\/05\/Homologacao_das_inscricoes_Monitoria_assinado.pdf\" target=\"_blank\" rel=\"noreferrer noopener\">Homologa\u00e7\u00e3o das Inscri\u00e7\u00f5es<\/a><\/p>\n\n\n\n<p><a rel=\"noreferrer noopener\" href=\"https:\/\/www.ifbaiano.edu.br\/unidades\/bonfim\/files\/2025\/05\/31.2025-edital-monitoria-Academica-Remunerada.pdf\" data-type=\"URL\" data-id=\"https:\/\/www.ifbaiano.edu.br\/unidades\/bonfim\/files\/2025\/05\/31.2025-edital-monitoria-Academica-Remunerada.pdf\" target=\"_blank\">Edital n\u00b031 de 15 Maio 2025<\/a><\/p>\n","protected":false},"excerpt":{"rendered":"<p>O DIRETOR GERAL DO INSTITUTO FEDERAL DE EDUCA\u00c7\u00c3O, CI\u00caNCIA E TECNOLOGIA BAIANO &#8211; CAMPUS SENHOR DO BONFIM, no uso de suas atribui\u00e7\u00f5es legais delegadas pela Portaria n\u00ba. 283, de 18\/03\/2022, publicada no D.O.U de 21\/03\/2022, Se\u00e7\u00e3o 2, p\u00e1gina 26, e de acordo com as disposi\u00e7\u00f5es contidas na Lei n\u00ba 11.892, de 29\/12\/2018, e na Lei [&hellip;]<\/p>\n","protected":false},"author":158,"featured_media":0,"parent":0,"menu_order":0,"comment_status":"closed","ping_status":"closed","template":"","meta":[],"_links":{"self":[{"href":"https:\/\/www.ifbaiano.edu.br\/unidades\/bonfim\/wp-json\/wp\/v2\/pages\/21769"}],"collection":[{"href":"https:\/\/www.ifbaiano.edu.br\/unidades\/bonfim\/wp-json\/wp\/v2\/pages"}],"about":[{"href":"https:\/\/www.ifbaiano.edu.br\/unidades\/bonfim\/wp-json\/wp\/v2\/types\/page"}],"author":[{"embeddable":true,"href":"https:\/\/www.ifbaiano.edu.br\/unidades\/bonfim\/wp-json\/wp\/v2\/users\/158"}],"replies":[{"embeddable":true,"href":"https:\/\/www.ifbaiano.edu.br\/unidades\/bonfim\/wp-json\/wp\/v2\/comments?post=21769"}],"version-history":[{"count":6,"href":"https:\/\/www.ifbaiano.edu.br\/unidades\/bonfim\/wp-json\/wp\/v2\/pages\/21769\/revisions"}],"predecessor-version":[{"id":21912,"href":"https:\/\/www.ifbaiano.edu.br\/unidades\/bonfim\/wp-json\/wp\/v2\/pages\/21769\/revisions\/21912"}],"wp:attachment":[{"href":"https:\/\/www.ifbaiano.edu.br\/unidades\/bonfim\/wp-json\/wp\/v2\/media?parent=21769"}],"curies":[{"name":"wp","href":"https:\/\/api.w.org\/{rel}","templated":true}]}}