{"id":22136,"date":"2025-07-15T11:24:16","date_gmt":"2025-07-15T14:24:16","guid":{"rendered":"https:\/\/www.ifbaiano.edu.br\/unidades\/bonfim\/?page_id=22136"},"modified":"2025-07-15T11:24:17","modified_gmt":"2025-07-15T14:24:17","slug":"chamada-dispensa-eletronica-para-contratacao-de-empresa-especializada-para-instalacao-de-divisorias-paredes-em-gesso-com-material-incluso","status":"publish","type":"page","link":"https:\/\/www.ifbaiano.edu.br\/unidades\/bonfim\/chamada-dispensa-eletronica-para-contratacao-de-empresa-especializada-para-instalacao-de-divisorias-paredes-em-gesso-com-material-incluso\/","title":{"rendered":"Chamada: Dispensa Eletr\u00f4nica para Contrata\u00e7\u00e3o de empresa especializada para instala\u00e7\u00e3o de divis\u00f3rias\/paredes em gesso com material incluso"},"content":{"rendered":"\n<div class=\"wp-block-file\"><object class=\"wp-block-file__embed\" data=\"https:\/\/www.ifbaiano.edu.br\/unidades\/bonfim\/files\/2025\/07\/Aviso-de-Contratacao-Direta-90007-2025.pdf\" type=\"application\/pdf\" style=\"width:100%;height:600px\" aria-label=\"Incorporado de Aviso-de-Contratacao-Direta-90007-2025.\"><\/object><a id=\"wp-block-file--media-6a708952-362d-423d-b95d-2f58b0e411a1\" href=\"https:\/\/www.ifbaiano.edu.br\/unidades\/bonfim\/files\/2025\/07\/Aviso-de-Contratacao-Direta-90007-2025.pdf\">Aviso-de-Contratacao-Direta-90007-2025<\/a><a href=\"https:\/\/www.ifbaiano.edu.br\/unidades\/bonfim\/files\/2025\/07\/Aviso-de-Contratacao-Direta-90007-2025.pdf\" class=\"wp-block-file__button wp-element-button\" download aria-describedby=\"wp-block-file--media-6a708952-362d-423d-b95d-2f58b0e411a1\">Baixar<\/a><\/div>\n","protected":false},"excerpt":{"rendered":"","protected":false},"author":158,"featured_media":0,"parent":0,"menu_order":0,"comment_status":"closed","ping_status":"closed","template":"","meta":[],"_links":{"self":[{"href":"https:\/\/www.ifbaiano.edu.br\/unidades\/bonfim\/wp-json\/wp\/v2\/pages\/22136"}],"collection":[{"href":"https:\/\/www.ifbaiano.edu.br\/unidades\/bonfim\/wp-json\/wp\/v2\/pages"}],"about":[{"href":"https:\/\/www.ifbaiano.edu.br\/unidades\/bonfim\/wp-json\/wp\/v2\/types\/page"}],"author":[{"embeddable":true,"href":"https:\/\/www.ifbaiano.edu.br\/unidades\/bonfim\/wp-json\/wp\/v2\/users\/158"}],"replies":[{"embeddable":true,"href":"https:\/\/www.ifbaiano.edu.br\/unidades\/bonfim\/wp-json\/wp\/v2\/comments?post=22136"}],"version-history":[{"count":1,"href":"https:\/\/www.ifbaiano.edu.br\/unidades\/bonfim\/wp-json\/wp\/v2\/pages\/22136\/revisions"}],"predecessor-version":[{"id":22138,"href":"https:\/\/www.ifbaiano.edu.br\/unidades\/bonfim\/wp-json\/wp\/v2\/pages\/22136\/revisions\/22138"}],"wp:attachment":[{"href":"https:\/\/www.ifbaiano.edu.br\/unidades\/bonfim\/wp-json\/wp\/v2\/media?parent=22136"}],"curies":[{"name":"wp","href":"https:\/\/api.w.org\/{rel}","templated":true}]}}