{"id":22371,"date":"2025-08-27T18:35:57","date_gmt":"2025-08-27T21:35:57","guid":{"rendered":"https:\/\/www.ifbaiano.edu.br\/unidades\/bonfim\/?page_id=22371"},"modified":"2026-03-13T09:42:45","modified_gmt":"2026-03-13T12:42:45","slug":"subsequente-ao-ensino-medio-modalidade-presencial-2026","status":"publish","type":"page","link":"https:\/\/www.ifbaiano.edu.br\/unidades\/bonfim\/subsequente-ao-ensino-medio-modalidade-presencial-2026\/","title":{"rendered":"SUBSEQUENTE AO ENSINO M\u00c9DIO \u2013 MODALIDADE PRESENCIAL \u2013 2026"},"content":{"rendered":"\n<div class=\"wp-block-columns is-layout-flex wp-container-3\">\n<div class=\"wp-block-column is-layout-flow\" style=\"flex-basis:66.66%\">\n<strong><div id=\"TituloMenu\" class=\"dnone\"> APRESENTA\u00c7\u00c3O<\/div> <\/strong><\/p><p>\n<\/div>\n\n\n\n<div class=\"wp-block-column is-layout-flow\" style=\"flex-basis:33.33%\">\n<strong><div id=\"TituloMenu\" class=\"dnone\"> INSCRI\u00c7\u00d5ES<\/div> <\/strong><\/p><p>\n<\/div>\n<\/div>\n\n\n\n<div class=\"wp-block-columns is-layout-flex wp-container-7\">\n<div class=\"wp-block-column is-layout-flow\" style=\"flex-basis:66.66%\">\n<p>O DIRETOR-GERAL DO INSTITUTO FEDERAL DE EDUCA\u00c7\u00c3O, CI\u00caNCIA E TECNOLOGIA BAIANO (IF BAIANO) CAMPUS SENHOR DO BONFIM, no uso de suas atribui\u00e7\u00f5es, , torna p\u00fablica a abertura de inscri\u00e7\u00f5es no processo de ingresso de estudantes de 2026 nos cursos da Educa\u00e7\u00e3o Profissional T\u00e9cnica de N\u00edvel M\u00e9dio (EPTNM) na forma Subsequente ao ensino m\u00e9dio, na modalidade presencial, no Campus Senhor do Bonfim, por meio de MANIFESTA\u00c7\u00c3O DE INTERESSE conforme o n\u00famero de vagas e cursos relacionados no Quadro 2 do subitem 1.8 deste edital<\/p>\n<\/div>\n\n\n\n<div class=\"wp-block-column is-layout-flow\" style=\"flex-basis:33.33%\">\n<p>Inscri\u00e7\u00f5es:&nbsp;<strong>01\/09 a 02\/11\/2025<\/strong><\/p>\n\n\n\n<div class=\"wp-block-buttons is-content-justification-center is-layout-flex wp-container-5\">\n<div class=\"wp-block-button\"><a class=\"wp-block-button__link has-white-color has-text-color has-background wp-element-button\" href=\"https:\/\/sgc.ifbaiano.edu.br\/edital\/visualizar\/306\/?campus=92&amp;curso=&amp;turno=\" style=\"background-color:#076643\">Inscreva-se Aqui<\/a><\/div>\n<\/div>\n\n\n\n<p>Inscri\u00e7\u00e3o presencial no ponto de apoio do Campus em dias \u00fateis: De&nbsp;<strong>01\/09 a 02\/11<\/strong>&nbsp;<strong>(08:00-11:00 \/ 13:00-16:00)<\/strong>&nbsp;no IF Baiano campus Bonfim, Estrada da Igara, s\/n \u2013 Zona Rural. CEP: 48970-000.<\/p>\n\n\n\n<p>Consulte o item 4 do edital<\/p>\n<\/div>\n<\/div>\n\n\n\n<p><a href=\"https:\/\/www.ifbaiano.edu.br\/unidades\/bonfim\/files\/2025\/08\/01-MANUAL-DE-INSCRICAO-CURSOS-INTEGRADOS.pdf\" data-type=\"URL\" data-id=\"https:\/\/www.ifbaiano.edu.br\/unidades\/bonfim\/files\/2025\/08\/01-MANUAL-DE-INSCRICAO-CURSOS-INTEGRADOS.pdf\"><mark style=\"background-color:#fcb900\" class=\"has-inline-color has-black-color\">Manual de Inscri\u00e7\u00e3o do Candidato<\/mark><\/a><\/p>\n\n\n\n<strong><div id=\"TituloMenu\" class=\"dnone\"> Edital e Documentos<\/div> <\/strong><\/p><p>\n\n\n\n<div class=\"wp-block-columns are-vertically-aligned-center is-layout-flex wp-container-9\">\n<div class=\"wp-block-column is-vertically-aligned-center is-layout-flow\" style=\"flex-basis:100%\">\n<h3 class=\"wp-block-heading has-text-align-center\">EDITAL DE VAGAS REMANESCENTES<\/h3>\n<\/div>\n<\/div>\n\n\n\n<ul>\n<li><a href=\"https:\/\/www.ifbaiano.edu.br\/unidades\/bonfim\/files\/2026\/03\/4a-chamada-subsequente-presencial-1.pdf\">4\u00b0 CHAMADA PARA MATR\u00cdCULA &#8211; vagas Regulares<\/a><\/li>\n\n\n\n<li><a href=\"https:\/\/www.ifbaiano.edu.br\/unidades\/bonfim\/files\/2026\/03\/3a-Chamada-Matriculas-Subsequente-presencial.pdf\" data-type=\"URL\" data-id=\"https:\/\/www.ifbaiano.edu.br\/unidades\/bonfim\/files\/2026\/03\/3a-Chamada-Matriculas-Subsequente-presencial.pdf\">3\u00b0 CHAMADA PARA MATR\u00cdCULA<\/a> <mark style=\"background-color:#fcb900\" class=\"has-inline-color has-vivid-red-color\">NOVO<\/mark><\/li>\n\n\n\n<li><a href=\"https:\/\/www.ifbaiano.edu.br\/unidades\/bonfim\/files\/2026\/02\/2a-Retificacao-ao-Edital-no-11-de-11-de-fevereiro-de-2026-Vagas-remanescentes-ao-Edital-No-53-de-27-de-agosto-de-2025.pdf\" data-type=\"URL\" data-id=\"https:\/\/www.ifbaiano.edu.br\/unidades\/bonfim\/files\/2026\/02\/2a-Retificacao-ao-Edital-no-11-de-11-de-fevereiro-de-2026-Vagas-remanescentes-ao-Edital-No-53-de-27-de-agosto-de-2025.pdf\">2\u00aa Retifica\u00e7\u00e3o ao Edital n\u00ba 11, de 11 de fevereiro de 2026 Vagas remanescentes ao Edital N\u00ba 53, de 27 de agosto de 2025<\/a> <mark style=\"background-color:#fcb900\" class=\"has-inline-color has-vivid-red-color\">Novo!<\/mark><\/li>\n\n\n\n<li><a href=\"https:\/\/www.ifbaiano.edu.br\/unidades\/bonfim\/files\/2026\/02\/2a-CONVOCATORIA-DE-MATRICULAS-SUBSEQUENTE-INFORMATICA-PRESENCIAL.pdf\" data-type=\"URL\" data-id=\"https:\/\/www.ifbaiano.edu.br\/unidades\/bonfim\/files\/2026\/02\/2a-CONVOCATORIA-DE-MATRICULAS-SUBSEQUENTE-INFORMATICA-PRESENCIAL.pdf\">2\u00aa CONVOCAT\u00d3RIA DE MATR\u00cdCULAS &#8211; CURSO T\u00c9CNICO SUBSEQUENTE EM INFORM\u00c1TICAMODALIDADE PRESENCIAL<\/a> <mark style=\"background-color:#fcb900\" class=\"has-inline-color has-vivid-red-color\">Novo!<\/mark><\/li>\n\n\n\n<li><a href=\"https:\/\/www.ifbaiano.edu.br\/unidades\/bonfim\/files\/2026\/02\/PUBLICACAO-CONVOCACAO-2a-CHAMADA-PARA-MATRICULA.pdf\" data-type=\"URL\" data-id=\"https:\/\/www.ifbaiano.edu.br\/unidades\/bonfim\/files\/2026\/02\/PUBLICACAO-CONVOCACAO-2a-CHAMADA-PARA-MATRICULA.pdf\">PUBLICA\u00c7\u00c3O CONVOCA\u00c7\u00c3O &#8211; 2\u00aa CHAMADA PARA MATR\u00cdCULA<\/a> <mark style=\"background-color:#fcb900\" class=\"has-inline-color has-vivid-red-color\">Novo<\/mark><\/li>\n\n\n\n<li><a href=\"https:\/\/www.ifbaiano.edu.br\/unidades\/bonfim\/files\/2026\/02\/SITUACAO-DE-MATRICULAS-RELACAO-DE-CANDIDATOS-INSCRITOS-DURANTE-PERIODO-DO-EDITAL-DE-VAGAS-REMANESCENTES.pdf\" data-type=\"URL\" data-id=\"https:\/\/www.ifbaiano.edu.br\/unidades\/bonfim\/files\/2026\/02\/SITUACAO-DE-MATRICULAS-RELACAO-DE-CANDIDATOS-INSCRITOS-DURANTE-PERIODO-DO-EDITAL-DE-VAGAS-REMANESCENTES.pdf\">SITUA\u00c7\u00c3O DE MATR\u00cdCULAS &#8211; RELA\u00c7\u00c3O DE CANDIDATOS INSCRITOS DURANTE PER\u00cdODO DO EDITAL DE VAGAS REMANESCENTES (14 a20 de FEVEREIRO DE 2026)<\/a> <mark style=\"background-color:#fcb900\" class=\"has-inline-color has-vivid-red-color\">Novo!<\/mark><\/li>\n\n\n\n<li><a rel=\"noreferrer noopener\" href=\"https:\/\/www.ifbaiano.edu.br\/unidades\/bonfim\/files\/2026\/02\/1a-Retificacao-do-Edital-no-11.2026-Vagas-Remanescentes-Cursos-Tecnicos-Subsequentes-PRESENCIAL.pdf\" target=\"_blank\">1\u00aa Retifica\u00e7\u00e3o Edital n\u00ba 11\/2026 de Vagas Remanescentes Cursos T\u00e9c. Subsequente Presencial <\/a><\/li>\n\n\n\n<li><a rel=\"noreferrer noopener\" href=\"https:\/\/www.ifbaiano.edu.br\/unidades\/bonfim\/files\/2026\/02\/Edital-no-11-de-Vagas-Remanescentes-cursos-Tecnicos-Subsequentes-Presencial.pdf\" target=\"_blank\">Edital n\u00ba 11\/2026 de Vagas Remanescentes para os Cursos T\u00e9cnicos Subsequentes-Presencial<\/a> <\/li>\n<\/ul>\n\n\n\n<hr class=\"wp-block-separator has-alpha-channel-opacity\" \/>\n\n\n\n<ul>\n<li><a rel=\"noreferrer noopener\" href=\"https:\/\/www.ifbaiano.edu.br\/unidades\/bonfim\/files\/2026\/02\/3a-Retificacao-do-Edital-de-Matricula-no-06-de-20-de-janeiro-de-2026.pdf\" target=\"_blank\">3\u00aa RETIFICA\u00c7\u00c3O DO EDITAL DE MATR\u00cdCULA N\u00ba 06 DE 20 DE JANEIRO DE 2026<\/a> <\/li>\n\n\n\n<li><a href=\"https:\/\/www.ifbaiano.edu.br\/unidades\/bonfim\/files\/2026\/02\/2a-RETIFICACAO-DO-EDITAL-DE-MATRICULA-No-06-DE-20-de-JANEIRO-DE-2026.pdf\" data-type=\"URL\" data-id=\"https:\/\/www.ifbaiano.edu.br\/unidades\/bonfim\/files\/2026\/02\/2a-RETIFICACAO-DO-EDITAL-DE-MATRICULA-No-06-DE-20-de-JANEIRO-DE-2026.pdf\">2\u00aa RETIFICA\u00c7\u00c3O DO EDITAL DE MATR\u00cdCULA N\u00ba 06, DE 20 de JANEIRO DE 2026<\/a><\/li>\n\n\n\n<li><a rel=\"noreferrer noopener\" href=\"https:\/\/www.ifbaiano.edu.br\/unidades\/bonfim\/files\/2026\/01\/ALTERACAO-DO-EDITAL-DE-MATRICULA-No-06-DE-20-de-JANEIRO-DE-2026.pdf\" target=\"_blank\">EDITAL DE MATRICULA N\u00ba 06 DE 20 DE JANEIRO DE 2026 <\/a><\/li>\n\n\n\n<li><a rel=\"noreferrer noopener\" href=\"https:\/\/www.ifbaiano.edu.br\/unidades\/bonfim\/files\/2026\/01\/ANEXO-I-AUTODECLARACAO-DE-RENDA.pdf\" target=\"_blank\">ANEXO I &#8211; AUTODECLARA\u00c7\u00c3O DE RENDA<\/a> <\/li>\n\n\n\n<li><a rel=\"noreferrer noopener\" href=\"https:\/\/www.ifbaiano.edu.br\/unidades\/bonfim\/files\/2026\/01\/ANEXO-II-DECLARACAO-DE-RECONHECIMENTO-DE-PERTENCIMENTO-E-DE-VINCULO-COM-COMUNIDADE-QUILOMBOLA.pdf\" target=\"_blank\">ANEXO II -DECLARACAO DE RECONHECIMENTO DE PERTENCIMENTO E DE V\u00cdNCULO COM COMUNIDADE QUILOMBOLA<\/a> <\/li>\n\n\n\n<li><a rel=\"noreferrer noopener\" href=\"https:\/\/www.ifbaiano.edu.br\/unidades\/bonfim\/files\/2026\/01\/ANEXO-III-TERMO-DE-RESPONSABILIDADE-DE-MATRICULA-DADOS-DO-CANDIDATO.pdf\" target=\"_blank\">ANEXO III -TERMO DE RESPONSABILIDADE DE MATR\u00cdCULA<\/a> <\/li>\n\n\n\n<li><a rel=\"noreferrer noopener\" href=\"https:\/\/www.ifbaiano.edu.br\/unidades\/bonfim\/files\/2026\/01\/ANEXO-IV-CONVOCADOS-PARA-MATRICULA-SUBSEQUENTE-presencial.pdf\" target=\"_blank\">ANEXO IV &#8211; CONVOCADOS PARA MATR\u00cdCULA SUBSEQUENTE PRESENCIAL<\/a> <\/li>\n\n\n\n<li><a rel=\"noreferrer noopener\" href=\"https:\/\/www.ifbaiano.edu.br\/unidades\/bonfim\/files\/2026\/01\/ANEXO-V-FICHA-DE-MATRICULA.pdf\" target=\"_blank\">ANEXO V-FICHA DE MATRICULA<\/a> <\/li>\n\n\n\n<li><s>Edital de Matr\u00edcula<\/s> Antigo<\/li>\n\n\n\n<li><a href=\"https:\/\/www.ifbaiano.edu.br\/unidades\/bonfim\/files\/2025\/12\/RESULTADO_FINAL_CURSOS_SUBSEQUENTES_PRESENCIAIS.pdf\" data-type=\"URL\" data-id=\"https:\/\/www.ifbaiano.edu.br\/unidades\/bonfim\/files\/2025\/12\/RESULTADO_FINAL_CURSOS_SUBSEQUENTES_PRESENCIAIS.pdf\">Resultado Final<\/a> <\/li>\n\n\n\n<li><a href=\"https:\/\/www.ifbaiano.edu.br\/unidades\/bonfim\/files\/2025\/12\/Subsequente-Presencial-Resultado-preliminar.pdf\" data-type=\"URL\" data-id=\"https:\/\/www.ifbaiano.edu.br\/unidades\/bonfim\/files\/2025\/12\/Subsequente-Presencial-Resultado-preliminar.pdf\">Resultado Preliminar<\/a> <\/li>\n\n\n\n<li><a href=\"https:\/\/www.ifbaiano.edu.br\/unidades\/bonfim\/files\/2025\/12\/Recursos-Banca-Heteroidentificacao-Subsequente-Presencial-2026.pdf\" data-type=\"URL\" data-id=\"https:\/\/www.ifbaiano.edu.br\/unidades\/bonfim\/files\/2025\/12\/Recursos-Banca-Heteroidentificacao-Subsequente-Presencial-2026.pdf\">Resultado dos Recursos da Banca de Heteroidentifica\u00e7\u00e3o<\/a><\/li>\n\n\n\n<li><a href=\"https:\/\/www.ifbaiano.edu.br\/unidades\/bonfim\/files\/2025\/12\/RESULTADO-PRELIMINAR-DA-BANCA-DE-HETEROIDENTIFICACAO-SUBSEQUENTE-PRESENCIAL.pdf\" data-type=\"URL\" data-id=\"https:\/\/www.ifbaiano.edu.br\/unidades\/bonfim\/files\/2025\/12\/RESULTADO-PRELIMINAR-DA-BANCA-DE-HETEROIDENTIFICACAO-SUBSEQUENTE-PRESENCIAL.pdf\">Resultado Preliminar da Banca de Heteroidentifica\u00e7\u00e3o<\/a> <\/li>\n\n\n\n<li><a href=\"https:\/\/www.ifbaiano.edu.br\/unidades\/bonfim\/files\/2025\/11\/CONVOCACAO-PARA-HETEROIDENTIFICACAO-SUBSEQUENTE-PRESENCIAL.pdf\">Convoca\u00e7\u00e3o para Heteroidentifica\u00e7\u00e3o<\/a><\/li>\n\n\n\n<li><a href=\"https:\/\/www.ifbaiano.edu.br\/unidades\/bonfim\/files\/2025\/11\/Homologacao-final-subsequente-presencial-2026.pdf\">Lista de Inscri\u00e7\u00f5es Homologadas<\/a><\/li>\n\n\n\n<li><a href=\"https:\/\/www.ifbaiano.edu.br\/unidades\/bonfim\/files\/2025\/11\/Lista-Preliminar-de-Inscricoes-Homologadas-Subsequente-Presencial.pdf\" data-type=\"URL\" data-id=\"https:\/\/www.ifbaiano.edu.br\/unidades\/bonfim\/files\/2025\/11\/Lista-Preliminar-de-Inscricoes-Homologadas-Subsequente-Presencial.pdf\">Lista Preliminar de Inscri\u00e7\u00f5es Homologadas<\/a><\/li>\n\n\n\n<li><a rel=\"noreferrer noopener\" href=\"https:\/\/www.ifbaiano.edu.br\/unidades\/bonfim\/files\/2025\/11\/3-retificacao-subsequente-presencial-.pdf\" target=\"_blank\">3\u00aa Retifica\u00e7\u00e3o do Edital n\u00ba 53\/2025<\/a><\/li>\n\n\n\n<li><a rel=\"noreferrer noopener\" href=\"https:\/\/www.ifbaiano.edu.br\/unidades\/bonfim\/files\/2025\/11\/Retificacao-no-02-de-04.11.2025.pdf\" target=\"_blank\">2\u00aa Retifica\u00e7\u00e3o do Edital n\u00ba 53\/2025<\/a><\/li>\n\n\n\n<li><a href=\"https:\/\/www.ifbaiano.edu.br\/unidades\/bonfim\/files\/2025\/10\/Edital-de-Re-ficacao-no-57-de-14-de-outubro-de-2025-Subsequente.pdf\" data-type=\"URL\" data-id=\"https:\/\/www.ifbaiano.edu.br\/unidades\/bonfim\/files\/2025\/10\/Edital-de-Re-ficacao-no-57-de-14-de-outubro-de-2025-Subsequente.pdf\">Edital de Retifica\u00e7\u00e3o n\u00ba 57<\/a> (novo)<\/li>\n\n\n\n<li><a href=\"https:\/\/ingresso.ifbaiano.edu.br\/wp-content\/uploads\/2025\/08\/Edital-no-53-Cursos-Tecnicos-Subsequentes-Senhor-do-Bonfim.pdf\" data-type=\"URL\" data-id=\"https:\/\/ingresso.ifbaiano.edu.br\/wp-content\/uploads\/2025\/08\/Edital-no-53-Cursos-Tecnicos-Subsequentes-Senhor-do-Bonfim.pdf\">Edital N\u00b053 &#8211; Cursos T\u00e9cnicos Subsequente <\/a><\/li>\n<\/ul>\n","protected":false},"excerpt":{"rendered":"<p>APRESENTA\u00c7\u00c3O INSCRI\u00c7\u00d5ES O DIRETOR-GERAL DO INSTITUTO FEDERAL DE EDUCA\u00c7\u00c3O, CI\u00caNCIA E TECNOLOGIA BAIANO (IF BAIANO) CAMPUS SENHOR DO BONFIM, no uso de suas atribui\u00e7\u00f5es, , torna p\u00fablica a abertura de inscri\u00e7\u00f5es no processo de ingresso de estudantes de 2026 nos cursos da Educa\u00e7\u00e3o Profissional T\u00e9cnica de N\u00edvel M\u00e9dio (EPTNM) na forma Subsequente ao ensino m\u00e9dio, [&hellip;]<\/p>\n","protected":false},"author":158,"featured_media":0,"parent":0,"menu_order":0,"comment_status":"closed","ping_status":"closed","template":"","meta":[],"_links":{"self":[{"href":"https:\/\/www.ifbaiano.edu.br\/unidades\/bonfim\/wp-json\/wp\/v2\/pages\/22371"}],"collection":[{"href":"https:\/\/www.ifbaiano.edu.br\/unidades\/bonfim\/wp-json\/wp\/v2\/pages"}],"about":[{"href":"https:\/\/www.ifbaiano.edu.br\/unidades\/bonfim\/wp-json\/wp\/v2\/types\/page"}],"author":[{"embeddable":true,"href":"https:\/\/www.ifbaiano.edu.br\/unidades\/bonfim\/wp-json\/wp\/v2\/users\/158"}],"replies":[{"embeddable":true,"href":"https:\/\/www.ifbaiano.edu.br\/unidades\/bonfim\/wp-json\/wp\/v2\/comments?post=22371"}],"version-history":[{"count":37,"href":"https:\/\/www.ifbaiano.edu.br\/unidades\/bonfim\/wp-json\/wp\/v2\/pages\/22371\/revisions"}],"predecessor-version":[{"id":23589,"href":"https:\/\/www.ifbaiano.edu.br\/unidades\/bonfim\/wp-json\/wp\/v2\/pages\/22371\/revisions\/23589"}],"wp:attachment":[{"href":"https:\/\/www.ifbaiano.edu.br\/unidades\/bonfim\/wp-json\/wp\/v2\/media?parent=22371"}],"curies":[{"name":"wp","href":"https:\/\/api.w.org\/{rel}","templated":true}]}}