{"id":23484,"date":"2026-02-25T13:07:37","date_gmt":"2026-02-25T16:07:37","guid":{"rendered":"https:\/\/www.ifbaiano.edu.br\/unidades\/bonfim\/?page_id=23484"},"modified":"2026-02-25T13:12:36","modified_gmt":"2026-02-25T16:12:36","slug":"referencia-2026-dispensa-eletronica","status":"publish","type":"page","link":"https:\/\/www.ifbaiano.edu.br\/unidades\/bonfim\/referencia-2026-dispensa-eletronica\/","title":{"rendered":"Refer\u00eancia 2026 \u2013 Dispensa Eletr\u00f4nica"},"content":{"rendered":"\n<p>Torna-se p\u00fablico que o que o Instuto Federal de Educa\u00e7\u00e3o, Ci\u00eancia e Tecnologia Baiano Campus Senhor do Bonfim, por meio do Setor de licita\u00e7\u00f5es, localizado na Estrada da Igara \u2013 Km 04 \u2013 Zona Rural \u2013 CEP: 48970.000 \u2013 Senhor do Bonfim \u2013 BA, realizar\u00e1 Dispensa Eletr\u00f4nica, com crit\u00e9rio de julgamento menor pre\u00e7o, na hip\u00f3tese do art. 75, inciso II, nos termos da Lei n\u00ba 14.133, de 1\u00ba de abril de 2021, da Instru\u00e7\u00e3o Normava SEGES\/ME n\u00ba 67\/2021 e demais legisla\u00e7\u00e3o aplic\u00e1vel.<\/p>\n\n\n\n<hr class=\"wp-block-separator has-alpha-channel-opacity\" \/>\n\n\n\n<p style=\"font-size:17px\"><a href=\"https:\/\/www.ifbaiano.edu.br\/unidades\/bonfim\/chamada-contratacao-de-empresa-para-fornecer-agua-mineral-natural-sem-gas-para-o-if-baiano-campus-senhor-do-bonfim\/\" data-type=\"URL\" data-id=\"https:\/\/www.ifbaiano.edu.br\/unidades\/bonfim\/chamada-contratacao-de-empresa-para-fornecer-agua-mineral-natural-sem-gas-para-o-if-baiano-campus-senhor-do-bonfim\/\">AVISO DE CONTRATA\u00c7\u00c3O DIRETA N\u00b0245\/2026<\/a><\/p>\n","protected":false},"excerpt":{"rendered":"<p>Torna-se p\u00fablico que o que o Instuto Federal de Educa\u00e7\u00e3o, Ci\u00eancia e Tecnologia Baiano Campus Senhor do Bonfim, por meio do Setor de licita\u00e7\u00f5es, localizado na Estrada da Igara \u2013 Km 04 \u2013 Zona Rural \u2013 CEP: 48970.000 \u2013 Senhor do Bonfim \u2013 BA, realizar\u00e1 Dispensa Eletr\u00f4nica, com crit\u00e9rio de julgamento menor pre\u00e7o, na hip\u00f3tese [&hellip;]<\/p>\n","protected":false},"author":158,"featured_media":0,"parent":0,"menu_order":0,"comment_status":"closed","ping_status":"closed","template":"","meta":[],"_links":{"self":[{"href":"https:\/\/www.ifbaiano.edu.br\/unidades\/bonfim\/wp-json\/wp\/v2\/pages\/23484"}],"collection":[{"href":"https:\/\/www.ifbaiano.edu.br\/unidades\/bonfim\/wp-json\/wp\/v2\/pages"}],"about":[{"href":"https:\/\/www.ifbaiano.edu.br\/unidades\/bonfim\/wp-json\/wp\/v2\/types\/page"}],"author":[{"embeddable":true,"href":"https:\/\/www.ifbaiano.edu.br\/unidades\/bonfim\/wp-json\/wp\/v2\/users\/158"}],"replies":[{"embeddable":true,"href":"https:\/\/www.ifbaiano.edu.br\/unidades\/bonfim\/wp-json\/wp\/v2\/comments?post=23484"}],"version-history":[{"count":3,"href":"https:\/\/www.ifbaiano.edu.br\/unidades\/bonfim\/wp-json\/wp\/v2\/pages\/23484\/revisions"}],"predecessor-version":[{"id":23492,"href":"https:\/\/www.ifbaiano.edu.br\/unidades\/bonfim\/wp-json\/wp\/v2\/pages\/23484\/revisions\/23492"}],"wp:attachment":[{"href":"https:\/\/www.ifbaiano.edu.br\/unidades\/bonfim\/wp-json\/wp\/v2\/media?parent=23484"}],"curies":[{"name":"wp","href":"https:\/\/api.w.org\/{rel}","templated":true}]}}